000
CXUS54 KJAN 241200
CF6HEZ
PRELIMINARY LOCAL CLIMATOLOGICAL DATA (WS FORM: F-6)

                                          STATION:   NATCHEZ
                                          MONTH:     JUNE
                                          YEAR:      2017
                                          LATITUDE:   31 37 N
                                          LONGITUDE:  91 15 W

  TEMPERATURE IN F:       :PCPN:    SNOW:  WIND      :SUNSHINE: SKY     :PK WND
================================================================================
1   2   3   4   5  6A  6B    7    8   9   10  11  12  13   14  15   16   17  18
                                     12Z  AVG MX 2MIN
DY MAX MIN AVG DEP HDD CDD  WTR  SNW DPTH SPD SPD DIR MIN PSBL S-S WX    SPD DR
================================================================================

 1   M   M   M   M   M   M 0.40    M    0  4.7  7 170   M    M   6 13      M  M
 2  84  69  77   M   0  12 0.02  0.0    M  4.5 10 350   M    M   7 1       M  M
 3  81  69  75   M   0  10 1.01  0.0    0  4.3  9 150   M    M   8 13      M  M
 4  84  69  77   M   0  12 0.09  0.0    0  7.3 13 150   M    M   6 3      32 250
 5  85  69  77   M   0  12 0.09  0.0    0  4.3  8 280   M    M   6 18      M  M
 6  81  69  75   M   0  10 0.50  0.0    0  3.1  9 360   M    M   8 1       M  M
 7  81  64  73   M   0   8 0.01  0.0    0  7.7 16  10   M    M   2 1      24  10
 8  82  58  70   M   0   5 0.00  0.0    0  3.3 12  10   M    M   0        16  10
 9  82  59  71   M   0   6 0.00  0.0    0  2.1  7  30   M    M   1         M  M
10  88  63  76   M   0  11 0.00  0.0    0  4.2 10 150   M    M   2         M  M
11  89  64  77   M   0  12 0.49  0.0    0  6.4 15 160   M    M   4 13     33 170
12  88  73  81   M   0  16 0.23  0.0    0  7.2 12 170   M    M   4 138     M  M
13  87  71  79   M   0  14 0.08  0.0    0  5.4  8 170   M    M   4 3       M  M
14  90  71  81   M   0  16 0.07  0.0    0  4.3  9 170   M    M   2         M  M
15  90  73  82   M   0  17 0.00  0.0    0  4.9 12 240   M    M   3 1       M  M
16  90  76  83   M   0  18 0.00  0.0    0  5.8 12 260   M    M   2        18 100
17  89  72  81   M   0  16 0.00  0.0    0  7.1 12 200   M    M   5        18 240
18  91  75  83   M   0  18    T  0.0    0  6.6 13 170   M    M   5         M  M
19  88  71  80   M   0  15 0.10  0.0    0  3.8  8 160   M    M   4 13      M  M
20  82  72  77   M   0  12 0.01  0.0    0  6.6 13  70   M    M   6 1      17  70
21   M   M   M   M   M   M 0.87    M    0 10.4 17  70   M    M   9 1      23  70
22  86  75  81   M   0  16 0.75  0.0    0 13.8 20 140   M    M   8 1      36 210
23  83  72  78   M   0  13 0.90  0.0    0  7.4 12 180   M    M   8 13     17 190
================================================================================
SM 1801 1454         0 269  5.62     0.0 135.2          M      110
================================================================================
AV 85.8 69.2                               5.9 FASTST   M    M   5    MAX(MPH)
                                 MISC ---->  # 20 140               # 36  210
================================================================================
NOTES:
# LAST OF SEVERAL OCCURRENCES

COLUMN 17 PEAK WIND IN M.P.H.

PRELIMINARY LOCAL CLIMATOLOGICAL DATA (WS FORM: F-6) , PAGE 2

                                          STATION:  NATCHEZ
                                          MONTH:    JUNE
                                          YEAR:     2017
                                          LATITUDE:   31 37 N
                                          LONGITUDE:  91 15 W

[TEMPERATURE DATA]      [PRECIPITATION DATA]       SYMBOLS USED IN COLUMN 16

AVERAGE MONTHLY: 77.5   TOTAL FOR MONTH:   5.62    1 = FOG OR MIST
DPTR FM NORMAL:     M   DPTR FM NORMAL:       M    2 = FOG REDUCING VISIBILITY
HIGHEST:    91 ON 18    GRTST 24HR  1.01 ON  3- 3      TO 1/4 MILE OR LESS
LOWEST:     58 ON  8                               3 = THUNDER
                        SNOW, ICE PELLETS, HAIL    4 = ICE PELLETS
                        TOTAL MONTH:   0.0 INCH    5 = HAIL
                        GRTST 24HR     0.0         6 = FREEZING RAIN OR DRIZZLE
                        GRTST DEPTH:   0           7 = DUSTSTORM OR SANDSTORM:
                                                       VSBY 1/2 MILE OR LESS
                                                   8 = SMOKE OR HAZE
[NO. OF DAYS WITH]      [WEATHER - DAYS WITH]      9 = BLOWING SNOW
                                                   X = TORNADO
MAX 32 OR BELOW:   0    0.01 INCH OR MORE:  16
MAX 90 OR ABOVE:   4    0.10 INCH OR MORE:   9
MIN 32 OR BELOW:   0    0.50 INCH OR MORE:   5
MIN  0 OR BELOW:   0    1.00 INCH OR MORE:   1

[HDD (BASE 65) ]
TOTAL THIS MO.     0    CLEAR  (SCALE 0-3)   6
DPTR FM NORMAL     M    PTCLDY (SCALE 4-7)  16
TOTAL FM JUL 1  1309    CLOUDY (SCALE 8-10)  1
DPTR FM NORMAL     M

[CDD (BASE 65) ]
TOTAL THIS MO.   269
DPTR FM NORMAL     M    [PRESSURE DATA]
TOTAL FM JAN 1   759    HIGHEST SLP M ON M
DPTR FM NORMAL     M    LOWEST  SLP M ON M

[REMARKS]
