000
CXUS56 KHNX 231146
CF6HJO
PRELIMINARY LOCAL CLIMATOLOGICAL DATA (WS FORM: F-6)

                                          STATION:   HANFORD CA AIRPORT
                                          MONTH:     APRIL
                                          YEAR:      2014
                                          LATITUDE:   36 19 N
                                          LONGITUDE: 119 38 W

  TEMPERATURE IN F:       :PCPN:    SNOW:  WIND      :SUNSHINE: SKY     :PK WND
================================================================================
1   2   3   4   5  6A  6B    7    8   9   10  11  12  13   14  15   16   17  18
                                     12Z  AVG MX 2MIN
DY MAX MIN AVG DEP HDD CDD  WTR  SNW DPTH SPD SPD DIR MIN PSBL S-S WX    SPD DR
================================================================================

 1  62  38  50  -8  15   0    T  0.0    0  6.2 21 210   M    M   6 12     25 200
 2  64  42  53  -5  12   0 0.00  0.0    0  6.1 16 320   M    M   5 8      20 310
 3  67  40  54  -4  11   0 0.00  0.0    0  4.0  9 180   M    M   0 18     12 140
 4  68  42  55  -3  10   0 0.00  0.0    0  7.7 22 320   M    M   4 8      29 320
 5  69  45  57  -1   8   0 0.00  0.0    0  8.1 16 320   M    M   2        23 320
 6  76  43  60   2   5   0 0.00  0.0    0  3.6 13 330   M    M   0 18     19 220
 7  86  49  68  10   0   3 0.00  0.0    0  2.3  9 130   M    M   0 18     11 190
 8  90  49  70  11   0   5 0.00  0.0    0  3.2  9 250   M    M   0 18     13 350
 9  88  51  70  11   0   5 0.00  0.0    0  4.2 17 190   M    M   0 8      21 150
10  88  55  72  13   0   7 0.00  0.0    0  4.7 12 300   M    M   0 8      18 330
11  89  58  74  15   0   9 0.00  0.0    0  5.7 16 320   M    M   0        20 320
12  82  55  69   9   0   4 0.00  0.0    0  8.4 15 330   M    M   0         M  M
13  78  52  65   5   0   0 0.00  0.0    0  7.4 14 320   M    M   0        18 320
14  88  50  69   9   0   4 0.00  0.0    0  4.5 12 230   M    M   0 18      M  M
15  89  53  71  11   0   6 0.00  0.0    0  7.2 16 340   M    M   0 8      20 330
16  87  49  68   7   0   3 0.00  0.0    0  8.4 16 320   M    M   0 18     20 320
17  86  51  69   8   0   4 0.00  0.0    0  4.5 18 320   M    M   0 8      23 320
18  83  59  71  10   0   6 0.00  0.0    0 10.2 20 320   M    M   0 8      24 320
19  85  53  69   8   0   4 0.00  0.0    0  8.8 17 330   M    M   0 8      21 330
20  83  47  65   3   0   0 0.00  0.0    0  5.8 15 330   M    M   0        19 320
21  85  50  68   6   0   3 0.00  0.0    0  4.6 22 320   M    M   0 18     27 310
22  71  54  63   1   2   0    T  0.0    0 15.3 25 320   M    M   1 8      31 320
================================================================================
SM 1764 1085        63  63    T      0.0 140.9          M       18
================================================================================
AV 80.2 49.3                               6.4 FASTST   M    M   1    MAX(MPH)
                                 MISC ---->  # 25 320               # 31  320
================================================================================
NOTES:
# LAST OF SEVERAL OCCURRENCES

COLUMN 17 PEAK WIND IN M.P.H.

PRELIMINARY LOCAL CLIMATOLOGICAL DATA (WS FORM: F-6) , PAGE 2

                                          STATION:  HANFORD CA AIRPORT
                                          MONTH:    APRIL
                                          YEAR:     2014
                                          LATITUDE:   36 19 N
                                          LONGITUDE: 119 38 W

[TEMPERATURE DATA]      [PRECIPITATION DATA]       SYMBOLS USED IN COLUMN 16

AVERAGE MONTHLY: 64.8   TOTAL FOR MONTH:      T    1 = FOG OR MIST
DPTR FM NORMAL:   5.1   DPTR FM NORMAL:   -0.58    2 = FOG REDUCING VISIBILITY
HIGHEST:    90 ON  8    GRTST 24HR    T  ON 22-22      TO 1/4 MILE OR LESS
LOWEST:     38 ON  1                               3 = THUNDER
                        SNOW, ICE PELLETS, HAIL    4 = ICE PELLETS
                        TOTAL MONTH:   0.0 INCH    5 = HAIL
                        GRTST 24HR     0.0         6 = FREEZING RAIN OR DRIZZLE
                        GRTST DEPTH:   0           7 = DUSTSTORM OR SANDSTORM:
                                                       VSBY 1/2 MILE OR LESS
                                                   8 = SMOKE OR HAZE
[NO. OF DAYS WITH]      [WEATHER - DAYS WITH]      9 = BLOWING SNOW
                                                   X = TORNADO
MAX 32 OR BELOW:   0    0.01 INCH OR MORE:   0
MAX 90 OR ABOVE:   1    0.10 INCH OR MORE:   0
MIN 32 OR BELOW:   0    0.50 INCH OR MORE:   0
MIN  0 OR BELOW:   0    1.00 INCH OR MORE:   0

[HDD (BASE 65) ]
TOTAL THIS MO.    63    CLEAR  (SCALE 0-3)  19
DPTR FM NORMAL   -72    PTCLDY (SCALE 4-7)   3
TOTAL FM JUL 1  2015    CLOUDY (SCALE 8-10)  0
DPTR FM NORMAL  -575

[CDD (BASE 65) ]
TOTAL THIS MO.    63
DPTR FM NORMAL    46    [PRESSURE DATA]
TOTAL FM JAN 1    63    HIGHEST SLP M ON M
DPTR FM NORMAL    42    LOWEST  SLP 29.73 ON M

[REMARKS]
