000
CXUS52 KGSP 220817
CF6HKY
PRELIMINARY LOCAL CLIMATOLOGICAL DATA (WS FORM: F-6)

                                          STATION:   HICKORY NC
                                          MONTH:     OCTOBER
                                          YEAR:      2014
                                          LATITUDE:   35 45 N
                                          LONGITUDE:  81 23 W

  TEMPERATURE IN F:       :PCPN:    SNOW:  WIND      :SUNSHINE: SKY     :PK WND
================================================================================
1   2   3   4   5  6A  6B    7    8   9   10  11  12  13   14  15   16   17  18
                                     12Z  AVG MX 2MIN
DY MAX MIN AVG DEP HDD CDD  WTR  SNW DPTH SPD SPD DIR MIN PSBL S-S WX    SPD DR
================================================================================

 1  80  58  69   5   0   4 0.00    M    M  3.1  9 220   M    M   2 1      13 180
 2  83  59  71   7   0   6 0.00    M    M  2.4 10 200   M    M   2 18     14 230
 3  72  61  67   4   0   2 0.45    M    M  5.9 16 220   M    M   4 1      21 220
 4  65  45  55  -8  10   0 0.00    M    M  6.9 15 300   M    M   1 1      22 270
 5  63  37  50 -13  15   0 0.00    M    M  3.5 13 190   M    M   0 1      18 210
 6  73  42  58  -4   7   0 0.01    M    M  4.9 22 200   M    M   2        32 200
 7  73  54  64   2   1   0 0.04    M    M  6.3 17 220   M    M   6 1      25 210
 8  82  59  71   9   0   6 0.01    M    M  6.0 20 260   M    M   1        28 290
 9  78  52  65   4   0   0 0.00    M    M  2.6 12 230   M    M   0        17 220
10  82  57  70   9   0   5 0.05    M    M  5.3 21 210   M    M   3 123    30 200
11  80  60  70   9   0   5 0.98    M    M  3.2 15  70   M    M   7 123    22  70
12  63  54  59  -1   6   0 0.10    M    M  6.7 14  70   M    M  10 1      20  60
13   M   M   M   M   M   M 0.46    M    M  3.2  5 360   M    M  10 1       M  M
14  74  62  68   8   0   3 0.38    M    M  5.9 13 200   M    M  10 13     21 180
15  70  54  62   2   3   0 0.03    M    M  5.6 15 200   M    M   7 1      22 210
16  67  50  59   0   6   0    T    M    M  4.2 14 280   M    M   6        19 270
17  71  45  58  -1   7   0 0.00    M    M  3.2 14 190   M    M   0        20 190
18  70  52  61   2   4   0 0.00    M    M  7.3 17 300   M    M   2        25 300
19  69  45  57  -1   8   0 0.00    M    M  3.1 15 340   M    M   0 1      25 360
20  68  41  55  -3  10   0 0.02    M    M  4.3 16 210   M    M   2 1      22 170
21  70  48  59   1   6   0 0.00    M    M  5.9 16 310   M    M   2 1      23 290
================================================================================
SM 1453 1035        83  31  2.53    M     99.5          M       77
================================================================================
AV 72.7 51.8                               4.7 FASTST   M    M   4    MAX(MPH)
                                 MISC ---->  # 22 200               # 32  200
================================================================================
NOTES:
# LAST OF SEVERAL OCCURRENCES

COLUMN 17 PEAK WIND IN M.P.H.

PRELIMINARY LOCAL CLIMATOLOGICAL DATA (WS FORM: F-6) , PAGE 2

                                          STATION:  HICKORY NC
                                          MONTH:    OCTOBER
                                          YEAR:     2014
                                          LATITUDE:   35 45 N
                                          LONGITUDE:  81 23 W

[TEMPERATURE DATA]      [PRECIPITATION DATA]       SYMBOLS USED IN COLUMN 16

AVERAGE MONTHLY: 62.2   TOTAL FOR MONTH:   2.53    1 = FOG OR MIST
DPTR FM NORMAL:   1.4   DPTR FM NORMAL:    0.04    2 = FOG REDUCING VISIBILITY
HIGHEST:    83 ON  2    GRTST 24HR  1.08 ON 11-12      TO 1/4 MILE OR LESS
LOWEST:     37 ON  5                               3 = THUNDER
                        SNOW, ICE PELLETS, HAIL    4 = ICE PELLETS
                        TOTAL MONTH:    M          5 = HAIL
                        GRTST 24HR    M  ON   M    6 = FREEZING RAIN OR DRIZZLE
                        GRTST DEPTH:  M  ON   M    7 = DUSTSTORM OR SANDSTORM:
                                                       VSBY 1/2 MILE OR LESS
                                                   8 = SMOKE OR HAZE
[NO. OF DAYS WITH]      [WEATHER - DAYS WITH]      9 = BLOWING SNOW
                                                   X = TORNADO
MAX 32 OR BELOW:   0    0.01 INCH OR MORE:  11
MAX 90 OR ABOVE:   0    0.10 INCH OR MORE:   5
MIN 32 OR BELOW:   0    0.50 INCH OR MORE:   1
MIN  0 OR BELOW:   0    1.00 INCH OR MORE:   0

[HDD (BASE 65) ]
TOTAL THIS MO.    83    CLEAR  (SCALE 0-3)  12
DPTR FM NORMAL   -30    PTCLDY (SCALE 4-7)   6
TOTAL FM JUL 1    97    CLOUDY (SCALE 8-10)  3
DPTR FM NORMAL   -46

[CDD (BASE 65) ]
TOTAL THIS MO.    31
DPTR FM NORMAL     5    [PRESSURE DATA]
TOTAL FM JAN 1  1388    HIGHEST SLP M ON M
DPTR FM NORMAL    29    LOWEST  SLP 29.73 ON 14

[REMARKS]
