000
CXUS52 KGSP 280817
CF6HKY
PRELIMINARY LOCAL CLIMATOLOGICAL DATA (WS FORM: F-6)

                                          STATION:   HICKORY NC
                                          MONTH:     JULY
                                          YEAR:      2016
                                          LATITUDE:   35 45 N
                                          LONGITUDE:  81 23 W

  TEMPERATURE IN F:       :PCPN:    SNOW:  WIND      :SUNSHINE: SKY     :PK WND
================================================================================
1   2   3   4   5  6A  6B    7    8   9   10  11  12  13   14  15   16   17  18
                                     12Z  AVG MX 2MIN
DY MAX MIN AVG DEP HDD CDD  WTR  SNW DPTH SPD SPD DIR MIN PSBL S-S WX    SPD DR
================================================================================

 1  91  68  80   3   0  15 0.00    M    M  2.6 10 190   M    M   5 1      14 190
 2  90  68  79   2   0  14 0.22    M    M  4.1 10 300   M    M   5 13     14 270
 3  87  68  78   1   0  13 1.65    M    M  4.9 18  70   M    M   6 13     22  60
 4  89  68  79   2   0  14 0.29    M    M  2.2 12 230   M    M   6 13     18 240
 5  91  72  82   4   0  17 1.01    M    M  4.0 21 270   M    M   1 123    39 350
 6  91  69  80   2   0  15    T    M    M  5.8 23 290   M    M   1 3      33 290
 7  87  68  78   0   0  13 0.00    M    M  4.4 17 220   M    M   1        23 220
 8  93  70  82   4   0  17 0.02    M    M  7.1 24 340   M    M   2 3      39 320
 9  90  68  79   1   0  14 0.00    M    M  4.7 14 290   M    M   1        19 290
10  89  69  79   1   0  14    T    M    M  2.7 16 250   M    M   1 3      20 260
11  90  68  79   1   0  14 0.28    M    M  2.2 17 320   M    M   3 13     24 320
12  87  67  77  -1   0  12 0.88    M    M  2.5 16 300   M    M   1 13     20 300
13  92  68  80   2   0  15 0.00    M    M  3.6 16 330   M    M   0 3      21 340
14  93  70  82   4   0  17 0.00    M    M  3.5 13  20   M    M   1        16  10
15  89  69  79   1   0  14    T    M    M  3.9 12 320   M    M   1        14 320
16  84  68  76  -2   0  11 2.40    M    M  2.6 26  40   M    M   5 123    36  10
17  88  68  78   0   0  13 0.00    M    M  3.2 16 210   M    M   5 12     23 210
18  90  69  80   2   0  15 0.00    M    M  2.5 13 230   M    M   1 3      18 230
19  92  71  82   4   0  17 0.00    M    M  3.2 14 280   M    M   0        19 300
20  90  68  79   1   0  14 0.03    M    M  3.0  9  60   M    M   1 1      13  50
21  89  70  80   2   0  15 0.00    M    M  2.1 12 190   M    M   2 13     17 200
22  91  69  80   2   0  15 0.28    M    M  2.1 13 150   M    M   0 13     19 170
23  93  70  82   4   0  17 0.00    M    M  3.0 13 200   M    M   1 3      18 210
24  93  72  83   5   0  18 0.00    M    M  1.2  8 220   M    M   0 1      10 180
25  95  73  84   6   0  19 0.00    M    M  3.4 16 250   M    M   2 1      20 260
26  94  72  83   5   0  18 0.00    M    M  2.6 10 300   M    M   1 3      14 280
27  95  74  85   7   0  20 0.00    M    M  3.6 13 250   M    M   1        17 250
================================================================================
SM 2443 1874         0 410  7.06    M     90.7          M       54
================================================================================
AV 90.5 69.4                               3.4 FASTST   M    M   2    MAX(MPH)
                                 MISC ---->  # 26  40               # 39  350
================================================================================
NOTES:
# LAST OF SEVERAL OCCURRENCES

COLUMN 17 PEAK WIND IN M.P.H.

PRELIMINARY LOCAL CLIMATOLOGICAL DATA (WS FORM: F-6) , PAGE 2

                                          STATION:  HICKORY NC
                                          MONTH:    JULY
                                          YEAR:     2016
                                          LATITUDE:   35 45 N
                                          LONGITUDE:  81 23 W

[TEMPERATURE DATA]      [PRECIPITATION DATA]       SYMBOLS USED IN COLUMN 16

AVERAGE MONTHLY: 79.9   TOTAL FOR MONTH:   7.06    1 = FOG OR MIST
DPTR FM NORMAL:   2.1   DPTR FM NORMAL:    3.20    2 = FOG REDUCING VISIBILITY
HIGHEST:    95 ON 27,25 GRTST 24HR  2.40 ON 16-16      TO 1/4 MILE OR LESS
LOWEST:     67 ON 12                               3 = THUNDER
                        SNOW, ICE PELLETS, HAIL    4 = ICE PELLETS
                        TOTAL MONTH:    M          5 = HAIL
                        GRTST 24HR    M  ON   M    6 = FREEZING RAIN OR DRIZZLE
                        GRTST DEPTH:  M  ON   M    7 = DUSTSTORM OR SANDSTORM:
                                                       VSBY 1/2 MILE OR LESS
                                                   8 = SMOKE OR HAZE
[NO. OF DAYS WITH]      [WEATHER - DAYS WITH]      9 = BLOWING SNOW
                                                   X = TORNADO
MAX 32 OR BELOW:   0    0.01 INCH OR MORE:  10
MAX 90 OR ABOVE:  18    0.10 INCH OR MORE:   8
MIN 32 OR BELOW:   0    0.50 INCH OR MORE:   4
MIN  0 OR BELOW:   0    1.00 INCH OR MORE:   3

[HDD (BASE 65) ]
TOTAL THIS MO.     0    CLEAR  (SCALE 0-3)  20
DPTR FM NORMAL     0    PTCLDY (SCALE 4-7)   7
TOTAL FM JUL 1     0    CLOUDY (SCALE 8-10)  0
DPTR FM NORMAL     0

[CDD (BASE 65) ]
TOTAL THIS MO.   410
DPTR FM NORMAL    65    [PRESSURE DATA]
TOTAL FM JAN 1   926    HIGHEST SLP M ON M
DPTR FM NORMAL   160    LOWEST  SLP 29.86 ON M

[REMARKS]
