000
CXUS56 KTFX 311205
CF6HLN
PRELIMINARY LOCAL CLIMATOLOGICAL DATA (WS FORM: F-6)

                                          STATION:   HELENA MT
                                          MONTH:     JULY
                                          YEAR:      2014
                                          LATITUDE:   46 35 N
                                          LONGITUDE: 112  0 W

  TEMPERATURE IN F:       :PCPN:    SNOW:  WIND      :SUNSHINE: SKY     :PK WND
================================================================================
1   2   3   4   5  6A  6B    7    8   9   10  11  12  13   14  15   16   17  18
                                     12Z  AVG MX 2MIN
DY MAX MIN AVG DEP HDD CDD  WTR  SNW DPTH SPD SPD DIR MIN PSBL S-S WX    SPD DR
================================================================================

 1  81  49  65  -2   0   0 0.00  0.0    0  4.7 15  50   M    M   0        21  50
 2  90  51  71   4   0   6 0.00  0.0    0  4.6 15 100   M    M   0        20  60
 3  93  60  77  10   0  12 0.09  0.0    0  5.2 20 270   M    M   1 3      25 270
 4  87  57  72   4   0   7    T  0.0    0  3.8 21 310   M    M   0        32  20
 5  92  57  75   7   0  10 0.00  0.0    0  7.5 21 310   M    M   0        30 300
 6  94  56  75   7   0  10 0.00  0.0    0  8.1 24 270   M    M   0        30 300
 7  84  62  73   5   0   8 0.00  0.0    0  7.9 16 320   M    M   2        21 360
 8  91  55  73   4   0   8 0.00  0.0    0  5.7 13 270   M    M   0        16 270
 9  95  59  77   8   0  12 0.00  0.0    0  5.8 20 300   M    M   0        26 320
10  94  57  76   7   0  11 0.00  0.0    0  5.5 24 240   M    M   0        30 240
11  84  63  74   4   0   9 0.00  0.0    0  9.1 23 310   M    M   2        25 310
12  92  60  76   6   0  11 0.00  0.0    0  5.0 12  40   M    M   0        17 320
13  96  61  79   9   0  14 0.00  0.0    0  3.9 15  40   M    M   0        18  40
14  89  63  76   6   0  11 0.02  0.0    0  7.9 20 350   M    M   0 3      25 350
15  73  56  65  -5   0   0 0.36  0.0    0  5.1 24 350   M    M   7 13     30 350
16  86  53  70   0   0   5 0.00  0.0    0  3.2 12  90   M    M   2        15  90
17  94  57  76   5   0  11 0.00  0.0    0  6.2 21 270   M    M   0        24 270
18  81  59  70  -1   0   5 0.00  0.0    0  3.6 18  10   M    M   1 8      22 360
19  89  59  74   3   0   9 0.00  0.0    0 11.0 25 290   M    M   3 8      36 250
20  93  59  76   5   0  11 0.00  0.0    0  9.7 23 280   M    M   0        30 280
21  87  60  74   3   0   9 0.02  0.0    0  6.4 20 300   M    M   5 3      24 300
22  85  62  74   3   0   9 0.05  0.0    0  5.1 16 140   M    M   5 3      23 180
23  91  59  75   3   0  10 0.02  0.0    0  7.9 28 250   M    M   0 3      37 250
24  79  58  69  -3   0   4 0.00  0.0    0 14.0 36 300   M    M   0        45 280
25  82  53  68  -4   0   3 0.00  0.0    0 12.0 25 300   M    M   0        33 290
26  87  54  71  -1   0   6 0.00  0.0    0  7.4 22 300   M    M   0        28 300
27  92  51  72   0   0   7 0.00  0.0    0  5.0 14 110   M    M   0        17 110
28  95  57  76   4   0  11 0.00  0.0    0  4.0 15 100   M    M   0        20  80
29  94  61  78   6   0  13 0.00  0.0    0  3.0 17  80   M    M   1        28  30
30  92  58  75   3   0  10    T  0.0    0  5.0 15 210   M    M   1 3      21  70
================================================================================
SM 2662 1726         0 252  0.56     0.0 193.3          M       30
================================================================================
AV 88.7 57.5                               6.4 FASTST   M    M   1    MAX(MPH)
                                 MISC ---->  # 36 300               # 45  280
================================================================================
NOTES:
# LAST OF SEVERAL OCCURRENCES

COLUMN 17 PEAK WIND IN M.P.H.

PRELIMINARY LOCAL CLIMATOLOGICAL DATA (WS FORM: F-6) , PAGE 2

                                          STATION:  HELENA MT
                                          MONTH:    JULY
                                          YEAR:     2014
                                          LATITUDE:   46 35 N
                                          LONGITUDE: 112  0 W

[TEMPERATURE DATA]      [PRECIPITATION DATA]       SYMBOLS USED IN COLUMN 16

AVERAGE MONTHLY: 73.1   TOTAL FOR MONTH:   0.56    1 = FOG OR MIST
DPTR FM NORMAL:   3.1   DPTR FM NORMAL:   -0.59    2 = FOG REDUCING VISIBILITY
HIGHEST:    96 ON 13    GRTST 24HR  0.38 ON 14-15      TO 1/4 MILE OR LESS
LOWEST:     49 ON  1                               3 = THUNDER
                        SNOW, ICE PELLETS, HAIL    4 = ICE PELLETS
                        TOTAL MONTH:   0.0 INCH    5 = HAIL
                        GRTST 24HR     0.0         6 = FREEZING RAIN OR DRIZZLE
                        GRTST DEPTH:   0           7 = DUSTSTORM OR SANDSTORM:
                                                       VSBY 1/2 MILE OR LESS
                                                   8 = SMOKE OR HAZE
[NO. OF DAYS WITH]      [WEATHER - DAYS WITH]      9 = BLOWING SNOW
                                                   X = TORNADO
MAX 32 OR BELOW:   0    0.01 INCH OR MORE:   6
MAX 90 OR ABOVE:  16    0.10 INCH OR MORE:   1
MIN 32 OR BELOW:   0    0.50 INCH OR MORE:   0
MIN  0 OR BELOW:   0    1.00 INCH OR MORE:   0

[HDD (BASE 65) ]
TOTAL THIS MO.     0    CLEAR  (SCALE 0-3)  27
DPTR FM NORMAL   -26    PTCLDY (SCALE 4-7)   3
TOTAL FM JUL 1     0    CLOUDY (SCALE 8-10)  0
DPTR FM NORMAL   -26

[CDD (BASE 65) ]
TOTAL THIS MO.   252
DPTR FM NORMAL    74    [PRESSURE DATA]
TOTAL FM JAN 1   259    HIGHEST SLP M ON M
DPTR FM NORMAL    24    LOWEST  SLP 29.66 ON 20

[REMARKS]
