000
CXHW50 PHFO 011250
CF6HNL
PRELIMINARY LOCAL CLIMATOLOGICAL DATA (WS FORM: F-6)

                                          STATION:   HONOLULU HI
                                          MONTH:     FEBRUARY
                                          YEAR:      2015
                                          LATITUDE:   21 21 N
                                          LONGITUDE: 157 56 W

  TEMPERATURE IN F:       :PCPN:    SNOW:  WIND      :SUNSHINE: SKY     :PK WND
================================================================================
1   2   3   4   5  6A  6B    7    8   9   10  11  12  13   14  15   16   17  18
                                     12Z  AVG MX 2MIN
DY MAX MIN AVG DEP HDD CDD  WTR  SNW DPTH SPD SPD DIR MIN PSBL S-S WX    SPD DR
================================================================================

 1  83  68  76   3   0  11 0.00  0.0    0  5.8 17 120   M    M   5        22 120
 2  82  69  76   3   0  11 0.01  0.0    0 11.4 20 220   M    M   7        26 210
 3  83  76  80   7   0  15 0.07  0.0    0 14.4 25 240   M    M   8 18     31 230
 4  83  71  77   4   0  12 0.02  0.0    0 13.8 25 240   M    M   6        32 270
 5  83  67  75   2   0  10 0.01  0.0    0  9.2 25 250   M    M   6        35 260
 6  81  61  71  -2   0   6 0.01  0.0    0  8.6 22 260   M    M   4        29 240
 7  81  65  73   0   0   8 0.00  0.0    0  5.9 16 220   M    M   5        25 340
 8  80  60  70  -3   0   5 0.02  0.0    0  5.9 12 200   M    M   5        16 200
 9  83  74  79   6   0  14 0.01  0.0    0 14.3 21 230   M    M   5        26 200
10  82  71  77   4   0  12 0.06  0.0    0 12.7 24 260   M    M   6 1      31 260
11  82  68  75   2   0  10 0.01  0.0    0 10.6 23 240   M    M   6 8      29 320
12  78  66  72  -1   0   7 0.01  0.0    0  6.2 15 150   M    M   6        20 150
13  82  74  78   5   0  13 0.05  0.0    0 13.9 22 200   M    M   7 1      29 200
14  80  68  74   1   0   9 0.30  0.0    0 16.1 33 220   M    M   7 1      40 220
15  77  62  70  -3   0   5 0.02  0.0    0  6.8 13  80   M    M   2        17 200
16  79  63  71  -2   0   6 0.00  0.0    0  4.8 12 200   M    M   3        14 200
17  80  66  73   0   0   8 0.00  0.0    0  4.5 10 180   M    M   2 1      14 190
18  81  67  74   1   0   9 0.00  0.0    0  5.2 15 140   M    M   4 18     18 150
19  82  69  76   3   0  11 0.02  0.0    0  6.8 15 220   M    M   6 18     20 210
20  77  67  72  -1   0   7 0.16  0.0    0  7.5 21 350   M    M   7 1      26 350
21  81  65  73   0   0   8 0.00  0.0    0  7.9 14  50   M    M   3        22  20
22  81  66  74   1   0   9 0.00  0.0    0  5.2 15 160   M    M   4        18 170
23  86  70  78   5   0  13 0.00  0.0    0  7.7 16  70   M    M   4        21  30
24  84  69  77   4   0  12 0.00  0.0    0  9.0 18  60   M    M   4        24  30
25  83  72  78   5   0  13 0.00  0.0    0 11.1 21  50   M    M   6        28  60
26  82  71  77   4   0  12 0.00  0.0    0  5.7 14 220   M    M   6        16 230
27  84  71  78   5   0  13 0.08  0.0    0  4.6 15  50   M    M   7 8      25 350
28  82  71  77   4   0  12 0.00  0.0    0  9.4 17  30   M    M   7        26  20
================================================================================
SM 2282 1907         0 281  0.86     0.0 245.0          M      148
================================================================================
AV 81.5 68.1                               8.8 FASTST   M    M   5    MAX(MPH)
                                 MISC ---->  # 33 220               # 40  220
================================================================================
NOTES:
# LAST OF SEVERAL OCCURRENCES

COLUMN 17 PEAK WIND IN M.P.H.

PRELIMINARY LOCAL CLIMATOLOGICAL DATA (WS FORM: F-6) , PAGE 2

                                          STATION:  HONOLULU HI
                                          MONTH:    FEBRUARY
                                          YEAR:     2015
                                          LATITUDE:   21 21 N
                                          LONGITUDE: 157 56 W

[TEMPERATURE DATA]      [PRECIPITATION DATA]       SYMBOLS USED IN COLUMN 16

AVERAGE MONTHLY: 74.8   TOTAL FOR MONTH:   0.86    1 = FOG OR MIST
DPTR FM NORMAL:   1.7   DPTR FM NORMAL:   -1.13    2 = FOG REDUCING VISIBILITY
HIGHEST:    86 ON 23    GRTST 24HR  0.34 ON 13-14      TO 1/4 MILE OR LESS
LOWEST:     60 ON  8                               3 = THUNDER
                        SNOW, ICE PELLETS, HAIL    4 = ICE PELLETS
                        TOTAL MONTH:   0.0 INCH    5 = HAIL
                        GRTST 24HR     0.0         6 = FREEZING RAIN OR DRIZZLE
                        GRTST DEPTH:   0           7 = DUSTSTORM OR SANDSTORM:
                                                       VSBY 1/2 MILE OR LESS
                                                   8 = SMOKE OR HAZE
[NO. OF DAYS WITH]      [WEATHER - DAYS WITH]      9 = BLOWING SNOW
                                                   X = TORNADO
MAX 32 OR BELOW:   0    0.01 INCH OR MORE:  16
MAX 90 OR ABOVE:   0    0.10 INCH OR MORE:   2
MIN 32 OR BELOW:   0    0.50 INCH OR MORE:   0
MIN  0 OR BELOW:   0    1.00 INCH OR MORE:   0

[HDD (BASE 65) ]
TOTAL THIS MO.     0    CLEAR  (SCALE 0-3)   3
DPTR FM NORMAL     0    PTCLDY (SCALE 4-7)  25
TOTAL FM JUL 1     0    CLOUDY (SCALE 8-10)  0
DPTR FM NORMAL     0

[CDD (BASE 65) ]
TOTAL THIS MO.   281
DPTR FM NORMAL    53    [PRESSURE DATA]
TOTAL FM JAN 1   510    HIGHEST SLP 30.07 ON 24
DPTR FM NORMAL    28    LOWEST  SLP 29.64 ON 14

[REMARKS]
#FINAL-02-15#
