000
CXUS54 KMAF 301100
CF6HOB
PRELIMINARY LOCAL CLIMATOLOGICAL DATA (WS FORM: F-6)

                                          STATION:   Lea Airport, Hobbs
                                          MONTH:     MARCH
                                          YEAR:      2015
                                          LATITUDE:   32 40 N
                                          LONGITUDE: 103-12 E

  TEMPERATURE IN F:       :PCPN:    SNOW:  WIND      :SUNSHINE: SKY     :PK WND
================================================================================
1   2   3   4   5  6A  6B    7    8   9   10  11  12  13   14  15   16   17  18
                                     12Z  AVG MX 2MIN
DY MAX MIN AVG DEP HDD CDD  WTR  SNW DPTH SPD SPD DIR MIN PSBL S-S WX    SPD DR
================================================================================

 1   M   M   M   M   M   M 0.00  0.0    0  4.6 13  50   M    M  10 12      M  M
 2   M   M   M   M   M   M 0.00  0.0    0  8.5 14 160   M    M   9 1       M  M
 3   M   M   M   M   M   M 0.00  0.0    0  4.9 10 210   M    M   6 12      M  M
 4   M   M   M   M   M   M 0.00  0.0    0 13.1 28  10   M    M   9 16     33  10
 5  39  23  31   M  34   0 0.00  0.0    0  7.2 14  20   M    M   4 1       M  M
 6  55  23  39   M  26   0 0.00  0.0    0  5.9 12 140   M    M   0         M  M
 7  57  30  44   M  21   0 0.00  0.0    0  5.3 15 160   M    M   0        20 160
 8  68  32  50   M  15   0 0.00  0.0    0  4.0 10 120   M    M   2         M  M
 9  59  37  48   M  17   0 0.00  0.0    0  7.4 13  50   M    M   2        18  50
10   M   M   M   M   M   M 0.23    M    0  4.6 21 340   M    M   5 123    20 330
11  68  37  53   M  12   0 0.00  0.0    0  4.9 10 100   M    M   1         M  M
12  64  36  50   M  15   0 0.00  0.0    0  2.3  9 110   M    M   0         M  M
13  70  37  54   M  11   0 0.00  0.0    0  8.0 17  30   M    M   2        27  20
14  66  37  52   M  13   0 0.00  0.0    0 11.3 20  10   M    M   2        28  20
15  66  32  49   M  16   0 0.00  0.0    0  4.9  9 330   M    M   0         M  M
16  73  41  57   M   8   0 0.00  0.0    0  6.3 13 140   M    M   0        18 160
17  57  41  49   M  16   0 0.00  0.0    0 11.7 25  10   M    M   9 1      31  10
18   M   M   M   M   M   M 0.00  0.0    0  6.1 13 180   M    M   6         M  M
19   M   M   M   M   M   M 0.00  0.0    0  9.2 21  10   M    M   4 1      28  10
20   M   M   M   M   M   M 0.00  0.0    0  9.0 21  40   M    M   6 1      25  40
21   M   M   M   M   M   M 0.00  0.0    0  2.7  8  60   M    M   7 12      M  M
22  79  37  58   M   7   0 0.00  0.0    0  6.9 15 290   M    M   3 12     18 290
23  82  46  64   M   1   0 0.00  0.0    0 10.2 17 220   M    M   0        25 220
24  79  48  64   M   1   0 0.00  0.0    0  8.5 23 310   M    M   0        28 310
25  79  43  61   M   4   0 0.00  0.0    0 14.5 38  10   M    M   0 8      44  10
26   M   M   M   M   M   M 0.00  0.0    0  9.8 27  10   M    M   2        33  10
27  77  36  57   M   8   0 0.00  0.0    0  7.3 12 270   M    M   0        18 280
28  84  43  64   M   1   0 0.00  0.0    0  8.8 16 270   M    M   0        21 270
29  84  41  63   M   2   0 0.00  0.0    0 12.8 25 360   M    M   0        31 360
================================================================================
SM 1306  700       228   0  0.23     0.0 220.7          M       89
================================================================================
AV 68.7 36.8                               7.6 FASTST   M    M   3    MAX(MPH)
                                 MISC ---->  # 38  10                 44    M
================================================================================
NOTES:
# LAST OF SEVERAL OCCURRENCES

COLUMN 17 PEAK WIND IN M.P.H.

PRELIMINARY LOCAL CLIMATOLOGICAL DATA (WS FORM: F-6) , PAGE 2

                                          STATION:  Lea Airport, Hobbs
                                          MONTH:    MARCH
                                          YEAR:     2015
                                          LATITUDE:   32 40 N
                                          LONGITUDE: 103-12 E

[TEMPERATURE DATA]      [PRECIPITATION DATA]       SYMBOLS USED IN COLUMN 16

AVERAGE MONTHLY: 52.8   TOTAL FOR MONTH:   0.23    1 = FOG OR MIST
DPTR FM NORMAL:     M   DPTR FM NORMAL:       M    2 = FOG REDUCING VISIBILITY
HIGHEST:    84 ON 29,28 GRTST 24HR  0.23 ON 10-10      TO 1/4 MILE OR LESS
LOWEST:     23 ON  6, 5                            3 = THUNDER
                        SNOW, ICE PELLETS, HAIL    4 = ICE PELLETS
                        TOTAL MONTH:   0.0 INCH    5 = HAIL
                        GRTST 24HR     0.0         6 = FREEZING RAIN OR DRIZZLE
                        GRTST DEPTH:   0           7 = DUSTSTORM OR SANDSTORM:
                                                       VSBY 1/2 MILE OR LESS
                                                   8 = SMOKE OR HAZE
[NO. OF DAYS WITH]      [WEATHER - DAYS WITH]      9 = BLOWING SNOW
                                                   X = TORNADO
MAX 32 OR BELOW:   0    0.01 INCH OR MORE:   1
MAX 90 OR ABOVE:   0    0.10 INCH OR MORE:   1
MIN 32 OR BELOW:   5    0.50 INCH OR MORE:   0
MIN  0 OR BELOW:   0    1.00 INCH OR MORE:   0

[HDD (BASE 65) ]
TOTAL THIS MO.   228    CLEAR  (SCALE 0-3)  18
DPTR FM NORMAL     M    PTCLDY (SCALE 4-7)   7
TOTAL FM JUL 1  2011    CLOUDY (SCALE 8-10)  4
DPTR FM NORMAL     M

[CDD (BASE 65) ]
TOTAL THIS MO.     0
DPTR FM NORMAL     M    [PRESSURE DATA]
TOTAL FM JAN 1     0    HIGHEST SLP M ON M
DPTR FM NORMAL     M    LOWEST  SLP M ON M

[REMARKS]
