000
CXUS55 KFSD 270905
CF6HON
PRELIMINARY LOCAL CLIMATOLOGICAL DATA (WS FORM: F-6)

                                          STATION:   HURON
                                          MONTH:     MAY
                                          YEAR:      2017
                                          LATITUDE:   44 22 N
                                          LONGITUDE:  98 13 W

  TEMPERATURE IN F:       :PCPN:    SNOW:  WIND      :SUNSHINE: SKY     :PK WND
================================================================================
1   2   3   4   5  6A  6B    7    8   9   10  11  12  13   14  15   16   17  18
                                     12Z  AVG MX 2MIN
DY MAX MIN AVG DEP HDD CDD  WTR  SNW DPTH SPD SPD DIR MIN PSBL S-S WX    SPD DR
================================================================================

 1  64  40  52  -1  13   0 0.00  0.0    0 14.8 25  20   M    M   4        31  30
 2  66  30  48  -6  17   0 0.01  0.0    0  6.9 14 210   M    M   3 1      20 210
 3  68  40  54   0  11   0    T  0.0    0  8.5 25 340   M    M   6        35 290
 4  74  33  54   0  11   0 0.00  0.0    0  6.3 17 340   M    M   0        40 330
 5  85  39  62   7   3   0 0.00  0.0    0  8.1 20 360   M    M   1        23 280
 6  80  39  60   5   5   0 0.00  0.0    0  5.1 13 140   M    M   0        16 150
 7  87  50  69  14   0   4 0.00  0.0    0 16.0 25 160   M    M   0        34 160
 8  75  48  62   6   3   0    T  0.0    0 15.9 30 320   M    M   0        39 320
 9  68  40  54  -2  11   0 0.00  0.0    0  5.7 15  30   M    M   4        20  30
10  74  51  63   7   2   0 0.03  0.0    0  8.7 20 350   M    M   5 1      24  20
11  73  33  53  -4  12   0 0.00  0.0    0  6.6 17  20   M    M   0        20  20
12  83  47  65   8   0   0 0.00  0.0    0  9.8 18 260   M    M   0        23 250
13  83  53  68  11   0   3 0.00  0.0    0 14.7 26 190   M    M   0        35 190
14  88  57  73  15   0   8    T  0.0    0   M   M   M   M    M   0         M  M
15  79  52  66   8   0   1 0.28  0.0    0 11.5 31 360   M    M   2 1      41 360
16  80  59  70  12   0   5 0.01  0.0    0  9.8 20 300   M    M   2 13     25 290
17  61  50  56  -2   9   0 0.14  0.0    0 19.0 30 360   M    M   8 1      40  10
18  63  43  53  -6  12   0 0.06  0.0    0 14.7 25 360   M    M   6 1      33 360
19  56  47  52  -7  13   0 0.00  0.0    0 12.2 20  80   M    M   8        27  50
20  48  37  43 -16  22   0 0.58  0.0    0 12.7 20  30   M    M  10 1      25  40
21  68  37  53  -7  12   0 0.06  0.0    0 12.2 29 330   M    M   7        36 330
22  58  42  50 -10  15   0 0.15  0.0    0  9.1 22 290   M    M   5 1      26 290
23  56  37  47 -13  18   0    T  0.0    0 13.8 24 360   M    M   8        30 350
24  66  33  50 -11  15   0 0.00  0.0    0  9.2 20 150   M    M   3 1      27 150
25  71  51  61   0   4   0 0.02  0.0    0 13.2 30 170   M    M   1 8      42 170
26  75  49  62   1   3   0 0.00  0.0    0 10.4 23 320   M    M   1        31 310
================================================================================
SM 1849 1137       211  21  1.34     0.0 274.9          M       84
================================================================================
AV 71.1 43.7                              11.0 FASTST   M    M   3    MAX(MPH)
                                 MISC ---->  # 31 360               # 42  170
================================================================================
NOTES:
# LAST OF SEVERAL OCCURRENCES

COLUMN 17 PEAK WIND IN M.P.H.

PRELIMINARY LOCAL CLIMATOLOGICAL DATA (WS FORM: F-6) , PAGE 2

                                          STATION:  HURON
                                          MONTH:    MAY
                                          YEAR:     2017
                                          LATITUDE:   44 22 N
                                          LONGITUDE:  98 13 W

[TEMPERATURE DATA]      [PRECIPITATION DATA]       SYMBOLS USED IN COLUMN 16

AVERAGE MONTHLY: 57.4   TOTAL FOR MONTH:   1.34    1 = FOG OR MIST
DPTR FM NORMAL:   0.1   DPTR FM NORMAL:   -1.21    2 = FOG REDUCING VISIBILITY
HIGHEST:    88 ON 14    GRTST 24HR  0.58 ON 20-20      TO 1/4 MILE OR LESS
LOWEST:     30 ON  2                               3 = THUNDER
                        SNOW, ICE PELLETS, HAIL    4 = ICE PELLETS
                        TOTAL MONTH:   0.0 INCH    5 = HAIL
                        GRTST 24HR     0.0         6 = FREEZING RAIN OR DRIZZLE
                        GRTST DEPTH:   0           7 = DUSTSTORM OR SANDSTORM:
                                                       VSBY 1/2 MILE OR LESS
                                                   8 = SMOKE OR HAZE
[NO. OF DAYS WITH]      [WEATHER - DAYS WITH]      9 = BLOWING SNOW
                                                   X = TORNADO
MAX 32 OR BELOW:   0    0.01 INCH OR MORE:  10
MAX 90 OR ABOVE:   0    0.10 INCH OR MORE:   4
MIN 32 OR BELOW:   1    0.50 INCH OR MORE:   1
MIN  0 OR BELOW:   0    1.00 INCH OR MORE:   0

[HDD (BASE 65) ]
TOTAL THIS MO.   211    CLEAR  (SCALE 0-3)  15
DPTR FM NORMAL   -10    PTCLDY (SCALE 4-7)   9
TOTAL FM JUL 1  6850    CLOUDY (SCALE 8-10)  2
DPTR FM NORMAL  -749

[CDD (BASE 65) ]
TOTAL THIS MO.    21
DPTR FM NORMAL    -2    [PRESSURE DATA]
TOTAL FM JAN 1    21    HIGHEST SLP M ON M
DPTR FM NORMAL    -6    LOWEST  SLP 29.38 ON 17

[REMARKS]
