000
CXUS54 KHGX 261515
CF6HOU
PRELIMINARY LOCAL CLIMATOLOGICAL DATA (WS FORM: F-6)

                                          STATION:   HOUSTON/HOBBY AIRPORT
                                          MONTH:     FEBRUARY
                                          YEAR:      2017
                                          LATITUDE:   29 38 N
                                          LONGITUDE:  95 17 W

  TEMPERATURE IN F:       :PCPN:    SNOW:  WIND      :SUNSHINE: SKY     :PK WND
================================================================================
1   2   3   4   5  6A  6B    7    8   9   10  11  12  13   14  15   16   17  18
                                     12Z  AVG MX 2MIN
DY MAX MIN AVG DEP HDD CDD  WTR  SNW DPTH SPD SPD DIR MIN PSBL S-S WX    SPD DR
================================================================================

 1  81  58  70  15   0   5 0.00  0.0    0  8.7 20 180   M    M   3 1      25 170
 2  77  56  67  12   0   2 0.00  0.0    0  8.3 16 310   M    M   6 12     22 280
 3  63  51  57   2   8   0 0.00  0.0    0 12.4 20  10   M    M   8        23  40
 4  65  49  57   2   8   0    T    M    0  9.7 17  70   M    M  10        22  70
 5  78  65  72  16   0   7    T  0.0    0 10.2 20 170   M    M   9 1      27 180
 6  80  68  74  18   0   9 0.00  0.0    0 10.8 20 160   M    M   9        26 160
 7  85  66  76  20   0  11 0.00  0.0    0 10.8 23 250   M    M   8 1      27 250
 8  86  63  75  19   0  10 0.00  0.0    0 12.3 25 360   M    M   7 1      31  10
 9  71  51  61   5   4   0 0.00  0.0    0  9.4 20 360   M    M   4        26 360
10  74  51  63   7   2   0    T  0.0    0  8.9 17 150   M    M   7        23 140
11  83  71  77  21   0  12    T  0.0    0 12.6 22 180   M    M   8        29 180
12  85  69  77  20   0  12 0.00  0.0    0  7.8 16 160   M    M   7 1      22 180
13  74  65  70  13   0   5    T  0.0    0  9.0 18 110   M    M   9 1      23 110
14  70  52  61   4   4   0 0.89  0.0    0 13.5 26 240   M    M   9 13     38 220
15  64  48  56  -1   9   0 0.00  0.0    0 13.0 25 330   M    M   6        34 330
16  67  43  55  -2  10   0 0.00  0.0    0  3.8 14 180   M    M   4        18 190
17  66  50  58   0   7   0 0.22  0.0    0  5.8 14 120   M    M   7 13     20 120
18  83  58  71  13   0   6 0.00  0.0    0  7.3 17 160   M    M   7 12     23 170
19  80  68  74  16   0   9 0.01  0.0    0  9.8 23 160   M    M  10 1      30 160
20  72  57  65   7   0   0 0.93  0.0    0  8.8 32 320   M    M   9 1      41 320
21  77  56  67   9   0   2 0.00  0.0    0  8.9 22 340   M    M   4 12     32 340
22  83  52  68   9   0   3 0.00  0.0    0  5.1 10 180   M    M   0        15 270
23  80  54  67   8   0   2 0.00  0.0    0  7.9 16 150   M    M   0 1      23 170
24  84  59  72  13   0   7 0.00  0.0    0 11.0 23 330   M    M   5        30 360
25  70  50  60   1   5   0 0.00  0.0    0  9.9 21  20   M    M   1        28  30
================================================================================
SM 1898 1430        57 102  2.05     0.0 235.7          M      157
================================================================================
AV 75.9 57.2                               9.4 FASTST   M    M   6    MAX(MPH)
                                 MISC ---->  # 32 320               # 41  320
================================================================================
NOTES:
# LAST OF SEVERAL OCCURRENCES

COLUMN 17 PEAK WIND IN M.P.H.

PRELIMINARY LOCAL CLIMATOLOGICAL DATA (WS FORM: F-6) , PAGE 2

                                          STATION:  HOUSTON/HOBBY AIRPORT
                                          MONTH:    FEBRUARY
                                          YEAR:     2017
                                          LATITUDE:   29 38 N
                                          LONGITUDE:  95 17 W

[TEMPERATURE DATA]      [PRECIPITATION DATA]       SYMBOLS USED IN COLUMN 16

AVERAGE MONTHLY: 66.6   TOTAL FOR MONTH:   2.05    1 = FOG OR MIST
DPTR FM NORMAL:   9.6   DPTR FM NORMAL:   -0.84    2 = FOG REDUCING VISIBILITY
HIGHEST:    86 ON  8    GRTST 24HR  0.93 ON 20-20      TO 1/4 MILE OR LESS
LOWEST:     43 ON 16                               3 = THUNDER
                        SNOW, ICE PELLETS, HAIL    4 = ICE PELLETS
                        TOTAL MONTH:   0.0 INCH    5 = HAIL
                        GRTST 24HR     0.0         6 = FREEZING RAIN OR DRIZZLE
                        GRTST DEPTH:   0           7 = DUSTSTORM OR SANDSTORM:
                                                       VSBY 1/2 MILE OR LESS
                                                   8 = SMOKE OR HAZE
[NO. OF DAYS WITH]      [WEATHER - DAYS WITH]      9 = BLOWING SNOW
                                                   X = TORNADO
MAX 32 OR BELOW:   0    0.01 INCH OR MORE:   4
MAX 90 OR ABOVE:   0    0.10 INCH OR MORE:   3
MIN 32 OR BELOW:   0    0.50 INCH OR MORE:   2
MIN  0 OR BELOW:   0    1.00 INCH OR MORE:   0

[HDD (BASE 65) ]
TOTAL THIS MO.    57    CLEAR  (SCALE 0-3)   4
DPTR FM NORMAL  -162    PTCLDY (SCALE 4-7)  12
TOTAL FM JUL 1   495    CLOUDY (SCALE 8-10)  9
DPTR FM NORMAL  -555

[CDD (BASE 65) ]
TOTAL THIS MO.   102
DPTR FM NORMAL    77    [PRESSURE DATA]
TOTAL FM JAN 1   166    HIGHEST SLP M ON M
DPTR FM NORMAL   125    LOWEST  SLP 29.65 ON 23

[REMARKS]
