000
CXUS54 KHGX 181415
CF6HOU
PRELIMINARY LOCAL CLIMATOLOGICAL DATA (WS FORM: F-6)

                                          STATION:   HOUSTON/HOBBY AIRPORT
                                          MONTH:     APRIL
                                          YEAR:      2014
                                          LATITUDE:   29 38 N
                                          LONGITUDE:  95 17 W

  TEMPERATURE IN F:       :PCPN:    SNOW:  WIND      :SUNSHINE: SKY     :PK WND
================================================================================
1   2   3   4   5  6A  6B    7    8   9   10  11  12  13   14  15   16   17  18
                                     12Z  AVG MX 2MIN
DY MAX MIN AVG DEP HDD CDD  WTR  SNW DPTH SPD SPD DIR MIN PSBL S-S WX    SPD DR
================================================================================

 1  81  67  74   7   0   9 0.03  0.0    0  8.8 18 160   M    M   9 1      25 150
 2  80  71  76   9   0  11 0.01  0.0    0 12.3 23 160   M    M  10 18     30 170
 3  74  71  73   6   0   8 0.02  0.0    0 10.3 17 150   M    M  10 1      25 160
 4  76  63  70   3   0   5 0.01  0.0    0 13.4 26 340   M    M   6 18     31 340
 5  73  59  66  -2   0   1 0.00  0.0    0 11.7 22  80   M    M  10 8      30  90
 6  66  55  61  -7   4   0 0.23  0.0    0  9.6 17 310   M    M  10 1      23 310
 7  75  53  64  -4   1   0 0.00  0.0    0  9.2 17 310   M    M   6        22 340
 8  74  53  64  -4   1   0    T  0.0    0 13.4 30 310   M    M   2        39 320
 9  79  47  63  -5   2   0 0.00  0.0    0  6.1 16 160   M    M   0        23 160
10  80  58  69   1   0   4 0.00  0.0    0 11.3 21 180   M    M   3        30 160
11  80  62  71   2   0   6 0.00  0.0    0  8.4 20 150   M    M   6        26 150
12  81  65  73   4   0   8 0.00  0.0    0 10.4 20 150   M    M   8        25 160
13  78  70  74   5   0   9 0.01  0.0    0 11.1 22 160   M    M  10 1      29 180
14  77  47  62  -7   3   0 0.80    M    0 14.0 30 350   M    M   8 13     37 340
15  64  43  54 -16  11   0 0.00  0.0    0 11.7 28  30   M    M   0        35  10
16  68  44  56 -14   9   0 0.00  0.0    0  8.3 18  90   M    M   5        25 110
17  70  59  65  -5   0   0 0.19  0.0    0  8.4 17 110   M    M   8 13     24 110
================================================================================
SM 1276  987        31  61  1.30     0.0 178.4          M      111
================================================================================
AV 75.1 58.1                              10.5 FASTST   M    M   7    MAX(MPH)
                                 MISC ---->  # 30 310               # 39  320
================================================================================
NOTES:
# LAST OF SEVERAL OCCURRENCES

COLUMN 17 PEAK WIND IN M.P.H.

PRELIMINARY LOCAL CLIMATOLOGICAL DATA (WS FORM: F-6) , PAGE 2

                                          STATION:  HOUSTON/HOBBY AIRPORT
                                          MONTH:    APRIL
                                          YEAR:     2014
                                          LATITUDE:   29 38 N
                                          LONGITUDE:  95 17 W

[TEMPERATURE DATA]      [PRECIPITATION DATA]       SYMBOLS USED IN COLUMN 16

AVERAGE MONTHLY: 66.6   TOTAL FOR MONTH:   1.30    1 = FOG OR MIST
DPTR FM NORMAL:  -1.8   DPTR FM NORMAL:   -0.42    2 = FOG REDUCING VISIBILITY
HIGHEST:    81 ON 12, 1 GRTST 24HR  0.80 ON 14-14      TO 1/4 MILE OR LESS
LOWEST:     43 ON 15                               3 = THUNDER
                        SNOW, ICE PELLETS, HAIL    4 = ICE PELLETS
                        TOTAL MONTH:   0.0 INCH    5 = HAIL
                        GRTST 24HR     0.0         6 = FREEZING RAIN OR DRIZZLE
                        GRTST DEPTH:   0           7 = DUSTSTORM OR SANDSTORM:
                                                       VSBY 1/2 MILE OR LESS
                                                   8 = SMOKE OR HAZE
[NO. OF DAYS WITH]      [WEATHER - DAYS WITH]      9 = BLOWING SNOW
                                                   X = TORNADO
MAX 32 OR BELOW:   0    0.01 INCH OR MORE:   8
MAX 90 OR ABOVE:   0    0.10 INCH OR MORE:   3
MIN 32 OR BELOW:   0    0.50 INCH OR MORE:   1
MIN  0 OR BELOW:   0    1.00 INCH OR MORE:   0

[HDD (BASE 65) ]
TOTAL THIS MO.    31    CLEAR  (SCALE 0-3)   4
DPTR FM NORMAL     7    PTCLDY (SCALE 4-7)   6
TOTAL FM JUL 1  1545    CLOUDY (SCALE 8-10)  7
DPTR FM NORMAL   330

[CDD (BASE 65) ]
TOTAL THIS MO.    61
DPTR FM NORMAL   -20    [PRESSURE DATA]
TOTAL FM JAN 1   138    HIGHEST SLP M ON M
DPTR FM NORMAL   -50    LOWEST  SLP 29.64 ON  6

[REMARKS]
