000
CXUS55 KSEW 250930
CF6HQM
PRELIMINARY LOCAL CLIMATOLOGICAL DATA (WS FORM: F-6)

                                          STATION:   HOQUIAM WA AIRPORT
                                          MONTH:     SEPTEMBER
                                          YEAR:      2017
                                          LATITUDE:   46 58 N
                                          LONGITUDE: 123 56 W

  TEMPERATURE IN F:       :PCPN:    SNOW:  WIND      :SUNSHINE: SKY     :PK WND
================================================================================
1   2   3   4   5  6A  6B    7    8   9   10  11  12  13   14  15   16   17  18
                                     12Z  AVG MX 2MIN
DY MAX MIN AVG DEP HDD CDD  WTR  SNW DPTH SPD SPD DIR MIN PSBL S-S WX    SPD DR
================================================================================

 1  81  50  66   6   0   1 0.00  0.0    0  4.3 14 220   M    M   0 1      16 220
 2  83  53  68   8   0   3 0.00  0.0    0  4.6 14 230   M    M   0 1      16 240
 3  82  59  71  11   0   6 0.00  0.0    0  4.6 14 210   M    M   0        15 200
 4  90  58  74  14   0   9 0.00  0.0    0  5.6 12  80   M    M   0        15 110
 5  73  61  67   7   0   2 0.00  0.0    0  5.6 15 240   M    M  10 18     18 250
 6  71  60  66   6   0   1 0.00  0.0    0  6.0 15 240   M    M   5 18     16 240
 7  64  60  62   2   3   0 0.09  0.0    0  5.3 16 190   M    M  10 12     18 220
 8  67  57  62   2   3   0 0.02  0.0    0  9.2 18 270   M    M   7 1      22 260
 9  62  54  58  -2   7   0 0.05  0.0    0  6.4 21 170   M    M   8 1      25 170
10  70  51  61   1   4   0 0.00  0.0    0  3.8 12 240   M    M   5 12     16 230
11  75  50  63   3   2   0 0.00  0.0    0  6.0 16 260   M    M   0        18 260
12  68  54  61   1   4   0 0.00  0.0    0  7.4 21 270   M    M   2 1      25 260
13  64  49  57  -2   8   0 0.00  0.0    0  5.1 14 220   M    M   1 1      16 220
14  69  48  59   0   6   0 0.00  0.0    0  5.6 15 240   M    M   3 1      17 240
15  67  43  55  -4  10   0 0.00  0.0    0  5.8 16 240   M    M   2 1      18 230
16  67  55  61   2   4   0 0.00  0.0    0  4.9 12 250   M    M   4 1      14 250
17  61  53  57  -2   8   0 0.29  0.0    0 10.1 32 160   M    M   8 1      40 160
18  63  51  57  -2   8   0 0.12  0.0    0 11.2 22 150   M    M   8 1      26 150
19  60  51  56  -2   9   0 0.65  0.0    0  9.3 15 250   M    M   5 18      M  M
20  60  49  55  -3  10   0 0.81    M    0  4.8 15 240   M    M   5 1      19 230
21  62  46  54  -4  11   0 0.01    M    0  4.6 14 230   M    M   5 1      17 230
22  61  45  53  -5  12   0 0.00  0.0    0  6.7 14 230   M    M   5 12     15 240
23  64  51  58   0   7   0 0.00  0.0    0  4.2 12 250   M    M   6 1      15 230
24  68  47  58   1   7   0 0.01    M    0  5.8 15 240   M    M   4 1      19 230
================================================================================
SM 1652 1255       123  22  2.05     0.0 146.9          M      103
================================================================================
AV 68.8 52.3                               6.1 FASTST   M    M   4    MAX(MPH)
                                 MISC ---->  # 32 160               # 40  160
================================================================================
NOTES:
# LAST OF SEVERAL OCCURRENCES

COLUMN 17 PEAK WIND IN M.P.H.

PRELIMINARY LOCAL CLIMATOLOGICAL DATA (WS FORM: F-6) , PAGE 2

                                          STATION:  HOQUIAM WA AIRPORT
                                          MONTH:    SEPTEMBER
                                          YEAR:     2017
                                          LATITUDE:   46 58 N
                                          LONGITUDE: 123 56 W

[TEMPERATURE DATA]      [PRECIPITATION DATA]       SYMBOLS USED IN COLUMN 16

AVERAGE MONTHLY: 60.6   TOTAL FOR MONTH:   2.05    1 = FOG OR MIST
DPTR FM NORMAL:   1.4   DPTR FM NORMAL:    0.36    2 = FOG REDUCING VISIBILITY
HIGHEST:    90 ON  4    GRTST 24HR  0.81 ON 20-20      TO 1/4 MILE OR LESS
LOWEST:     43 ON 15                               3 = THUNDER
                        SNOW, ICE PELLETS, HAIL    4 = ICE PELLETS
                        TOTAL MONTH:   0.0 INCH    5 = HAIL
                        GRTST 24HR     0.0         6 = FREEZING RAIN OR DRIZZLE
                        GRTST DEPTH:   0           7 = DUSTSTORM OR SANDSTORM:
                                                       VSBY 1/2 MILE OR LESS
                                                   8 = SMOKE OR HAZE
[NO. OF DAYS WITH]      [WEATHER - DAYS WITH]      9 = BLOWING SNOW
                                                   X = TORNADO
MAX 32 OR BELOW:   0    0.01 INCH OR MORE:   9
MAX 90 OR ABOVE:   1    0.10 INCH OR MORE:   4
MIN 32 OR BELOW:   0    0.50 INCH OR MORE:   2
MIN  0 OR BELOW:   0    1.00 INCH OR MORE:   0

[HDD (BASE 65) ]
TOTAL THIS MO.   123    CLEAR  (SCALE 0-3)   8
DPTR FM NORMAL   -16    PTCLDY (SCALE 4-7)  13
TOTAL FM JUL 1   361    CLOUDY (SCALE 8-10)  3
DPTR FM NORMAL   -85

[CDD (BASE 65) ]
TOTAL THIS MO.    22
DPTR FM NORMAL    22    [PRESSURE DATA]
TOTAL FM JAN 1    67    HIGHEST SLP M ON M
DPTR FM NORMAL    51    LOWEST  SLP 29.62 ON 20

[REMARKS]
