000
CXUS53 KGID 310730
CF6HSI
PRELIMINARY LOCAL CLIMATOLOGICAL DATA (WS FORM: F-6)

                                          STATION:   HASTINGS NE
                                          MONTH:     AUGUST
                                          YEAR:      2015
                                          LATITUDE:   40 35 N
                                          LONGITUDE:  98 26 W

  TEMPERATURE IN F:       :PCPN:    SNOW:  WIND      :SUNSHINE: SKY     :PK WND
================================================================================
1   2   3   4   5  6A  6B    7    8   9   10  11  12  13   14  15   16   17  18
                                     12Z  AVG MX 2MIN
DY MAX MIN AVG DEP HDD CDD  WTR  SNW DPTH SPD SPD DIR MIN PSBL S-S WX    SPD DR
================================================================================

 1  86  66  76  -1   0  11 0.00  0.0    0  8.5 28 360   M    M   2        37  10
 2  94  66  80   3   0  15 0.00  0.0    0  6.2 14 280   M    M   0        17 270
 3  85  66  76   0   0  11 0.00  0.0    0  9.0 18  70   M    M   0        24  80
 4  84  65  75  -1   0  10 0.61  0.0    0 10.1 30 200   M    M   5 138    38 200
 5  82  64  73  -3   0   8 0.04  0.0    0  5.4 13 130   M    M   5 1      17 100
 6  80  66  73  -3   0   8    T  0.0    0  8.1 24 150   M    M   2 13     30 160
 7  90  67  79   3   0  14 0.76  0.0    0  6.6 25 260   M    M   0 138    39 250
 8  83  67  75  -1   0  10 0.64  0.0    0  4.9 24 140   M    M   3 13     30 140
 9  87  70  79   3   0  14 0.00  0.0    0  3.8 12  50   M    M   3 128    16  40
10  81  65  73  -3   0   8 0.00  0.0    0  6.6 17  20   M    M   2        21  20
11  82  58  70  -5   0   5 0.00  0.0    0  3.7 10 150   M    M   1 18     15 150
12  85  64  75   0   0  10 0.00  0.0    0  7.8 15 200   M    M   0        20 200
13  86  64  75   0   0  10    T  0.0    0  9.1 18 180   M    M   0        28 180
14  88  68  78   3   0  13 0.00  0.0    0  8.5 15 150   M    M   0        19 160
15  88  66  77   2   0  12 0.00  0.0    0 10.6 17 170   M    M   0        25 180
16  90  69  80   6   0  15 0.01  0.0    0  8.1 23 320   M    M   3 138    31 310
17  70  63  67  -7   0   2 0.05  0.0    0  9.2 15 360   M    M   9 12     23 350
18  72  53  63 -11   2   0 0.01  0.0    0 10.4 25 340   M    M   7 12     33 350
19  74  49  62 -12   3   0 0.03  0.0    0  7.9 22 330   M    M   2        29 340
20  84  52  68  -6   0   3 0.00  0.0    0  9.1 20 180   M    M   0        29 160
21  87  61  74   0   0   9 0.00  0.0    0 13.1 21 170   M    M   0        30 180
22  85  60  73   0   0   8 0.00  0.0    0 13.5 24 360   M    M   4 138    34 200
23  73  49  61 -12   4   0 0.00  0.0    0  8.0 22 360   M    M   0        28 360
24  81  45  63 -10   2   0 0.00  0.0    0  4.0  9 260   M    M   0 8      12 210
25  84  52  68  -5   0   3 0.00  0.0    0  5.0 12 140   M    M   0 8      15 120
26  88  59  74   2   0   9 0.00  0.0    0 10.5 21 140   M    M   0        25 150
27  87  68  78   6   0  13 0.00  0.0    0 14.3 26 150   M    M   2 1      36 140
28  80  60  70  -2   0   5    T  0.0    0  9.4 20  10   M    M   6 1      26 200
29  82  55  69  -3   0   4 0.00  0.0    0  5.3 10 180   M    M   3 12     14 170
30  81  61  71   0   0   6 0.00  0.0    0  9.2 18 160   M    M   4 12     22 140
================================================================================
SM 2499 1838        11 236  2.15     0.0 245.9          M       63
================================================================================
AV 83.3 61.3                               8.2 FASTST   M    M   2    MAX(MPH)
                                 MISC ---->  # 30 200               # 39  250
================================================================================
NOTES:
# LAST OF SEVERAL OCCURRENCES

COLUMN 17 PEAK WIND IN M.P.H.

PRELIMINARY LOCAL CLIMATOLOGICAL DATA (WS FORM: F-6) , PAGE 2

                                          STATION:  HASTINGS NE
                                          MONTH:    AUGUST
                                          YEAR:     2015
                                          LATITUDE:   40 35 N
                                          LONGITUDE:  98 26 W

[TEMPERATURE DATA]      [PRECIPITATION DATA]       SYMBOLS USED IN COLUMN 16

AVERAGE MONTHLY: 72.3   TOTAL FOR MONTH:   2.15    1 = FOG OR MIST
DPTR FM NORMAL:  -2.1   DPTR FM NORMAL:   -1.01    2 = FOG REDUCING VISIBILITY
HIGHEST:    94 ON  2    GRTST 24HR  1.40 ON  7- 8      TO 1/4 MILE OR LESS
LOWEST:     45 ON 24                               3 = THUNDER
                        SNOW, ICE PELLETS, HAIL    4 = ICE PELLETS
                        TOTAL MONTH:   0.0 INCH    5 = HAIL
                        GRTST 24HR     0.0         6 = FREEZING RAIN OR DRIZZLE
                        GRTST DEPTH:   0           7 = DUSTSTORM OR SANDSTORM:
                                                       VSBY 1/2 MILE OR LESS
                                                   8 = SMOKE OR HAZE
[NO. OF DAYS WITH]      [WEATHER - DAYS WITH]      9 = BLOWING SNOW
                                                   X = TORNADO
MAX 32 OR BELOW:   0    0.01 INCH OR MORE:   8
MAX 90 OR ABOVE:   3    0.10 INCH OR MORE:   3
MIN 32 OR BELOW:   0    0.50 INCH OR MORE:   3
MIN  0 OR BELOW:   0    1.00 INCH OR MORE:   0

[HDD (BASE 65) ]
TOTAL THIS MO.    11    CLEAR  (SCALE 0-3)  22
DPTR FM NORMAL    10    PTCLDY (SCALE 4-7)   7
TOTAL FM JUL 1    15    CLOUDY (SCALE 8-10)  1
DPTR FM NORMAL    13

[CDD (BASE 65) ]
TOTAL THIS MO.   236
DPTR FM NORMAL   -50    [PRESSURE DATA]
TOTAL FM JAN 1   831    HIGHEST SLP M ON M
DPTR FM NORMAL  -115    LOWEST  SLP 29.71 ON 22

[REMARKS]
