000
CXUS51 KRLX 231140
CF6HTS
PRELIMINARY LOCAL CLIMATOLOGICAL DATA (WS FORM: F-6)

                                          STATION:   HUNTINGTON WV
                                          MONTH:     APRIL
                                          YEAR:      2017
                                          LATITUDE:   38 22 N
                                          LONGITUDE:  82 33 W

  TEMPERATURE IN F:       :PCPN:    SNOW:  WIND      :SUNSHINE: SKY     :PK WND
================================================================================
1   2   3   4   5  6A  6B    7    8   9   10  11  12  13   14  15   16   17  18
                                     12Z  AVG MX 2MIN
DY MAX MIN AVG DEP HDD CDD  WTR  SNW DPTH SPD SPD DIR MIN PSBL S-S WX    SPD DR
================================================================================

 1  51  44  48  -4  17   0    T  0.0    0  6.9 16 300   M    M  10 1      22 310
 2  67  44  56   4   9   0 0.00  0.0    0  5.3 10  70   M    M   4        15  60
 3  66  47  57   5   8   0 0.13  0.0    0  6.3 14 130   M    M   4 1      23 140
 4  71  56  64  11   1   0 0.05  0.0    0 10.2 22 240   M    M   6        33 230
 5  82  48  65  12   0   0 0.29  0.0    0  8.8 22 170   M    M   1 1      31 170
 6  59  38  49  -4  16   0 0.24  0.0    0 11.5 23 250   M    M   9 18     35 260
 7  53  35  44 -10  21   0 0.04  0.0    0  9.0 20 320   M    M   7 1      27 320
 8  65  31  48  -6  17   0 0.00  0.0    0  2.8 10 350   M    M   0        17 220
 9  79  36  58   4   7   0 0.00  0.0    0  6.0 15 210   M    M   0        23 170
10  83  55  69  14   0   4 0.00  0.0    0  7.3 18 240   M    M   0        29 230
11  79  60  70  15   0   5 0.33  0.0    0  6.3 17 330   M    M   5 13     27 260
12  73  53  63   8   2   0 0.00  0.0    0  5.2 13 350   M    M   1 1      16  10
13  78  45  62   6   3   0 0.00  0.0    0  4.3 10  80   M    M   0        14  10
14  85  47  66  10   0   1 0.00  0.0    0  2.2 10 320   M    M   0        14 350
15  83  58  71  15   0   6    T  0.0    0  5.0 20 260   M    M   4        26  20
16  77  63  70  14   0   5 0.15  0.0    0  7.7 18 310   M    M   6 18     31 300
17  77  61  69  12   0   4 0.02  0.0    0  5.4 13 320   M    M   6        18 360
18  76  57  67  10   0   2 0.00  0.0    0  6.2 17 190   M    M   6        23 190
19  74  61  68  11   0   3    T  0.0    0  7.7 15 190   M    M   6        19 190
20  83  62  73  15   0   8 0.13  0.0    0  7.1 17 280   M    M   3        23 230
21  75  55  65   7   0   0 0.08  0.0    0  6.6 14 330   M    M   7        18 330
22  55  45  50  -8  15   0 0.23  0.0    0  6.6 14  30   M    M   8 1      20  30
================================================================================
SM 1591 1101       116  38  1.69     0.0 144.4          M       93
================================================================================
AV 72.3 50.1                               6.6 FASTST   M    M   4    MAX(MPH)
                                 MISC ---->  # 23 250               # 35  260
================================================================================
NOTES:
# LAST OF SEVERAL OCCURRENCES

COLUMN 17 PEAK WIND IN M.P.H.

PRELIMINARY LOCAL CLIMATOLOGICAL DATA (WS FORM: F-6) , PAGE 2

                                          STATION:  HUNTINGTON WV
                                          MONTH:    APRIL
                                          YEAR:     2017
                                          LATITUDE:   38 22 N
                                          LONGITUDE:  82 33 W

[TEMPERATURE DATA]      [PRECIPITATION DATA]       SYMBOLS USED IN COLUMN 16

AVERAGE MONTHLY: 61.2   TOTAL FOR MONTH:   1.69    1 = FOG OR MIST
DPTR FM NORMAL:   6.1   DPTR FM NORMAL:   -0.77    2 = FOG REDUCING VISIBILITY
HIGHEST:    85 ON 14    GRTST 24HR  0.91 ON 31- 1      TO 1/4 MILE OR LESS
LOWEST:     31 ON  8                               3 = THUNDER
                        SNOW, ICE PELLETS, HAIL    4 = ICE PELLETS
                        TOTAL MONTH:   0.0 INCH    5 = HAIL
                        GRTST 24HR     0.0         6 = FREEZING RAIN OR DRIZZLE
                        GRTST DEPTH:   0           7 = DUSTSTORM OR SANDSTORM:
                                                       VSBY 1/2 MILE OR LESS
                                                   8 = SMOKE OR HAZE
[NO. OF DAYS WITH]      [WEATHER - DAYS WITH]      9 = BLOWING SNOW
                                                   X = TORNADO
MAX 32 OR BELOW:   0    0.01 INCH OR MORE:  11
MAX 90 OR ABOVE:   0    0.10 INCH OR MORE:   7
MIN 32 OR BELOW:   1    0.50 INCH OR MORE:   0
MIN  0 OR BELOW:   0    1.00 INCH OR MORE:   0

[HDD (BASE 65) ]
TOTAL THIS MO.   116    CLEAR  (SCALE 0-3)   7
DPTR FM NORMAL  -121    PTCLDY (SCALE 4-7)  13
TOTAL FM JUL 1  3317    CLOUDY (SCALE 8-10)  2
DPTR FM NORMAL -1017

[CDD (BASE 65) ]
TOTAL THIS MO.    38
DPTR FM NORMAL    17    [PRESSURE DATA]
TOTAL FM JAN 1    41    HIGHEST SLP M ON M
DPTR FM NORMAL    15    LOWEST  SLP 29.40 ON  6

[REMARKS]
