000
CXUS51 KRLX 301151
CF6HTS
PRELIMINARY LOCAL CLIMATOLOGICAL DATA (WS FORM: F-6)

                                          STATION:   HUNTINGTON WV
                                          MONTH:     APRIL
                                          YEAR:      2016
                                          LATITUDE:   38 22 N
                                          LONGITUDE:  82 33 W

  TEMPERATURE IN F:       :PCPN:    SNOW:  WIND      :SUNSHINE: SKY     :PK WND
================================================================================
1   2   3   4   5  6A  6B    7    8   9   10  11  12  13   14  15   16   17  18
                                     12Z  AVG MX 2MIN
DY MAX MIN AVG DEP HDD CDD  WTR  SNW DPTH SPD SPD DIR MIN PSBL S-S WX    SPD DR
================================================================================

 1  70  54  62  10   3   0 0.01  0.0    0  8.5 22 240   M    M   6 18     32 250
 2  58  36  47  -5  18   0    T    M    0 13.3 32 250   M    M   7        56 230
 3  60  30  45  -7  20   0 0.00  0.0    0  8.2 17 220   M    M   0        25 220
 4  68  37  53   0  12   0 0.01  0.0    0 11.6 21 350   M    M   4        28 260
 5  48  29  39 -14  26   0 0.00  0.0    0  7.0 14 340   M    M   3        19  50
 6  68  28  48  -5  17   0 0.28    M    0  8.9 26 190   M    M   2 1      37 200
 7  54  39  47  -7  18   0 0.21  0.0    0 10.9 23 240   M    M  10 18     33 280
 8  47  36  42 -12  23   0 0.09    T    0  7.1 16 230   M    M   9 1      23 230
 9  42  28  35 -19  30   0 0.15    T    T  9.5 20 310   M    M   8 18     31 310
10  63  25  44 -11  21   0 0.01  0.0    0  6.7 15 180   M    M   6        25 140
11  77  55  66  11   0   1 0.19  0.0    0 13.4 25 230   M    M   8 1      35 220
12  57  42  50  -5  15   0 0.05  0.0    0  7.4 17 330   M    M   3 1      24 320
13  67  36  52  -4  13   0 0.00  0.0    0  6.2 12 360   M    M   0        19  60
14  73  42  58   2   7   0 0.00  0.0    0  5.3 12  80   M    M   0        17  40
15  77  42  60   4   5   0 0.00  0.0    0  5.3 13  80   M    M   0        17 110
16  77  48  63   7   2   0 0.00  0.0    0  5.5 14  20   M    M   0        18  40
17  82  43  63   6   2   0 0.00  0.0    0  3.4 12  30   M    M   0        19 360
18  86  49  68  11   0   3 0.00  0.0    0  1.7 10 340   M    M   0        15  10
19  86  51  69  12   0   4 0.00  0.0    0  4.6 14  50   M    M   0        18  60
20  86  55  71  13   0   6 0.00  0.0    0  5.3 12 170   M    M   1        16 170
21  81  60  71  13   0   6 0.01  0.0    0  8.4 18 230   M    M   3        27 260
22  75  54  65   7   0   0 1.40  0.0    0  5.0 21 320   M    M   9 135    33 300
23  67  48  58   0   7   0 0.00  0.0    0  5.8 14 350   M    M   6 18     21 240
24  78  41  60   1   5   0 0.00  0.0    0  1.9  8 180   M    M   0 18     11 220
25  84  47  66   7   0   1 0.00  0.0    0  5.1 20 200   M    M   3        26 200
26  84  60  72  13   0   7 0.92  0.0    0  7.7 24 280   M    M   5 138    35 270
27  75  60  68   8   0   3 0.38  0.0    0  3.9 13 350   M    M   8 1      16 240
28  80  61  71  11   0   6 0.09  0.0    0  5.8 20 250   M    M   6 1      29 270
29  76  56  66   6   0   1 0.00  0.0    0  6.3 16 250   M    M   3 12     22 250
================================================================================
SM 2046 1292       244  38  3.80    T    199.7          M      110
================================================================================
AV 70.6 44.6                               6.9 FASTST   M    M   4    MAX(MPH)
                                 MISC ---->  # 32 250               # 56  230
================================================================================
NOTES:
# LAST OF SEVERAL OCCURRENCES

COLUMN 17 PEAK WIND IN M.P.H.

PRELIMINARY LOCAL CLIMATOLOGICAL DATA (WS FORM: F-6) , PAGE 2

                                          STATION:  HUNTINGTON WV
                                          MONTH:    APRIL
                                          YEAR:     2016
                                          LATITUDE:   38 22 N
                                          LONGITUDE:  82 33 W

[TEMPERATURE DATA]      [PRECIPITATION DATA]       SYMBOLS USED IN COLUMN 16

AVERAGE MONTHLY: 57.6   TOTAL FOR MONTH:   3.80    1 = FOG OR MIST
DPTR FM NORMAL:   1.5   DPTR FM NORMAL:    0.48    2 = FOG REDUCING VISIBILITY
HIGHEST:    86 ON 20,19 GRTST 24HR  1.41 ON 21-22      TO 1/4 MILE OR LESS
LOWEST:     25 ON 10                               3 = THUNDER
                        SNOW, ICE PELLETS, HAIL    4 = ICE PELLETS
                        TOTAL MONTH:    T          5 = HAIL
                        GRTST 24HR    T  ON  9- 9  6 = FREEZING RAIN OR DRIZZLE
                        GRTST DEPTH:   T           7 = DUSTSTORM OR SANDSTORM:
                                                       VSBY 1/2 MILE OR LESS
                                                   8 = SMOKE OR HAZE
[NO. OF DAYS WITH]      [WEATHER - DAYS WITH]      9 = BLOWING SNOW
                                                   X = TORNADO
MAX 32 OR BELOW:   0    0.01 INCH OR MORE:  14
MAX 90 OR ABOVE:   0    0.10 INCH OR MORE:   7
MIN 32 OR BELOW:   5    0.50 INCH OR MORE:   2
MIN  0 OR BELOW:   0    1.00 INCH OR MORE:   1

[HDD (BASE 65) ]
TOTAL THIS MO.   244    CLEAR  (SCALE 0-3)  15
DPTR FM NORMAL   -41    PTCLDY (SCALE 4-7)  10
TOTAL FM JUL 1  3654    CLOUDY (SCALE 8-10)  4
DPTR FM NORMAL  -728

[CDD (BASE 65) ]
TOTAL THIS MO.    38
DPTR FM NORMAL    10    [PRESSURE DATA]
TOTAL FM JAN 1    47    HIGHEST SLP M ON M
DPTR FM NORMAL    14    LOWEST  SLP 29.51 ON  2

[REMARKS]
