000
CXUS53 KIND 280730
CF6HUF
PRELIMINARY LOCAL CLIMATOLOGICAL DATA (WS FORM: F-6)

                                          STATION:   TERRE HAUTE IN
                                          MONTH:     FEBRUARY
                                          YEAR:      2015
                                          LATITUDE:   39 27 N
                                          LONGITUDE:  87 18 W

  TEMPERATURE IN F:       :PCPN:    SNOW:  WIND      :SUNSHINE: SKY     :PK WND
================================================================================
1   2   3   4   5  6A  6B    7    8   9   10  11  12  13   14  15   16   17  18
                                     12Z  AVG MX 2MIN
DY MAX MIN AVG DEP HDD CDD  WTR  SNW DPTH SPD SPD DIR MIN PSBL S-S WX    SPD DR
================================================================================

 1  38  26  32   3  33   0 0.38    M    M  8.1 21 320   M    M  10 12     27 330
 2  26  13  20  -9  45   0    T    M    M 10.4 23 310   M    M   7 18     31 330
 3  37  19  28  -2  37   0 0.00    M    M 10.7 20 200   M    M   2 8      24 180
 4  41  17  29  -1  36   0 0.01    M    M 11.2 20 330   M    M   5 18     26 320
 5  24   6  15 -15  50   0 0.00    M    M  4.5 14 350   M    M   0        18 350
 6  37  12  25  -5  40   0 0.00    M    M  8.2 15 190   M    M   1        19 190
 7  54  30  42  12  23   0 0.00    M    M 10.6 21 180   M    M   0        29 170
 8  58  38  48  18  17   0 0.00    M    M 10.7 20 250   M    M   5 18     26 220
 9  37  28  33   2  32   0 0.00    M    M 11.6 17  10   M    M  10 18     22 360
10  40  22  31   0  34   0 0.00    M    M  5.7 15  10   M    M   1        19  20
11  38  25  32   1  33   0 0.00    M    M  9.6 23 310   M    M   8 18     28 310
12  28  13  21 -10  44   0    T    M    M 13.2 24 330   M    M   8        32 290
13  30  10  20 -12  45   0 0.00    M    M  7.4 17 180   M    M   4        23 210
14  32   7  20 -12  45   0    T    M    M 16.6 32 330   M    M   6        46 310
15  20   5  13 -19  52   0 0.00    M    M  7.3 13  70   M    M   4        16  40
16  18   1  10 -22  55   0 0.08    M    M  7.3 13  80   M    M   8 1      15  60
17  27  -2  13 -20  52   0    T    M    M  6.7 17 260   M    M   7 1      22 250
18  20   1  11 -22  54   0 0.06    M    M 10.9 25 320   M    M   9 18     33 300
19   9  -8   1 -33  64   0 0.00    M    M  9.0 20 310   M    M   1        26 280
20  19 -10   5 -29  60   0 0.06    M    M  8.6 20 160   M    M   6 1      24 170
21  35  18  27  -7  38   0 0.33    M    M  5.4 12 150   M    M   7 1      15 150
22  28  13  21 -13  44   0 0.00    M    M  9.9 18 330   M    M   6 12     25 330
23  18  -8   5 -30  60   0 0.00    M    M  5.9 15 330   M    M   1        18 320
24  28 -15   7 -28  58   0 0.00    M    M  8.7 23 240   M    M   2        28 210
25  35   4  20 -16  45   0 0.00    M    M  4.5 15  50   M    M   2 128    18  50
26  28   9  19 -17  46   0    T    M    M  9.6 16  50   M    M   9 18     20  50
27  18   1  10 -26  55   0    T    M    M  5.4 12 360   M    M   4 1      14 360
================================================================================
SM  823  275      1197   0  0.92    M    237.7          M      133
================================================================================
AV 30.5 10.2                               8.8 FASTST   M    M   5    MAX(MPH)
                                 MISC ---->  # 32 330               # 46  310
================================================================================
NOTES:
# LAST OF SEVERAL OCCURRENCES

COLUMN 17 PEAK WIND IN M.P.H.

PRELIMINARY LOCAL CLIMATOLOGICAL DATA (WS FORM: F-6) , PAGE 2

                                          STATION:  TERRE HAUTE IN
                                          MONTH:    FEBRUARY
                                          YEAR:     2015
                                          LATITUDE:   39 27 N
                                          LONGITUDE:  87 18 W

[TEMPERATURE DATA]      [PRECIPITATION DATA]       SYMBOLS USED IN COLUMN 16

AVERAGE MONTHLY: 20.3   TOTAL FOR MONTH:   0.92    1 = FOG OR MIST
DPTR FM NORMAL: -11.9   DPTR FM NORMAL:   -0.95    2 = FOG REDUCING VISIBILITY
HIGHEST:    58 ON  8    GRTST 24HR  0.44 ON 31- 1      TO 1/4 MILE OR LESS
LOWEST:    -15 ON 24                               3 = THUNDER
                        SNOW, ICE PELLETS, HAIL    4 = ICE PELLETS
                        TOTAL MONTH:    M          5 = HAIL
                        GRTST 24HR    M  ON   M    6 = FREEZING RAIN OR DRIZZLE
                        GRTST DEPTH:  M  ON   M    7 = DUSTSTORM OR SANDSTORM:
                                                       VSBY 1/2 MILE OR LESS
                                                   8 = SMOKE OR HAZE
[NO. OF DAYS WITH]      [WEATHER - DAYS WITH]      9 = BLOWING SNOW
                                                   X = TORNADO
MAX 32 OR BELOW:  16    0.01 INCH OR MORE:   6
MAX 90 OR ABOVE:   0    0.10 INCH OR MORE:   2
MIN 32 OR BELOW:  26    0.50 INCH OR MORE:   0
MIN  0 OR BELOW:   5    1.00 INCH OR MORE:   0

[HDD (BASE 65) ]
TOTAL THIS MO.  1197    CLEAR  (SCALE 0-3)   9
DPTR FM NORMAL   312    PTCLDY (SCALE 4-7)  13
TOTAL FM JUL 1  4585    CLOUDY (SCALE 8-10)  5
DPTR FM NORMAL   450

[CDD (BASE 65) ]
TOTAL THIS MO.     0
DPTR FM NORMAL     0    [PRESSURE DATA]
TOTAL FM JAN 1     0    HIGHEST SLP  0.00 ON  3
DPTR FM NORMAL     0    LOWEST  SLP 29.57 ON  1

[REMARKS]
