000
CXUS53 KIND 230730
CF6HUF
PRELIMINARY LOCAL CLIMATOLOGICAL DATA (WS FORM: F-6)

                                          STATION:   TERRE HAUTE IN
                                          MONTH:     FEBRUARY
                                          YEAR:      2018
                                          LATITUDE:   39 27 N
                                          LONGITUDE:  87 18 W

  TEMPERATURE IN F:       :PCPN:    SNOW:  WIND      :SUNSHINE: SKY     :PK WND
================================================================================
1   2   3   4   5  6A  6B    7    8   9   10  11  12  13   14  15   16   17  18
                                     12Z  AVG MX 2MIN
DY MAX MIN AVG DEP HDD CDD  WTR  SNW DPTH SPD SPD DIR MIN PSBL S-S WX    SPD DR
================================================================================

 1  42  15  29   0  36   0 0.00    M    M 11.5 21 320   M    M   5        29 320
 2  23   9  16 -13  49   0 0.00    M    M  7.3 18 340   M    M   1        24 330
 3  41  21  31   1  34   0 0.00    M    M 13.5 23 170   M    M  10        29 200
 4  41  14  28  -2  37   0 0.01    M    M 13.0 26 310   M    M  10 18     35 300
 5  25   0  13 -17  52   0    T    M    M  3.5 14 330   M    M   3 1      19 310
 6  27  16  22  -8  43   0    T    M    M  4.9 10  30   M    M   4 1      13 350
 7  27  17  22  -8  43   0    T    M    M  9.6 17 300   M    M   6 8      23 300
 8  34  10  22  -8  43   0 0.00    M    M  5.8 13 140   M    M   6        16 140
 9  52  30  41  10  24   0 0.00    M    M  9.6 17 240   M    M   4 8      23 220
10  33  28  31   0  34   0    T    M    M 10.4 17  40   M    M  10 1468   21  40
11  30  23  27  -4  38   0 0.01    M    M  8.7 16 300   M    M   9 168    23 330
12  38  14  26  -5  39   0 0.00    M    M  7.1 14  50   M    M   0        17  20
13  44  18  31  -1  34   0 0.00    M    M  7.9 16 100   M    M   3        19 100
14  57  33  45  13  20   0 0.02    M    M  7.1 20 210   M    M   9 12     26 200
15  68  55  62  30   3   0 0.79    M    M 11.3 20 210   M    M   9 13     26 220
16  55  26  41   9  24   0 0.09    M    M  8.4 18 360   M    M   8 1      25 340
17  38  22  30  -3  35   0 0.04    M    M  6.9 18 300   M    M   6 1      25 310
18  48  23  36   3  29   0 0.00    M    M  8.7 18 150   M    M   1 1      23 170
19  65  45  55  21  10   0 0.29    M    M 13.9 24 210   M    M   9 13     31 200
20  74  54  64  30   1   0 0.01    M    M 19.0 30 210   M    M   6        39 200
21  54  35  45  11  20   0 1.09    M    M 10.9 23 340   M    M  10 1      30 320
22  46  37  42   8  23   0 0.17    M    M 10.8 18  80   M    M  10 1      22  30
================================================================================
SM  962  545       671   0  2.52    M    209.8          M      139
================================================================================
AV 43.7 24.8                               9.5 FASTST   M    M   6    MAX(MPH)
                                 MISC ---->  # 30 210               # 39  200
================================================================================
NOTES:
# LAST OF SEVERAL OCCURRENCES

COLUMN 17 PEAK WIND IN M.P.H.

PRELIMINARY LOCAL CLIMATOLOGICAL DATA (WS FORM: F-6) , PAGE 2

                                          STATION:  TERRE HAUTE IN
                                          MONTH:    FEBRUARY
                                          YEAR:     2018
                                          LATITUDE:   39 27 N
                                          LONGITUDE:  87 18 W

[TEMPERATURE DATA]      [PRECIPITATION DATA]       SYMBOLS USED IN COLUMN 16

AVERAGE MONTHLY: 34.3   TOTAL FOR MONTH:   2.52    1 = FOG OR MIST
DPTR FM NORMAL:   2.8   DPTR FM NORMAL:    0.97    2 = FOG REDUCING VISIBILITY
HIGHEST:    74 ON 20    GRTST 24HR  1.09 ON 21-21      TO 1/4 MILE OR LESS
LOWEST:      0 ON  5                               3 = THUNDER
                        SNOW, ICE PELLETS, HAIL    4 = ICE PELLETS
                        TOTAL MONTH:    M          5 = HAIL
                        GRTST 24HR    M  ON   M    6 = FREEZING RAIN OR DRIZZLE
                        GRTST DEPTH:  M  ON   M    7 = DUSTSTORM OR SANDSTORM:
                                                       VSBY 1/2 MILE OR LESS
                                                   8 = SMOKE OR HAZE
[NO. OF DAYS WITH]      [WEATHER - DAYS WITH]      9 = BLOWING SNOW
                                                   X = TORNADO
MAX 32 OR BELOW:   5    0.01 INCH OR MORE:  10
MAX 90 OR ABOVE:   0    0.10 INCH OR MORE:   4
MIN 32 OR BELOW:  16    0.50 INCH OR MORE:   2
MIN  0 OR BELOW:   1    1.00 INCH OR MORE:   1

[HDD (BASE 65) ]
TOTAL THIS MO.   671    CLEAR  (SCALE 0-3)   5
DPTR FM NORMAL   -67    PTCLDY (SCALE 4-7)   8
TOTAL FM JUL 1  3906    CLOUDY (SCALE 8-10)  9
DPTR FM NORMAL   -82

[CDD (BASE 65) ]
TOTAL THIS MO.     0
DPTR FM NORMAL     0    [PRESSURE DATA]
TOTAL FM JAN 1     0    HIGHEST SLP M ON M
DPTR FM NORMAL     0    LOWEST  SLP 29.69 ON 15

[REMARKS]
