000
CXUS51 KCAR 240600
CF6HUL
PRELIMINARY LOCAL CLIMATOLOGICAL DATA (WS FORM: F-6)

                                          STATION:   HOULTON ME
                                          MONTH:     APRIL
                                          YEAR:      2017
                                          LATITUDE:   46  7 N
                                          LONGITUDE:  67 48 W

  TEMPERATURE IN F:       :PCPN:    SNOW:  WIND      :SUNSHINE: SKY     :PK WND
================================================================================
1   2   3   4   5  6A  6B    7    8   9   10  11  12  13   14  15   16   17  18
                                     12Z  AVG MX 2MIN
DY MAX MIN AVG DEP HDD CDD  WTR  SNW DPTH SPD SPD DIR MIN PSBL S-S WX    SPD DR
================================================================================

 1  37  27  32   0  33   0 0.00    M    M  5.4 15  20   M    M   6        21 120
 2  45  27  36   3  29   0 0.00    M    M  5.3 20  10   M    M   7        22  10
 3  40  22  31  -2  34   0 0.00    M    M  8.1 20  10   M    M   0        29  10
 4  44  17  31  -3  34   0 0.01    M    M  4.6 17 170   M    M   5 1      26 100
 5  37  30  34   0  31   0 0.07    M    M  3.9 13 100   M    M  10 18     18  80
 6  41  33  37   2  28   0 0.26    M    M  6.4 18  90   M    M  10 1      26 100
 7  50  38  44   9  21   0 0.33    M    M  8.2 18 120   M    M   9 1      26 110
 8  42  36  39   3  26   0 0.08    M    M  6.4 14 260   M    M  10 1      19 310
 9  52  35  44   8  21   0 0.00    M    M  5.9 14 320   M    M   5        22 300
10  69  39  54  18  11   0 0.01    M    M  8.2 16 220   M    M   5        23 190
11  60  41  51  14  14   0 0.13    M    M  6.7 15  10   M    M   8 1      19 140
12  47  38  43   5  22   0 0.71    M    M  2.6 12 130   M    M  10 1      21 120
13  46  29  38   0  27   0    T    M    M  7.5 16 270   M    M   6        24 250
14  54  25  40   2  25   0 0.00    M    M  6.5 20  10   M    M   1        26 350
15  65  27  46   7  19   0 0.00    M    M  8.1 21 240   M    M   1        28 210
16  62  42  52  13  13   0 0.72    M    M  7.4 15 280   M    M  10 1      20 290
17  42  31  37  -3  28   0 0.07    M    M  4.9 13 110   M    M  10 1      18  90
18  41  29  35  -5  30   0 0.01    M    M  4.7 10  60   M    M  10 1      14  70
19  46  31  39  -2  26   0 0.15    M    M  9.2 18 160   M    M   9 1      26 180
20  40  32  36  -5  29   0 0.04    M    M  4.0 12 160   M    M  10 1      17 150
21  43  33  38  -4  27   0 0.23    M    M  7.1 16 100   M    M  10 1      22  90
22  36  32  34  -8  31   0 0.20    M    M  4.1 12 130   M    M  10 1      18 130
23  53  33  43   0  22   0 0.00  0.0    M  6.1 14 190   M    M   6 12     20 210
================================================================================
SM 1092  727       581   0  3.02     0.0 141.3          M      168
================================================================================
AV 47.5 31.6                               6.1 FASTST   M    M   7    MAX(MPH)
                                 MISC ---->  # 21 240               # 29   10
================================================================================
NOTES:
# LAST OF SEVERAL OCCURRENCES

COLUMN 17 PEAK WIND IN M.P.H.

PRELIMINARY LOCAL CLIMATOLOGICAL DATA (WS FORM: F-6) , PAGE 2

                                          STATION:  HOULTON ME
                                          MONTH:    APRIL
                                          YEAR:     2017
                                          LATITUDE:   46  7 N
                                          LONGITUDE:  67 48 W

[TEMPERATURE DATA]      [PRECIPITATION DATA]       SYMBOLS USED IN COLUMN 16

AVERAGE MONTHLY: 39.5   TOTAL FOR MONTH:   3.02    1 = FOG OR MIST
DPTR FM NORMAL:   2.1   DPTR FM NORMAL:    0.08    2 = FOG REDUCING VISIBILITY
HIGHEST:    69 ON 10    GRTST 24HR  0.72 ON 16-16      TO 1/4 MILE OR LESS
LOWEST:     17 ON  4                               3 = THUNDER
                        SNOW, ICE PELLETS, HAIL    4 = ICE PELLETS
                        TOTAL MONTH:   0.0 INCH    5 = HAIL
                        GRTST 24HR     0.0         6 = FREEZING RAIN OR DRIZZLE
                        GRTST DEPTH:  M  ON   M    7 = DUSTSTORM OR SANDSTORM:
                                                       VSBY 1/2 MILE OR LESS
                                                   8 = SMOKE OR HAZE
[NO. OF DAYS WITH]      [WEATHER - DAYS WITH]      9 = BLOWING SNOW
                                                   X = TORNADO
MAX 32 OR BELOW:   0    0.01 INCH OR MORE:  15
MAX 90 OR ABOVE:   0    0.10 INCH OR MORE:   8
MIN 32 OR BELOW:  13    0.50 INCH OR MORE:   2
MIN  0 OR BELOW:   0    1.00 INCH OR MORE:   0

[HDD (BASE 65) ]
TOTAL THIS MO.   581    CLEAR  (SCALE 0-3)   3
DPTR FM NORMAL   -52    PTCLDY (SCALE 4-7)   8
TOTAL FM JUL 1  7870    CLOUDY (SCALE 8-10) 12
DPTR FM NORMAL  -559

[CDD (BASE 65) ]
TOTAL THIS MO.     0
DPTR FM NORMAL     0    [PRESSURE DATA]
TOTAL FM JAN 1     0    HIGHEST SLP M ON M
DPTR FM NORMAL     0    LOWEST  SLP 29.21 ON  7

[REMARKS]
