000
CXUS54 KHGX 271415
CF6IAH
PRELIMINARY LOCAL CLIMATOLOGICAL DATA (WS FORM: F-6)

                                          STATION:   HOUSTON INTERCONTINENTAL
                                          MONTH:     AUGUST
                                          YEAR:      2014
                                          LATITUDE:   29 58 N
                                          LONGITUDE:  95 21 W

  TEMPERATURE IN F:       :PCPN:    SNOW:  WIND      :SUNSHINE: SKY     :PK WND
================================================================================
1   2   3   4   5  6A  6B    7    8   9   10  11  12  13   14  15   16   17  18
                                     12Z  AVG MX 2MIN
DY MAX MIN AVG DEP HDD CDD  WTR  SNW DPTH SPD SPD DIR MIN PSBL S-S WX    SPD DR
================================================================================

 1  87  73  80  -5   0  15 0.01  0.0    0  6.8 15 170   M    M   6 1      20 160
 2  82  71  77  -8   0  12 0.00  0.0    0  4.8 10  10   M    M   8         M  M
 3  89  72  81  -4   0  16 0.00  0.0    0  6.6 14  30   M    M   6 1      21  30
 4  92  73  83  -2   0  18    T  0.0    0  5.8 25 110   M    M   6 1      31 100
 5  92  74  83  -2   0  18    T  0.0    0  5.3 13 130   M    M   5        15 130
 6  94  75  85   0   0  20    T  0.0    0  5.0 15 140   M    M   4        18 160
 7  95  79  87   2   0  22 0.00  0.0    0  6.4 16 160   M    M   3 1      21 140
 8  97  77  87   2   0  22 0.10  0.0    0  6.2 20 180   M    M   5 38     26 190
 9  94  77  86   1   0  21 0.00  0.0    0  4.6 21 150   M    M   4        29 220
10  94  78  86   1   0  21 0.00  0.0    0  3.7 16 110   M    M   6        20 110
11  97  75  86   1   0  21 0.25  0.0    0  3.0 35  30   M    M   5 3      46  30
12  97  76  87   2   0  22 0.00  0.0    0  3.4 14  50   M    M   5        20  50
13  94  73  84  -1   0  19 0.00  0.0    0  6.5 12  40   M    M   5        16  30
14  93  73  83  -2   0  18 0.02  0.0    0  6.7 16 140   M    M   4        20 130
15  96  75  86   1   0  21 0.00  0.0    0  5.1 15 150   M    M   5        20 170
16  98  80  89   4   0  24 0.00  0.0    0  7.7 26 140   M    M   4 3      31 140
17  97  78  88   3   0  23    T  0.0    0  7.4 18 170   M    M   5        24 240
18  96  76  86   1   0  21 0.00  0.0    0  6.2 20 210   M    M   6 3      25 200
19  94  76  85   0   0  20    T  0.0    0  7.4 20 130   M    M   6 3      24 130
20  96  74  85   0   0  20 0.01  0.0    0  6.4 20 220   M    M   5 38     25 230
21  98  76  87   2   0  22 0.00  0.0    0  7.9 18 160   M    M   4        22 160
22  98  75  87   3   0  22 0.00  0.0    0  6.3 16 140   M    M   3        22 130
23  98  75  87   3   0  22 0.00  0.0    0  5.0 17 120   M    M   3        29 100
24  98  74  86   2   0  21 0.00  0.0    0  3.6 13 140   M    M   3        16 200
25  99  76  88   4   0  23 0.00  0.0    0  4.1 28 100   M    M   5        33 100
26  97  74  86   2   0  21 0.00  0.0    0  7.4 17  70   M    M   7        26  60
================================================================================
SM 2462 1955         0 525  0.39     0.0 149.3          M      128
================================================================================
AV 94.7 75.2                               5.7 FASTST   M    M   5    MAX(MPH)
                                 MISC ---->  # 35  30               # 46   30
================================================================================
NOTES:
# LAST OF SEVERAL OCCURRENCES

COLUMN 17 PEAK WIND IN M.P.H.

PRELIMINARY LOCAL CLIMATOLOGICAL DATA (WS FORM: F-6) , PAGE 2

                                          STATION:  HOUSTON INTERCONTINENTAL
                                          MONTH:    AUGUST
                                          YEAR:     2014
                                          LATITUDE:   29 58 N
                                          LONGITUDE:  95 21 W

[TEMPERATURE DATA]      [PRECIPITATION DATA]       SYMBOLS USED IN COLUMN 16

AVERAGE MONTHLY: 84.9   TOTAL FOR MONTH:   0.39    1 = FOG OR MIST
DPTR FM NORMAL:   0.1   DPTR FM NORMAL:   -2.63    2 = FOG REDUCING VISIBILITY
HIGHEST:    99 ON 25    GRTST 24HR  3.92 ON 31- 1      TO 1/4 MILE OR LESS
LOWEST:     71 ON  2                               3 = THUNDER
                        SNOW, ICE PELLETS, HAIL    4 = ICE PELLETS
                        TOTAL MONTH:   0.0 INCH    5 = HAIL
                        GRTST 24HR     0.0         6 = FREEZING RAIN OR DRIZZLE
                        GRTST DEPTH:   0           7 = DUSTSTORM OR SANDSTORM:
                                                       VSBY 1/2 MILE OR LESS
                                                   8 = SMOKE OR HAZE
[NO. OF DAYS WITH]      [WEATHER - DAYS WITH]      9 = BLOWING SNOW
                                                   X = TORNADO
MAX 32 OR BELOW:   0    0.01 INCH OR MORE:   5
MAX 90 OR ABOVE:  23    0.10 INCH OR MORE:   2
MIN 32 OR BELOW:   0    0.50 INCH OR MORE:   0
MIN  0 OR BELOW:   0    1.00 INCH OR MORE:   0

[HDD (BASE 65) ]
TOTAL THIS MO.     0    CLEAR  (SCALE 0-3)   1
DPTR FM NORMAL     0    PTCLDY (SCALE 4-7)  25
TOTAL FM JUL 1     0    CLOUDY (SCALE 8-10)  0
DPTR FM NORMAL     0

[CDD (BASE 65) ]
TOTAL THIS MO.   525
DPTR FM NORMAL     9    [PRESSURE DATA]
TOTAL FM JAN 1  2187    HIGHEST SLP M ON M
DPTR FM NORMAL  -102    LOWEST  SLP 29.85 ON  7

[REMARKS]
