000
CXUS53 KUNR 210945
CF6IEN
PRELIMINARY LOCAL CLIMATOLOGICAL DATA (WS FORM: F-6)

                                          STATION:   PINE RIDGE SD
                                          MONTH:     FEBRUARY
                                          YEAR:      2018
                                          LATITUDE:   43  1 N
                                          LONGITUDE: 102 31 W

  TEMPERATURE IN F:       :PCPN:    SNOW:  WIND      :SUNSHINE: SKY     :PK WND
================================================================================
1   2   3   4   5  6A  6B    7    8   9   10  11  12  13   14  15   16   17  18
                                     12Z  AVG MX 2MIN
DY MAX MIN AVG DEP HDD CDD  WTR  SNW DPTH SPD SPD DIR MIN PSBL S-S WX    SPD DR
================================================================================

 1  28  14  21  -3  44   0    M    M    M   M   M   M   M    M   M         M  M
 2  44  12  28   4  37   0 0.00    M    M  3.2  9 210   M    M   2        12 220
 3  43   5  24   0  41   0 0.08    M    M  9.2 25  30   M    M   6 1      30  30
 4  23  -1  11 -14  54   0 0.02    M    M  9.4 18 200   M    M   7 1      25 190
 5  27  10  19  -6  46   0 0.01    M    M  7.9 23 360   M    M   9 1      28 360
 6  30  12  21  -4  44   0    T    M    M  9.1 21 190   M    M   9 1      25 190
 7  37  11  24  -1  41   0    T    M    M  7.4 20 200   M    M   9        26 200
 8  36   7  22  -3  43   0 0.06    M    M  6.9 20  20   M    M   6 1      23  10
 9   7 -19  -6 -31  71   0 0.33    M    M  4.6 13  30   M    M   8 128    16  30
10  10 -25  -7 -32  72   0 0.00    M    M  5.1 13 260   M    M   1 18     14 240
11  31 -13   9 -17  56   0    T    M    M  6.2 18  40   M    M   2 1      23  30
12  14   7  11 -15  54   0    T    M    M 11.3 18  90   M    M   9 18     27  90
13  40   4  22  -4  43   0 0.00    M    M  5.2 12 280   M    M   1        13 250
14  48  11  30   4  35   0 0.00    M    M  6.0 16 280   M    M   0        22 260
15  34  -2  16 -10  49   0    T    M    M  5.7 25 360   M    M   6 1      33 340
16  42  -1  21  -6  44   0    T    M    M  5.5 20 190   M    M   2        24 190
17  42  14  28   1  37   0 0.00    M    M  9.4 31 180   M    M   1        40 190
18  49   7  28   1  37   0    T    M    M 15.5 26  20   M    M   5 1      35  20
19   7   0   4 -23  61   0 0.14    M    M 10.4 16  20   M    M  10 1      20  20
20   6 -19  -6 -34  71   0    T    M    M  4.5 12 250   M    M   3 1      14 250
================================================================================
SM  598   34       980   0  0.64    M    142.5          M       96
================================================================================
AV 29.9  1.7                               7.5 FASTST   M    M   5    MAX(MPH)
                                 MISC ---->  # 31 180               # 40  190
================================================================================
NOTES:
# LAST OF SEVERAL OCCURRENCES

COLUMN 17 PEAK WIND IN M.P.H.

PRELIMINARY LOCAL CLIMATOLOGICAL DATA (WS FORM: F-6) , PAGE 2

                                          STATION:  PINE RIDGE SD
                                          MONTH:    FEBRUARY
                                          YEAR:     2018
                                          LATITUDE:   43  1 N
                                          LONGITUDE: 102 31 W

[TEMPERATURE DATA]      [PRECIPITATION DATA]       SYMBOLS USED IN COLUMN 16

AVERAGE MONTHLY: 15.8   TOTAL FOR MONTH:   0.64    1 = FOG OR MIST
DPTR FM NORMAL:  -9.8   DPTR FM NORMAL:    0.31    2 = FOG REDUCING VISIBILITY
HIGHEST:    49 ON 18    GRTST 24HR  0.33 ON  9- 9      TO 1/4 MILE OR LESS
LOWEST:    -25 ON 10                               3 = THUNDER
                        SNOW, ICE PELLETS, HAIL    4 = ICE PELLETS
                        TOTAL MONTH:    M          5 = HAIL
                        GRTST 24HR    M  ON   M    6 = FREEZING RAIN OR DRIZZLE
                        GRTST DEPTH:  M  ON   M    7 = DUSTSTORM OR SANDSTORM:
                                                       VSBY 1/2 MILE OR LESS
                                                   8 = SMOKE OR HAZE
[NO. OF DAYS WITH]      [WEATHER - DAYS WITH]      9 = BLOWING SNOW
                                                   X = TORNADO
MAX 32 OR BELOW:  10    0.01 INCH OR MORE:   6
MAX 90 OR ABOVE:   0    0.10 INCH OR MORE:   2
MIN 32 OR BELOW:  20    0.50 INCH OR MORE:   0
MIN  0 OR BELOW:   8    1.00 INCH OR MORE:   0

[HDD (BASE 65) ]
TOTAL THIS MO.   980    CLEAR  (SCALE 0-3)   8
DPTR FM NORMAL   193    PTCLDY (SCALE 4-7)   6
TOTAL FM JUL 1  4937    CLOUDY (SCALE 8-10)  5
DPTR FM NORMAL  -127

[CDD (BASE 65) ]
TOTAL THIS MO.     0
DPTR FM NORMAL     0    [PRESSURE DATA]
TOTAL FM JAN 1     0    HIGHEST SLP M ON M
DPTR FM NORMAL     0    LOWEST  SLP 29.27 ON 18

[REMARKS]
