000
CXUS52 KILM 281000
CF6ILM
PRELIMINARY LOCAL CLIMATOLOGICAL DATA (WS FORM: F-6)

                                          STATION:   WILMINGTON NORTH CAROLINA
                                          MONTH:     SEPTEMBER
                                          YEAR:      2016
                                          LATITUDE:   34 16 N
                                          LONGITUDE:  77 55 W

  TEMPERATURE IN F:       :PCPN:    SNOW:  WIND      :SUNSHINE: SKY     :PK WND
================================================================================
1   2   3   4   5  6A  6B    7    8   9   10  11  12  13   14  15   16   17  18
                                     12Z  AVG MX 2MIN
DY MAX MIN AVG DEP HDD CDD  WTR  SNW DPTH SPD SPD DIR MIN PSBL S-S WX    SPD DR
================================================================================

 1  91  72  82   4   0  17 0.00  0.0    0  5.9 16 200   M    M   2        22 210
 2  79  72  76  -2   0  11 7.78  0.0    0  8.0 26  30   M    M  10 123    37 230
 3  82  67  75  -3   0  10 0.08  0.0    0 14.6 23 330   M    M  10 1      32 280
 4  83  65  74  -4   0   9 0.00  0.0    0  4.5 15 330   M    M   2        20 320
 5  83  62  73  -4   0   8 0.00  0.0    0  5.0 17  30   M    M   0        22  30
 6  90  63  77   0   0  12 0.00  0.0    0  6.9 15 270   M    M   0        19 270
 7  94  72  83   6   0  18 0.00  0.0    0  9.5 16 270   M    M   1        22 250
 8  94  73  84   7   0  19 0.00  0.0    0  8.9 14 220   M    M   M        18 220
 9  90  72  81   5   0  16 0.00  0.0    0  7.1 15 180   M    M   1        19 220
10  88  69  79   3   0  14 0.00  0.0    0  5.8 15 180   M    M   1        19 180
11  92  73  83   7   0  18 0.00  0.0    0  7.2 16 230   M    M   1 3      20 240
12  84  72  78   2   0  13 0.03  0.0    0  3.1 14  40   M    M   3 3      16  40
13  86  70  78   2   0  13 0.14  0.0    0  6.8 17 100   M    M   3 1      22 110
14  81  70  76   1   0  11 0.00  0.0    0  4.8 12 120   M    M   2        17  90
15  82  72  77   2   0  12 0.96  0.0    0 11.4 22  40   M    M   5 1      28  50
16  86  71  79   4   0  14 0.06  0.0    0 10.8 18  20   M    M   5        23  60
17  86  71  79   5   0  14 0.00  0.0    0  9.7 18  80   M    M   5        24 100
18  87  73  80   6   0  15    T  0.0    0  8.8 16 110   M    M   6 1      21  90
19  86  71  79   5   0  14 1.24  0.0    0  7.9 23 320   M    M   7 138    29 330
20  77  72  75   1   0  10 0.00  0.0    0  8.7 17 320   M    M  10 1      20 320
21  82  71  77   4   0  12 1.06  0.0    0  4.4 17 130   M    M   8 1      23 130
22  79  71  75   2   0  10 1.16  0.0    0  5.0 12  40   M    M   8 13     14  30
23  81  71  76   3   0  11 1.83  0.0    0  6.0 15 360   M    M   7 13     19 350
24  88  69  79   7   0  14 0.00  0.0    0  3.4 10 350   M    M   3 12     13  40
25  83  67  75   3   0  10 0.00  0.0    0  7.0 15  90   M    M   5 1      20  90
26  81  66  74   2   0   9 0.00  0.0    0  6.8 14 100   M    M   3        17 120
27  83  69  76   5   0  11 0.00  0.0    0  3.0 16  60   M    M   1        22  50
================================================================================
SM 2298 1886         0 345 14.34     0.0 191.0          M      109
================================================================================
AV 85.1 69.9                               7.1 FASTST   M    M   4    MAX(MPH)
                                 MISC ---->  # 26  30               # 37  230
================================================================================
NOTES:
# LAST OF SEVERAL OCCURRENCES

COLUMN 17 PEAK WIND IN M.P.H.

PRELIMINARY LOCAL CLIMATOLOGICAL DATA (WS FORM: F-6) , PAGE 2

                                          STATION:  WILMINGTON NORTH CAROLINA
                                          MONTH:    SEPTEMBER
                                          YEAR:     2016
                                          LATITUDE:   34 16 N
                                          LONGITUDE:  77 55 W

[TEMPERATURE DATA]      [PRECIPITATION DATA]       SYMBOLS USED IN COLUMN 16

AVERAGE MONTHLY: 77.5   TOTAL FOR MONTH:  14.34    1 = FOG OR MIST
DPTR FM NORMAL:   2.4   DPTR FM NORMAL:    7.18    2 = FOG REDUCING VISIBILITY
HIGHEST:    94 ON  8, 7 GRTST 24HR  7.82 ON  2- 3      TO 1/4 MILE OR LESS
LOWEST:     62 ON  5                               3 = THUNDER
                        SNOW, ICE PELLETS, HAIL    4 = ICE PELLETS
                        TOTAL MONTH:   0.0 INCH    5 = HAIL
                        GRTST 24HR     0.0         6 = FREEZING RAIN OR DRIZZLE
                        GRTST DEPTH:   0           7 = DUSTSTORM OR SANDSTORM:
                                                       VSBY 1/2 MILE OR LESS
                                                   8 = SMOKE OR HAZE
[NO. OF DAYS WITH]      [WEATHER - DAYS WITH]      9 = BLOWING SNOW
                                                   X = TORNADO
MAX 32 OR BELOW:   0    0.01 INCH OR MORE:  10
MAX 90 OR ABOVE:   6    0.10 INCH OR MORE:   7
MIN 32 OR BELOW:   0    0.50 INCH OR MORE:   6
MIN  0 OR BELOW:   0    1.00 INCH OR MORE:   5

[HDD (BASE 65) ]
TOTAL THIS MO.     0    CLEAR  (SCALE 0-3)  13
DPTR FM NORMAL     0    PTCLDY (SCALE 4-7)   8
TOTAL FM JUL 1     0    CLOUDY (SCALE 8-10)  5
DPTR FM NORMAL     0

[CDD (BASE 65) ]
TOTAL THIS MO.   345
DPTR FM NORMAL    69    [PRESSURE DATA]
TOTAL FM JAN 1  2215    HIGHEST SLP M ON M
DPTR FM NORMAL   316    LOWEST  SLP 29.50 ON  2

[REMARKS]
