000
CXUS53 KILX 272300
CF6ILX
PRELIMINARY LOCAL CLIMATOLOGICAL DATA (WS FORM: F-6)

                                          STATION:   LINCOLN IL
                                          MONTH:     AUGUST
                                          YEAR:      2014
                                          LATITUDE:   40  9 N
                                          LONGITUDE:  89 20 W

  TEMPERATURE IN F:       :PCPN:    SNOW:  WIND      :SUNSHINE: SKY     :PK WND
================================================================================
1   2   3   4   5  6A  6B    7    8   9   10  11  12  13   14  15   16   17  18
                                     12Z  AVG MX 2MIN
DY MAX MIN AVG DEP HDD CDD  WTR  SNW DPTH SPD SPD DIR MIN PSBL S-S WX    SPD DR
================================================================================

 1  81  58  70  -4   0   5 0.46  0.0    0   M   M   M   M    M   M 13      M  M
 2  82  54  68  -6   0   3 0.00  0.0    0   M   M   M   M    M   M 1       M  M
 3  82  56  69  -5   0   4 0.00  0.0    0   M   M   M   M    M   M 1       M  M
 4  84  56  70  -4   0   5 0.59  0.0    0   M   M   M   M    M   M 3       M  M
 5  81  64  73  -1   0   8 0.34  0.0    0   M   M   M   M    M   M 13      M  M
 6  77  61  69  -5   0   4    T  0.0    0   M   M   M   M    M   M 12      M  M
 7  70  64  67  -7   0   2 0.46  0.0    0   M   M   M   M    M   M 1       M  M
 8  73  64  69  -5   0   4 0.47  0.0    0   M   M   M   M    M   M 1       M  M
 9  78  65  72  -2   0   7 0.04  0.0    0   M   M   M   M    M   M         M  M
10  81  66  74   1   0   9    T  0.0    0   M   M   M   M    M   M         M  M
11  82  65  74   1   0   9 0.06  0.0    0   M   M   M   M    M   M 18      M  M
12  78  58  68  -5   0   3 0.00  0.0    0   M   M   M   M    M   M         M  M
13  80  56  68  -5   0   3 0.00  0.0    0   M   M   M   M    M   M         M  M
14  81  59  70  -3   0   5 0.00  0.0    0   M   M   M   M    M   M         M  M
15  73  55  64  -9   1   0 0.00  0.0    0   M   M   M   M    M   M         M  M
16  73  63  68  -5   0   3 0.02  0.0    0   M   M   M   M    M   M 1       M  M
17  79  66  73   0   0   8    T  0.0    0   M   M   M   M    M   M 1       M  M
18  83  63  73   0   0   8 0.00  0.0    0   M   M   M   M    M   M 12      M  M
19  85  63  74   1   0   9 0.02  0.0    0   M   M   M   M    M   M 18      M  M
20  82  61  72  -1   0   7 0.15  0.0    0   M   M   M   M    M   M 13      M  M
21  88  70  79   6   0  14 0.00  0.0    0   M   M   M   M    M   M 1       M  M
22  87  72  80   7   0  15 0.92  0.0    0   M   M   M   M    M   M 13      M  M
23  88  71  80   7   0  15 0.00  0.0    0   M   M   M   M    M   M 1       M  M
24  93  68  81   8   0  16 0.00  0.0    0   M   M   M   M    M   M 1       M  M
25  94  69  82  10   0  17 0.00  0.0    0   M   M   M   M    M   M 1       M  M
26  91  67  79   7   0  14 0.00  0.0    0   M   M   M   M    M   M 13      M  M
================================================================================
SM 2126 1634         1 197  3.53     0.0     M          M        M
================================================================================
AV 81.8 62.8                                 M FASTST   M    M   4    MAX(MPH)
                                 MISC ---->     M   M                  M    M
================================================================================
NOTES:
# LAST OF SEVERAL OCCURRENCES

COLUMN 17 PEAK WIND IN M.P.H.

PRELIMINARY LOCAL CLIMATOLOGICAL DATA (WS FORM: F-6) , PAGE 2

                                          STATION:  LINCOLN IL
                                          MONTH:    AUGUST
                                          YEAR:     2014
                                          LATITUDE:   40  9 N
                                          LONGITUDE:  89 20 W

[TEMPERATURE DATA]      [PRECIPITATION DATA]       SYMBOLS USED IN COLUMN 16

AVERAGE MONTHLY: 72.3   TOTAL FOR MONTH:   3.53    1 = FOG OR MIST
DPTR FM NORMAL:  -1.0   DPTR FM NORMAL:    0.20    2 = FOG REDUCING VISIBILITY
HIGHEST:    94 ON 25    GRTST 24HR  0.92 ON 22-22      TO 1/4 MILE OR LESS
LOWEST:     54 ON  2                               3 = THUNDER
                        SNOW, ICE PELLETS, HAIL    4 = ICE PELLETS
                        TOTAL MONTH:   0.0 INCH    5 = HAIL
                        GRTST 24HR     0.0         6 = FREEZING RAIN OR DRIZZLE
                        GRTST DEPTH:   0           7 = DUSTSTORM OR SANDSTORM:
                                                       VSBY 1/2 MILE OR LESS
                                                   8 = SMOKE OR HAZE
[NO. OF DAYS WITH]      [WEATHER - DAYS WITH]      9 = BLOWING SNOW
                                                   X = TORNADO
MAX 32 OR BELOW:   0    0.01 INCH OR MORE:  11
MAX 90 OR ABOVE:   3    0.10 INCH OR MORE:   7
MIN 32 OR BELOW:   0    0.50 INCH OR MORE:   2
MIN  0 OR BELOW:   0    1.00 INCH OR MORE:   0

[HDD (BASE 65) ]
TOTAL THIS MO.     1    CLEAR  (SCALE 0-3)   0
DPTR FM NORMAL     1    PTCLDY (SCALE 4-7)   0
TOTAL FM JUL 1    10    CLOUDY (SCALE 8-10)  0
DPTR FM NORMAL     8

[CDD (BASE 65) ]
TOTAL THIS MO.   197
DPTR FM NORMAL   -24    [PRESSURE DATA]
TOTAL FM JAN 1   692    HIGHEST SLP M ON M
DPTR FM NORMAL  -163    LOWEST  SLP M ON M

[REMARKS]
