000
CXUS53 KILX 222300
CF6ILX
PRELIMINARY LOCAL CLIMATOLOGICAL DATA (WS FORM: F-6)

                                          STATION:   LINCOLN IL
                                          MONTH:     MAY
                                          YEAR:      2017
                                          LATITUDE:   40  9 N
                                          LONGITUDE:  89 20 W

  TEMPERATURE IN F:       :PCPN:    SNOW:  WIND      :SUNSHINE: SKY     :PK WND
================================================================================
1   2   3   4   5  6A  6B    7    8   9   10  11  12  13   14  15   16   17  18
                                     12Z  AVG MX 2MIN
DY MAX MIN AVG DEP HDD CDD  WTR  SNW DPTH SPD SPD DIR MIN PSBL S-S WX    SPD DR
================================================================================

 1  57  42  50  -8  15   0 0.06  0.0    0   M   M   M   M    M   M         M  M
 2  59  42  51  -7  14   0 0.00  0.0    0   M   M   M   M    M   M         M  M
 3  52  37  45 -14  20   0 0.24  0.0    0   M   M   M   M    M   M         M  M
 4  53  43  48 -11  17   0 0.50  0.0    0   M   M   M   M    M   M         M  M
 5  65  41  53  -7  12   0 0.00  0.0    0   M   M   M   M    M   M         M  M
 6  64  43  54  -6  11   0 0.01  0.0    0   M   M   M   M    M   M         M  M
 7  68  38  53  -7  12   0 0.00  0.0    0   M   M   M   M    M   M         M  M
 8  71  43  57  -3   8   0 0.00  0.0    0   M   M   M   M    M   M         M  M
 9  85  54  70   9   0   5 0.00  0.0    0   M   M   M   M    M   M         M  M
10  84  54  69   8   0   4 0.47  0.0    0   M   M   M   M    M   M 13      M  M
11  64  52  58  -4   7   0    T  0.0    0   M   M   M   M    M   M         M  M
12  73  48  61  -1   4   0 0.00  0.0    0   M   M   M   M    M   M         M  M
13  80  47  64   2   1   0 0.00  0.0    0   M   M   M   M    M   M         M  M
14  82  59  71   9   0   6 0.00  0.0    0   M   M   M   M    M   M         M  M
15  86  57  72   9   0   7 0.00  0.0    0   M   M   M   M    M   M         M  M
16  86  60  73  10   0   8 0.00  0.0    0   M   M   M   M    M   M         M  M
17  84  66  75  12   0  10    T  0.0    0   M   M   M   M    M   M         M  M
18  88  67  78  14   0  13 0.00  0.0    0   M   M   M   M    M   M 3       M  M
19  68  49  59  -5   6   0 0.94  0.0    0   M   M   M   M    M   M 13      M  M
20  76  51  64   0   1   0 0.78  0.0    0   M   M   M   M    M   M 13      M  M
21  67  51  59  -6   6   0 0.03  0.0    0   M   M   M   M    M   M 3       M  M
================================================================================
SM 1512 1044       134  53  3.03     0.0     M          M        M
================================================================================
AV 72.0 49.7                                 M FASTST   M    M   4    MAX(MPH)
                                 MISC ---->     M   M                  M    M
================================================================================
NOTES:
# LAST OF SEVERAL OCCURRENCES

COLUMN 17 PEAK WIND IN M.P.H.

PRELIMINARY LOCAL CLIMATOLOGICAL DATA (WS FORM: F-6) , PAGE 2

                                          STATION:  LINCOLN IL
                                          MONTH:    MAY
                                          YEAR:     2017
                                          LATITUDE:   40  9 N
                                          LONGITUDE:  89 20 W

[TEMPERATURE DATA]      [PRECIPITATION DATA]       SYMBOLS USED IN COLUMN 16

AVERAGE MONTHLY: 60.9   TOTAL FOR MONTH:   3.03    1 = FOG OR MIST
DPTR FM NORMAL:  -0.6   DPTR FM NORMAL:    0.23    2 = FOG REDUCING VISIBILITY
HIGHEST:    88 ON 18    GRTST 24HR  0.94 ON 19-19      TO 1/4 MILE OR LESS
LOWEST:     37 ON  3                               3 = THUNDER
                        SNOW, ICE PELLETS, HAIL    4 = ICE PELLETS
                        TOTAL MONTH:   0.0 INCH    5 = HAIL
                        GRTST 24HR     0.0         6 = FREEZING RAIN OR DRIZZLE
                        GRTST DEPTH:   0           7 = DUSTSTORM OR SANDSTORM:
                                                       VSBY 1/2 MILE OR LESS
                                                   8 = SMOKE OR HAZE
[NO. OF DAYS WITH]      [WEATHER - DAYS WITH]      9 = BLOWING SNOW
                                                   X = TORNADO
MAX 32 OR BELOW:   0    0.01 INCH OR MORE:   8
MAX 90 OR ABOVE:   0    0.10 INCH OR MORE:   5
MIN 32 OR BELOW:   0    0.50 INCH OR MORE:   3
MIN  0 OR BELOW:   0    1.00 INCH OR MORE:   0

[HDD (BASE 65) ]
TOTAL THIS MO.   134    CLEAR  (SCALE 0-3)   0
DPTR FM NORMAL    22    PTCLDY (SCALE 4-7)   0
TOTAL FM JUL 1  4695    CLOUDY (SCALE 8-10)  0
DPTR FM NORMAL  -972

[CDD (BASE 65) ]
TOTAL THIS MO.    53
DPTR FM NORMAL    16    [PRESSURE DATA]
TOTAL FM JAN 1    67    HIGHEST SLP M ON M
DPTR FM NORMAL    15    LOWEST  SLP M ON M

[REMARKS]
