000
CXUS53 KIND 290730
CF6IND
PRELIMINARY LOCAL CLIMATOLOGICAL DATA (WS FORM: F-6)

                                          STATION:   INDIANAPOLIS IN
                                          MONTH:     JULY
                                          YEAR:      2014
                                          LATITUDE:   39 43 N
                                          LONGITUDE:  86 17 W

  TEMPERATURE IN F:       :PCPN:    SNOW:  WIND      :SUNSHINE: SKY     :PK WND
================================================================================
1   2   3   4   5  6A  6B    7    8   9   10  11  12  13   14  15   16   17  18
                                     12Z  AVG MX 2MIN
DY MAX MIN AVG DEP HDD CDD  WTR  SNW DPTH SPD SPD DIR MIN PSBL S-S WX    SPD DR
================================================================================

 1  86  66  76   1   0  11 0.13  0.0    0 10.6 49 330   M    M   M 3      71 310
 2  79  63  71  -4   0   6 0.00  0.0    0 11.0 20 300   M    M   6        27 250
 3  73  60  67  -8   0   2    T  0.0    0  9.1 20 340   M    M   7 1      23 330
 4  79  54  67  -9   0   2 0.00  0.0    0  6.0 14  30   M    M   2 8      22  10
 5  79  59  69  -7   0   4 0.00  0.0    0  6.6 14 180   M    M   5 18     18 180
 6  83  64  74  -2   0   9 0.03  0.0    0 11.1 21 200   M    M   7        25 220
 7  79  68  74  -2   0   9    T  0.0    0 12.8 22 230   M    M   7 3      28 210
 8  81  67  74  -2   0   9 0.32  0.0    0 15.2 39 230   M    M   5 13     52 240
 9  81  62  72  -4   0   7 0.00  0.0    0  8.9 18 250   M    M   2        24 320
10  80  61  71  -5   0   6 0.00  0.0    0  6.9 14 340   M    M   3        20 340
11  81  60  71  -5   0   6 0.00  0.0    0  4.8 12 180   M    M   3        18 210
12  80  67  74  -2   0   9 0.07  0.0    0  8.9 18 200   M    M   9 1      34 220
13  84  72  78   2   0  13 0.00  0.0    0 10.1 18 320   M    M   9        23 260
14  85  65  75  -1   0  10 0.39  0.0    0  7.4 36 320   M    M   8 13     45 310
15  71  56  64 -12   1   0 0.00  0.0    0 11.2 21 280   M    M   4        25 300
16  72  53  63 -13   2   0 0.00  0.0    0  7.0 15 310   M    M   3        19 330
17  77  53  65 -11   0   0 0.00  0.0    0  4.4 13 310   M    M   3        17 320
18  78  57  68  -8   0   3 0.00  0.0    0  6.0 18 160   M    M   7 8      22 140
19  77  58  68  -7   0   3 0.00  0.0    0  4.8 13  40   M    M   8        16  60
20  81  60  71  -4   0   6 0.00  0.0    0  3.0  8 280   M    M   7 1      10 150
21  85  62  74  -1   0   9 0.00  0.0    0  2.4 10 180   M    M   3 18     14 170
22  88  67  78   3   0  13 0.00  0.0    0  6.7 17 240   M    M   2 18     22 240
23  76  62  69  -6   0   4 1.61  0.0    0  9.0 20 160   M    M   8 13     23 150
24  76  58  67  -8   0   2 0.00  0.0    0  8.3 16  20   M    M   4        21  20
25  74  56  65 -10   0   0    T  0.0    0  4.9 14 180   M    M   6        18 200
26  82  67  75   0   0  10 0.10  0.0    0  8.8 26 310   M    M   9 13     35 310
27  85  66  76   1   0  11 0.22  0.0    0 10.9 31 280   M    M   7 138    39 280
28  73  57  65 -10   0   0 0.00  0.0    0 13.3 23 340   M    M   6        29 330
================================================================================
SM 2225 1720         3 164  2.87     0.0 230.1          M      150
================================================================================
AV 79.5 61.4                               8.2 FASTST   M    M   6    MAX(MPH)
                                 MISC ---->  # 49 330               # 71  310
================================================================================
NOTES:
# LAST OF SEVERAL OCCURRENCES

COLUMN 17 PEAK WIND IN M.P.H.

PRELIMINARY LOCAL CLIMATOLOGICAL DATA (WS FORM: F-6) , PAGE 2

                                          STATION:  INDIANAPOLIS IN
                                          MONTH:    JULY
                                          YEAR:     2014
                                          LATITUDE:   39 43 N
                                          LONGITUDE:  86 17 W

[TEMPERATURE DATA]      [PRECIPITATION DATA]       SYMBOLS USED IN COLUMN 16

AVERAGE MONTHLY: 70.4   TOTAL FOR MONTH:   2.87    1 = FOG OR MIST
DPTR FM NORMAL:  -5.1   DPTR FM NORMAL:   -1.30    2 = FOG REDUCING VISIBILITY
HIGHEST:    88 ON 22    GRTST 24HR  1.61 ON 23-23      TO 1/4 MILE OR LESS
LOWEST:     53 ON 17,16                            3 = THUNDER
                        SNOW, ICE PELLETS, HAIL    4 = ICE PELLETS
                        TOTAL MONTH:   0.0 INCH    5 = HAIL
                        GRTST 24HR     0.0         6 = FREEZING RAIN OR DRIZZLE
                        GRTST DEPTH:   0           7 = DUSTSTORM OR SANDSTORM:
                                                       VSBY 1/2 MILE OR LESS
                                                   8 = SMOKE OR HAZE
[NO. OF DAYS WITH]      [WEATHER - DAYS WITH]      9 = BLOWING SNOW
                                                   X = TORNADO
MAX 32 OR BELOW:   0    0.01 INCH OR MORE:   8
MAX 90 OR ABOVE:   0    0.10 INCH OR MORE:   6
MIN 32 OR BELOW:   0    0.50 INCH OR MORE:   1
MIN  0 OR BELOW:   0    1.00 INCH OR MORE:   1

[HDD (BASE 65) ]
TOTAL THIS MO.     3    CLEAR  (SCALE 0-3)   7
DPTR FM NORMAL     3    PTCLDY (SCALE 4-7)  16
TOTAL FM JUL 1     3    CLOUDY (SCALE 8-10)  4
DPTR FM NORMAL     3

[CDD (BASE 65) ]
TOTAL THIS MO.   164
DPTR FM NORMAL  -131    [PRESSURE DATA]
TOTAL FM JAN 1   506    HIGHEST SLP M ON M
DPTR FM NORMAL   -99    LOWEST  SLP 29.68 ON  8

[REMARKS]
