000
CXUS54 KMAF 291100
CF6INK
PRELIMINARY LOCAL CLIMATOLOGICAL DATA (WS FORM: F-6)

                                          STATION:   Wink
                                          MONTH:     AUGUST
                                          YEAR:      2016
                                          LATITUDE:   31 46 N
                                          LONGITUDE: 103 12 W

  TEMPERATURE IN F:       :PCPN:    SNOW:  WIND      :SUNSHINE: SKY     :PK WND
================================================================================
1   2   3   4   5  6A  6B    7    8   9   10  11  12  13   14  15   16   17  18
                                     12Z  AVG MX 2MIN
DY MAX MIN AVG DEP HDD CDD  WTR  SNW DPTH SPD SPD DIR MIN PSBL S-S WX    SPD DR
================================================================================

 1 102  72  87   3   0  22 0.00  0.0    0 11.1 22 130   M    M   1        28 150
 2 102  73  88   4   0  23 0.08  0.0    0  7.5 37 100   M    M   1        59 110
 3 101  73  87   3   0  22 0.00  0.0    0  8.8 17 140   M    M   0        22 150
 4 103  75  89   5   0  24    T  0.0    0 10.2 18 150   M    M   1        24 140
 5 102  76  89   5   0  24    T  0.0    0 13.5 22 130   M    M   0        27 150
 6 100  73  87   4   0  22    T  0.0    0 10.8 22 120   M    M   0        31 120
 7 102  76  89   6   0  24    T  0.0    0 11.1 20 120   M    M   1        26 120
 8 103  77  90   7   0  25 0.00  0.0    0  9.6 20 180   M    M   0        26 180
 9 102  73  88   5   0  23 0.07  0.0    0 12.1 33 140   M    M   3        43  80
10  96  72  84   1   0  19 0.02  0.0    0  5.9 20 190   M    M   0        25 180
11 100  72  86   3   0  21 0.05  0.0    0  8.1 32 180   M    M   1        40 180
12 100  75  88   5   0  23 0.01  0.0    0  7.3 29  60   M    M   4        37  70
13  91  72  82  -1   0  17    T  0.0    0  9.8 25  40   M    M   2        32  40
14  86  64  75  -8   0  10    T  0.0    0 10.3 18  20   M    M   0        24  30
15  92  59  76  -7   0  11    T  0.0    0  7.4 15 110   M    M   0        20  60
16  94  65  80  -3   0  15    T  0.0    0  9.2 18  90   M    M   0        24  90
17  92  62  77  -6   0  12    T  0.0    0  6.7 20 150   M    M   1        24 150
18  92  71  82  -1   0  17    T  0.0    0 12.2 25 150   M    M   3        32 140
19  94  68  81  -2   0  16    T  0.0    0 11.1 33 170   M    M   0        42 170
20  90  67  79  -4   0  14    T  0.0    0  9.5 25  70   M    M   4        29  70
21  87  69  78  -4   0  13    T  0.0    0  8.2 17 120   M    M   8        21 120
22  89  68  79  -3   0  14    T  0.0    0 11.5 18 160   M    M   3        24 140
23  92  70  81  -1   0  16    T  0.0    0 13.1 28 140   M    M   2        35 150
24  78  63  71 -11   0   6 0.20  0.0    0  7.5 33 310   M    M   5        42 320
25  84  68  76  -6   0  11 0.01  0.0    0  8.7 24 140   M    M   1        30 140
26  87  66  77  -5   0  12 0.00  0.0    0  7.0 15 140   M    M   4        18 130
27  91  67  79  -3   0  14 0.00  0.0    0  7.5 15 150   M    M   1        17 140
28  92  69  81   0   0  16 0.00  0.0    0 10.0 22 150   M    M   1        28 150
================================================================================
SM 2644 1955         0 486  0.44     0.0 265.7          M       47
================================================================================
AV 94.4 69.8                               9.5 FASTST   M    M   2    MAX(MPH)
                                 MISC ---->  # 37 100               # 59  110
================================================================================
NOTES:
# LAST OF SEVERAL OCCURRENCES

COLUMN 17 PEAK WIND IN M.P.H.

PRELIMINARY LOCAL CLIMATOLOGICAL DATA (WS FORM: F-6) , PAGE 2

                                          STATION:  Wink
                                          MONTH:    AUGUST
                                          YEAR:     2016
                                          LATITUDE:   31 46 N
                                          LONGITUDE: 103 12 W

[TEMPERATURE DATA]      [PRECIPITATION DATA]       SYMBOLS USED IN COLUMN 16

AVERAGE MONTHLY: 82.1   TOTAL FOR MONTH:   0.44    1 = FOG OR MIST
DPTR FM NORMAL:  -0.7   DPTR FM NORMAL:   -0.91    2 = FOG REDUCING VISIBILITY
HIGHEST:   103 ON  8, 4 GRTST 24HR  0.20 ON 24-24      TO 1/4 MILE OR LESS
LOWEST:     59 ON 15                               3 = THUNDER
                        SNOW, ICE PELLETS, HAIL    4 = ICE PELLETS
                        TOTAL MONTH:   0.0 INCH    5 = HAIL
                        GRTST 24HR     0.0         6 = FREEZING RAIN OR DRIZZLE
                        GRTST DEPTH:   0           7 = DUSTSTORM OR SANDSTORM:
                                                       VSBY 1/2 MILE OR LESS
                                                   8 = SMOKE OR HAZE
[NO. OF DAYS WITH]      [WEATHER - DAYS WITH]      9 = BLOWING SNOW
                                                   X = TORNADO
MAX 32 OR BELOW:   0    0.01 INCH OR MORE:   7
MAX 90 OR ABOVE:  22    0.10 INCH OR MORE:   1
MIN 32 OR BELOW:   0    0.50 INCH OR MORE:   0
MIN  0 OR BELOW:   0    1.00 INCH OR MORE:   0

[HDD (BASE 65) ]
TOTAL THIS MO.     0    CLEAR  (SCALE 0-3)  22
DPTR FM NORMAL     0    PTCLDY (SCALE 4-7)   6
TOTAL FM JUL 1     0    CLOUDY (SCALE 8-10)  0
DPTR FM NORMAL     0

[CDD (BASE 65) ]
TOTAL THIS MO.   486
DPTR FM NORMAL    -8    [PRESSURE DATA]
TOTAL FM JAN 1  2075    HIGHEST SLP M ON M
DPTR FM NORMAL    49    LOWEST  SLP 29.67 ON  8

[REMARKS]
