000
CXUS53 KDLH 190632
CF6INL
PRELIMINARY LOCAL CLIMATOLOGICAL DATA (WS FORM: F-6)

                                          STATION:   INTERNATIONAL FALLS
                                          MONTH:     OCTOBER
                                          YEAR:      2017
                                          LATITUDE:   48 34 N
                                          LONGITUDE:  93 23 W

  TEMPERATURE IN F:       :PCPN:    SNOW:  WIND      :SUNSHINE: SKY     :PK WND
================================================================================
1   2   3   4   5  6A  6B    7    8   9   10  11  12  13   14  15   16   17  18
                                     12Z  AVG MX 2MIN
DY MAX MIN AVG DEP HDD CDD  WTR  SNW DPTH SPD SPD DIR MIN PSBL S-S WX    SPD DR
================================================================================

 1  60  53  57  10   8   0 0.28  0.0    0 10.4 17 140   M    M  10 1      29 150
 2  61  50  56   9   9   0 0.30  0.0    0  5.9 16 160   M    M   6 12     26 150
 3  56  36  46   0  19   0 0.24  0.0    0  3.5 16 320   M    M   7 12     21 320
 4  54  35  45  -1  20   0 0.00  0.0    0  7.6 16 270   M    M   6        24 280
 5  60  29  45   0  20   0 0.00  0.0    0  3.4 13 330   M    M   1        17 270
 6  55  26  41  -4  24   0 0.00  0.0    0  2.7 12 220   M    M   0 1      15 220
 7  68  29  49   4  16   0 0.00  0.0    0  5.3 16 220   M    M   3 12     24 240
 8  61  31  46   2  19   0 0.00  0.0    0  7.0 17 280   M    M   1        26 290
 9  44  33  39  -5  26   0 0.00  0.0    0  6.9 15 270   M    M   7        22 280
10  59  23  41  -3  24   0 0.00  0.0    0  4.0 14 250   M    M   0 8      20 220
11  61  25  43   0  22   0 0.00  0.0    0  6.9 18 140   M    M   2        24 140
12  66  49  58  15   7   0 0.00  0.0    0  9.1 16 150   M    M   4        27 190
13  58  25  42   0  23   0 0.00  0.0    0  7.6 20 280   M    M   2        29 280
14  51  23  37  -5  28   0 0.00  0.0    0  4.5 10 360   M    M   5        15  10
15  50  28  39  -3  26   0 0.00  0.0    0  5.9 17 260   M    M   3        23 240
16  63  28  46   5  19   0 0.00  0.0    0  7.1 18 210   M    M   0        28 200
17  72  28  50   9  15   0 0.00  0.0    0  5.5 18 220   M    M   0        27 200
18  65  47  56  16   9   0 0.00  0.0    0 14.1 26 270   M    M   0        40 260
================================================================================
SM 1064  598       334   0  0.82     0.0 117.4          M       57
================================================================================
AV 59.1 33.2                               6.5 FASTST   M    M   3    MAX(MPH)
                                 MISC ---->  # 26 270               # 40  260
================================================================================
NOTES:
# LAST OF SEVERAL OCCURRENCES

COLUMN 17 PEAK WIND IN M.P.H.

PRELIMINARY LOCAL CLIMATOLOGICAL DATA (WS FORM: F-6) , PAGE 2

                                          STATION:  INTERNATIONAL FALLS
                                          MONTH:    OCTOBER
                                          YEAR:     2017
                                          LATITUDE:   48 34 N
                                          LONGITUDE:  93 23 W

[TEMPERATURE DATA]      [PRECIPITATION DATA]       SYMBOLS USED IN COLUMN 16

AVERAGE MONTHLY: 46.2   TOTAL FOR MONTH:   0.82    1 = FOG OR MIST
DPTR FM NORMAL:   2.4   DPTR FM NORMAL:   -0.49    2 = FOG REDUCING VISIBILITY
HIGHEST:    72 ON 17    GRTST 24HR  0.30 ON  2- 2      TO 1/4 MILE OR LESS
LOWEST:     23 ON 14,10                            3 = THUNDER
                        SNOW, ICE PELLETS, HAIL    4 = ICE PELLETS
                        TOTAL MONTH:   0.0 INCH    5 = HAIL
                        GRTST 24HR     0.0         6 = FREEZING RAIN OR DRIZZLE
                        GRTST DEPTH:   0           7 = DUSTSTORM OR SANDSTORM:
                                                       VSBY 1/2 MILE OR LESS
                                                   8 = SMOKE OR HAZE
[NO. OF DAYS WITH]      [WEATHER - DAYS WITH]      9 = BLOWING SNOW
                                                   X = TORNADO
MAX 32 OR BELOW:   0    0.01 INCH OR MORE:   3
MAX 90 OR ABOVE:   0    0.10 INCH OR MORE:   3
MIN 32 OR BELOW:  11    0.50 INCH OR MORE:   0
MIN  0 OR BELOW:   0    1.00 INCH OR MORE:   0

[HDD (BASE 65) ]
TOTAL THIS MO.   334    CLEAR  (SCALE 0-3)  10
DPTR FM NORMAL   -49    PTCLDY (SCALE 4-7)   7
TOTAL FM JUL 1   814    CLOUDY (SCALE 8-10)  1
DPTR FM NORMAL  -103

[CDD (BASE 65) ]
TOTAL THIS MO.     0
DPTR FM NORMAL     0    [PRESSURE DATA]
TOTAL FM JAN 1    86    HIGHEST SLP M ON M
DPTR FM NORMAL  -106    LOWEST  SLP 29.34 ON  7

[REMARKS]
