000
CXUS53 KDLH 290642
CF6INL
PRELIMINARY LOCAL CLIMATOLOGICAL DATA (WS FORM: F-6)

                                          STATION:   INTERNATIONAL FLS
                                          MONTH:     APRIL
                                          YEAR:      2016
                                          LATITUDE:   48 34 N
                                          LONGITUDE:  93 23 W

  TEMPERATURE IN F:       :PCPN:    SNOW:  WIND      :SUNSHINE: SKY     :PK WND
================================================================================
1   2   3   4   5  6A  6B    7    8   9   10  11  12  13   14  15   16   17  18
                                     12Z  AVG MX 2MIN
DY MAX MIN AVG DEP HDD CDD  WTR  SNW DPTH SPD SPD DIR MIN PSBL S-S WX    SPD DR
================================================================================

 1  32  19  26  -6  39   0 0.05  0.7    T 11.3 21 300   M    M   8 128    27 350
 2  24  14  19 -13  46   0 0.01  0.3    1 11.0 22 340   M    M   9 18     28 340
 3  26  13  20 -13  45   0 0.01  0.1    T  9.1 18  70   M    M   9 8      24  70
 4  33  11  22 -12  43   0 0.00  0.0    T  4.2 13 350   M    M   0        16  30
 5  42  15  29  -5  36   0 0.26  2.4    T  7.9 15 150   M    M   7 128    25 150
 6  38  30  34   0  31   0 0.07  0.7    3  6.5 14  30   M    M  10 18     18  30
 7  38  25  32  -3  33   0 0.06  0.3    T  9.3 25 320   M    M  10 18     31 330
 8  26  10  18 -18  47   0    T    T    T 11.3 23 350   M    M   6 8      28 330
 9  32   6  19 -17  46   0    T    T    T  9.5 24 140   M    M   4 8      32 150
10  36  26  31  -6  34   0 0.03  0.4    T 12.7 22 140   M    M   9 18     28 150
11  35  19  27 -10  38   0 0.01    T    T 13.0 25 320   M    M   8 18     32 330
12  47   9  28 -10  37   0 0.00  0.0    0  3.9 13 160   M    M   1        19 140
13  58  24  41   3  24   0 0.00  0.0    T  6.8 14 110   M    M   0        17 100
14  69  31  50  11  15   0 0.01  0.0    T  6.8 15 150   M    M   4 8      22 150
15  73  50  62  23   3   0 0.01  0.0    T  8.3 20 200   M    M   2        31 190
16  77  48  63  23   2   0    T  0.0    T  6.9 16 220   M    M   9        24 220
17  54  37  46   6  19   0 0.36  0.0    0  7.6 15  20   M    M  10 1      19  30
18  50  35  43   2  22   0 0.16  0.0    0  7.9 15  60   M    M   7 1      20  80
19  67  29  48   7  17   0 0.00  0.0    0  6.6 20 140   M    M   0 1      26 140
20  65  33  49   7  16   0 0.00  0.0    0  4.0 13 210   M    M   7        17 200
21  49  29  39  -3  26   0 0.23  0.0    0  8.0 18  30   M    M   8 1      24 360
22  50  21  36  -7  29   0 0.00  0.0    0  3.3 10 100   M    M   3        14  80
23  50  38  44   1  21   0 0.04  0.0    0  4.5 10 140   M    M  10 1      13 140
24  47  39  43  -1  22   0    T  0.0    0 12.2 23  90   M    M  10        32  90
25  42  35  39  -5  26   0 0.80    T    0 13.4 28 100   M    M  10 1      36  90
26  54  33  44   0  21   0 0.00  0.0    0  8.5 18 100   M    M   2 8      24  90
27  55  27  41  -4  24   0 0.00  0.0    0  9.6 18  90   M    M   0        26  70
28  55  35  45   0  20   0 0.00  0.0    0  8.0 16  50   M    M   0        22  90
================================================================================
SM 1324  741       782   0  2.11     4.9 232.1          M      163
================================================================================
AV 47.3 26.5                               8.3 FASTST   M    M   6    MAX(MPH)
                                 MISC ---->  # 28 100               # 36   90
================================================================================
NOTES:
# LAST OF SEVERAL OCCURRENCES

COLUMN 17 PEAK WIND IN M.P.H.

PRELIMINARY LOCAL CLIMATOLOGICAL DATA (WS FORM: F-6) , PAGE 2

                                          STATION:  INTERNATIONAL FLS
                                          MONTH:    APRIL
                                          YEAR:     2016
                                          LATITUDE:   48 34 N
                                          LONGITUDE:  93 23 W

[TEMPERATURE DATA]      [PRECIPITATION DATA]       SYMBOLS USED IN COLUMN 16

AVERAGE MONTHLY: 36.9   TOTAL FOR MONTH:   2.11    1 = FOG OR MIST
DPTR FM NORMAL:  -2.0   DPTR FM NORMAL:    0.72    2 = FOG REDUCING VISIBILITY
HIGHEST:    77 ON 16    GRTST 24HR  0.80 ON 25-25      TO 1/4 MILE OR LESS
LOWEST:      6 ON  9                               3 = THUNDER
                        SNOW, ICE PELLETS, HAIL    4 = ICE PELLETS
                        TOTAL MONTH:   4.9 INCHES  5 = HAIL
                        GRTST 24HR   2.4 ON   M    6 = FREEZING RAIN OR DRIZZLE
                        GRTST DEPTH:   3 ON  6     7 = DUSTSTORM OR SANDSTORM:
                                                       VSBY 1/2 MILE OR LESS
                                                   8 = SMOKE OR HAZE
[NO. OF DAYS WITH]      [WEATHER - DAYS WITH]      9 = BLOWING SNOW
                                                   X = TORNADO
MAX 32 OR BELOW:   5    0.01 INCH OR MORE:  15
MAX 90 OR ABOVE:   0    0.10 INCH OR MORE:   5
MIN 32 OR BELOW:  18    0.50 INCH OR MORE:   1
MIN  0 OR BELOW:   0    1.00 INCH OR MORE:   0

[HDD (BASE 65) ]
TOTAL THIS MO.   782    CLEAR  (SCALE 0-3)   9
DPTR FM NORMAL    49    PTCLDY (SCALE 4-7)   7
TOTAL FM JUL 1  8417    CLOUDY (SCALE 8-10) 12
DPTR FM NORMAL -1182

[CDD (BASE 65) ]
TOTAL THIS MO.     0
DPTR FM NORMAL     0    [PRESSURE DATA]
TOTAL FM JAN 1     0    HIGHEST SLP M ON M
DPTR FM NORMAL     0    LOWEST  SLP 29.53 ON  2

[REMARKS]
