000
CXUS55 KDVN 171100
CF6IOW
PRELIMINARY LOCAL CLIMATOLOGICAL DATA (WS FORM: F-6)

                                          STATION:   IOWA CITY IA
                                          MONTH:     APRIL
                                          YEAR:      2014
                                          LATITUDE:   41 37 N
                                          LONGITUDE:  91 33 W

  TEMPERATURE IN F:       :PCPN:    SNOW:  WIND      :SUNSHINE: SKY     :PK WND
================================================================================
1   2   3   4   5  6A  6B    7    8   9   10  11  12  13   14  15   16   17  18
                                     12Z  AVG MX 2MIN
DY MAX MIN AVG DEP HDD CDD  WTR  SNW DPTH SPD SPD DIR MIN PSBL S-S WX    SPD DR
================================================================================

 1  47  25  36 -10  29   0 0.00    M    M 15.5 30 270   M    M   6        39 280
 2  50  31  41  -5  24   0    T    M    M 11.0 21 100   M    M   6        29 110
 3  45  37  41  -6  24   0 0.06    M    M 12.5 24 100   M    M  10 13     32 100
 4  41  34  38  -9  27   0    T    M    M 15.0 32 310   M    M  10 1      41 300
 5  53  24  39  -9  26   0 0.00    M    M  4.4 13 150   M    M   0 1      18 180
 6  61  33  47  -1  18   0 0.00    M    M  6.8 16 180   M    M   6        22 170
 7  63  38  51   3  14   0    T    M    M  6.2 22 320   M    M   3        27 320
 8  59  39  49   1  16   0 0.00    M    M 12.7 24 300   M    M   0        30 350
 9  70  29  50   1  15   0 0.00    M    M 10.7 28 190   M    M   0        33 190
10  66  41  54   5  11   0 0.00    M    M  9.4 22 320   M    M   0        30 330
11  75  32  54   4  11   0 0.00    M    M  6.9 23 270   M    M   0        29 250
12  83  51  67  17   0   2 0.08    M    M 13.4 44 250   M    M   4 13     53 240
13  63  44  54   4  11   0 2.08    M    M 11.1 28  10   M    M   7 13     36  10
14  45  30  38 -12  27   0 0.03    M    M 16.1 31 330   M    M   7 1      45 330
15  41  26  34 -17  31   0 0.00    M    M  8.3 21 290   M    M   0        26 320
16  60  31  46  -5  19   0 0.00    M    M 17.8 33 160   M    M   3        42 160
================================================================================
SM  922  545       303   2  2.25    M    177.8          M       62
================================================================================
AV 57.6 34.1                              11.1 FASTST   M    M   4    MAX(MPH)
                                 MISC ---->  # 44 250               # 53  240
================================================================================
NOTES:
# LAST OF SEVERAL OCCURRENCES

COLUMN 17 PEAK WIND IN M.P.H.

PRELIMINARY LOCAL CLIMATOLOGICAL DATA (WS FORM: F-6) , PAGE 2

                                          STATION:  IOWA CITY IA
                                          MONTH:    APRIL
                                          YEAR:     2014
                                          LATITUDE:   41 37 N
                                          LONGITUDE:  91 33 W

[TEMPERATURE DATA]      [PRECIPITATION DATA]       SYMBOLS USED IN COLUMN 16

AVERAGE MONTHLY: 45.8   TOTAL FOR MONTH:   2.25    1 = FOG OR MIST
DPTR FM NORMAL:  -2.8   DPTR FM NORMAL:    0.73    2 = FOG REDUCING VISIBILITY
HIGHEST:    83 ON 12    GRTST 24HR  2.12 ON 12-13      TO 1/4 MILE OR LESS
LOWEST:     24 ON  5                               3 = THUNDER
                        SNOW, ICE PELLETS, HAIL    4 = ICE PELLETS
                        TOTAL MONTH:    M          5 = HAIL
                        GRTST 24HR    M  ON   M    6 = FREEZING RAIN OR DRIZZLE
                        GRTST DEPTH:  M  ON   M    7 = DUSTSTORM OR SANDSTORM:
                                                       VSBY 1/2 MILE OR LESS
                                                   8 = SMOKE OR HAZE
[NO. OF DAYS WITH]      [WEATHER - DAYS WITH]      9 = BLOWING SNOW
                                                   X = TORNADO
MAX 32 OR BELOW:   0    0.01 INCH OR MORE:   4
MAX 90 OR ABOVE:   0    0.10 INCH OR MORE:   1
MIN 32 OR BELOW:   8    0.50 INCH OR MORE:   1
MIN  0 OR BELOW:   0    1.00 INCH OR MORE:   1

[HDD (BASE 65) ]
TOTAL THIS MO.   303    CLEAR  (SCALE 0-3)   8
DPTR FM NORMAL    39    PTCLDY (SCALE 4-7)   6
TOTAL FM JUL 1  7139    CLOUDY (SCALE 8-10)  2
DPTR FM NORMAL  1108

[CDD (BASE 65) ]
TOTAL THIS MO.     2
DPTR FM NORMAL     2    [PRESSURE DATA]
TOTAL FM JAN 1     2    HIGHEST SLP M ON M
DPTR FM NORMAL     2    LOWEST  SLP 29.35 ON 13

[REMARKS]
