000
CXUS55 KPSR 211005
CF6IPL
PRELIMINARY LOCAL CLIMATOLOGICAL DATA (WS FORM: F-6)

                                          STATION:   IMPERIAL CA
                                          MONTH:     OCTOBER
                                          YEAR:      2014
                                          LATITUDE:   32 50 N
                                          LONGITUDE: 115 35 W

  TEMPERATURE IN F:       :PCPN:    SNOW:  WIND      :SUNSHINE: SKY     :PK WND
================================================================================
1   2   3   4   5  6A  6B    7    8   9   10  11  12  13   14  15   16   17  18
                                     12Z  AVG MX 2MIN
DY MAX MIN AVG DEP HDD CDD  WTR  SNW DPTH SPD SPD DIR MIN PSBL S-S WX    SPD DR
================================================================================

 1  95  66  81   1   0  16 0.00  0.0    0  3.2 13  10   M    M   0        16  10
 2  94  64  79  -1   0  14 0.00  0.0    0  7.3 18  20   M    M   0        23  30
 3  99  58  79   0   0  14 0.00  0.0    0  5.5 10 260   M    M   0        12  20
 4 101  63  82   3   0  17 0.00  0.0    0  3.6 10  80   M    M   0        14  70
 5 101  62  82   4   0  17 0.00  0.0    0  3.4 12 260   M    M   0        13 270
 6  96  68  82   4   0  17 0.00  0.0    0  2.2 10 280   M    M   0        12 270
 7  90  72  81   3   0  16    T  0.0    0  6.9 23 150   M    M   3        28 140
 8  89  70  80   3   0  15 0.00  0.0    0  4.6 10 110   M    M   3        14  90
 9  94  66  80   3   0  15 0.00  0.0    0  4.9 13 150   M    M   0        15 150
10  93  67  80   4   0  15 0.00  0.0    0  3.2 10 120   M    M   0 8      14 120
11  96  63  80   4   0  15 0.00  0.0    0  2.6  9  80   M    M   0 128    12  70
12  98  65  82   6   0  17 0.00  0.0    0  3.1 10  20   M    M   0        12  10
13  94  62  78   3   0  13 0.00  0.0    0  5.0 15  50   M    M   0        22 300
14  95  58  77   2   0  12 0.00  0.0    0  2.9  9  80   M    M   0        12  80
15  91  65  78   3   0  13 0.00  0.0    0  5.6 15 280   M    M   0        19 280
16  88  62  75   1   0  10 0.00  0.0    0  3.6  9 290   M    M   0 8      12 320
17  92  70  81   7   0  16 0.00  0.0    0  5.3 12 280   M    M   0        15 280
18  91  65  78   4   0  13 0.00  0.0    0  3.5  8 260   M    M   0         9 350
19  95  66  81   8   0  16 0.00  0.0    0  3.4  9 280   M    M   0        11 230
20  94  67  81   8   0  16 0.00  0.0    0  3.6 10 250   M    M   0        14 250
================================================================================
SM 1886 1299         0 297    T      0.0  83.4          M        6
================================================================================
AV 94.3 64.9                               4.2 FASTST   M    M   0    MAX(MPH)
                                 MISC ---->  # 23 150               # 28  140
================================================================================
NOTES:
# LAST OF SEVERAL OCCURRENCES

COLUMN 17 PEAK WIND IN M.P.H.

PRELIMINARY LOCAL CLIMATOLOGICAL DATA (WS FORM: F-6) , PAGE 2

                                          STATION:  IMPERIAL CA
                                          MONTH:    OCTOBER
                                          YEAR:     2014
                                          LATITUDE:   32 50 N
                                          LONGITUDE: 115 35 W

[TEMPERATURE DATA]      [PRECIPITATION DATA]       SYMBOLS USED IN COLUMN 16

AVERAGE MONTHLY: 79.6   TOTAL FOR MONTH:      T    1 = FOG OR MIST
DPTR FM NORMAL:   3.3   DPTR FM NORMAL:   -0.23    2 = FOG REDUCING VISIBILITY
HIGHEST:   101 ON  5, 4 GRTST 24HR    T  ON  7- 7      TO 1/4 MILE OR LESS
LOWEST:     58 ON 14, 3                            3 = THUNDER
                        SNOW, ICE PELLETS, HAIL    4 = ICE PELLETS
                        TOTAL MONTH:   0.0 INCH    5 = HAIL
                        GRTST 24HR     0.0         6 = FREEZING RAIN OR DRIZZLE
                        GRTST DEPTH:   0           7 = DUSTSTORM OR SANDSTORM:
                                                       VSBY 1/2 MILE OR LESS
                                                   8 = SMOKE OR HAZE
[NO. OF DAYS WITH]      [WEATHER - DAYS WITH]      9 = BLOWING SNOW
                                                   X = TORNADO
MAX 32 OR BELOW:   0    0.01 INCH OR MORE:   0
MAX 90 OR ABOVE:  18    0.10 INCH OR MORE:   0
MIN 32 OR BELOW:   0    0.50 INCH OR MORE:   0
MIN  0 OR BELOW:   0    1.00 INCH OR MORE:   0

[HDD (BASE 65) ]
TOTAL THIS MO.     0    CLEAR  (SCALE 0-3)  19
DPTR FM NORMAL     0    PTCLDY (SCALE 4-7)   1
TOTAL FM JUL 1     0    CLOUDY (SCALE 8-10)  0
DPTR FM NORMAL     0

[CDD (BASE 65) ]
TOTAL THIS MO.   297
DPTR FM NORMAL    70    [PRESSURE DATA]
TOTAL FM JAN 1  4344    HIGHEST SLP M ON M
DPTR FM NORMAL   486    LOWEST  SLP 29.67 ON 19

[REMARKS]
