000
CXUS55 KPSR 271005
CF6IPL
PRELIMINARY LOCAL CLIMATOLOGICAL DATA (WS FORM: F-6)

                                          STATION:   IMPERIAL CA
                                          MONTH:     JULY
                                          YEAR:      2017
                                          LATITUDE:   32 50 N
                                          LONGITUDE: 115 35 W

  TEMPERATURE IN F:       :PCPN:    SNOW:  WIND      :SUNSHINE: SKY     :PK WND
================================================================================
1   2   3   4   5  6A  6B    7    8   9   10  11  12  13   14  15   16   17  18
                                     12Z  AVG MX 2MIN
DY MAX MIN AVG DEP HDD CDD  WTR  SNW DPTH SPD SPD DIR MIN PSBL S-S WX    SPD DR
================================================================================

 1 110  77  94   4   0  29 0.00  0.0    0  7.6 21 130   M    M   2        26 130
 2 106  71  89  -1   0  24 0.00  0.0    0  7.8 16 130   M    M   1        20 120
 3 108  74  91   0   0  26 0.00  0.0    0  7.6 16 120   M    M   2         M  M
 4 112  79  96   5   0  31 0.00  0.0    0  5.0 12 260   M    M   3        15 120
 5 110  85  98   7   0  33    T  0.0    0  5.5 22 150   M    M   2        26 140
 6 114  83  99   8   0  34 0.00  0.0    0  6.5 18 140   M    M   3        23 150
 7 121  83 102  11   0  37 0.00  0.0    0  5.3 15 260   M    M   4 8      17 260
 8 110  86  98   6   0  33 0.00  0.0    0 14.0 31 130   M    M   3 8      37 130
 9 106  85  96   4   0  31    T  0.0    0  7.7 26 150   M    M   2 8      32 150
10 110  84  97   5   0  32 0.00  0.0    0  8.7 18 260   M    M   3 8      23 260
11 109  84  97   5   0  32 0.00  0.0    0 10.2 24 250   M    M   3 8      29 240
12 111  82  97   5   0  32 0.00  0.0    0  8.0 16 270   M    M   3        23 200
13 110  82  96   4   0  31 0.00  0.0    0  6.8 13 140   M    M   4         M  M
14 111  84  98   6   0  33 0.00  0.0    0  5.2 15 130   M    M   3        18 140
15 109  86  98   6   0  33 0.00  0.0    0 12.0 24 140   M    M   3        32 140
16 107  84  96   3   0  31 0.00  0.0    0 11.5 21 130   M    M   2        25 130
17 108  84  96   3   0  31 0.00  0.0    0 12.1 23 130   M    M   3        28 170
18 109  84  97   4   0  32 0.00  0.0    0 10.6 20 130   M    M   3        24 130
19 106  86  96   3   0  31 0.00  0.0    0  8.5 17 360   M    M   2        20 140
20 108  84  96   3   0  31 0.00  0.0    0  8.9 17 160   M    M   3        21 130
21 108  82  95   2   0  30 0.00  0.0    0  8.1 20 130   M    M   4        23 120
22 110  83  97   4   0  32 0.00  0.0    0  8.6 18 140   M    M   4        21 130
23 107  82  95   2   0  30 0.35  0.0    0 12.3 28 110   M    M   2 38     32 110
24 100  82  91  -2   0  26    T  0.0    0  8.9 20 150   M    M   2 3      24 130
25 105  82  94   1   0  29 0.00  0.0    0  5.9 12 140   M    M   1         M  M
26 109  77  93   0   0  28 0.00  0.0    0  5.5 15 150   M    M   0         M  M
================================================================================
SM 2834 2135         0 802  0.35     0.0 218.8          M       67
================================================================================
AV109.0 82.1                               8.4 FASTST   M    M   3    MAX(MPH)
                                 MISC ---->  # 31 130               # 37  130
================================================================================
NOTES:
# LAST OF SEVERAL OCCURRENCES

COLUMN 17 PEAK WIND IN M.P.H.

PRELIMINARY LOCAL CLIMATOLOGICAL DATA (WS FORM: F-6) , PAGE 2

                                          STATION:  IMPERIAL CA
                                          MONTH:    JULY
                                          YEAR:     2017
                                          LATITUDE:   32 50 N
                                          LONGITUDE: 115 35 W

[TEMPERATURE DATA]      [PRECIPITATION DATA]       SYMBOLS USED IN COLUMN 16

AVERAGE MONTHLY: 95.6   TOTAL FOR MONTH:   0.35    1 = FOG OR MIST
DPTR FM NORMAL:   3.5   DPTR FM NORMAL:    0.26    2 = FOG REDUCING VISIBILITY
HIGHEST:   121 ON  7    GRTST 24HR  0.35 ON 23-23      TO 1/4 MILE OR LESS
LOWEST:     71 ON  2                               3 = THUNDER
                        SNOW, ICE PELLETS, HAIL    4 = ICE PELLETS
                        TOTAL MONTH:   0.0 INCH    5 = HAIL
                        GRTST 24HR     0.0         6 = FREEZING RAIN OR DRIZZLE
                        GRTST DEPTH:   0           7 = DUSTSTORM OR SANDSTORM:
                                                       VSBY 1/2 MILE OR LESS
                                                   8 = SMOKE OR HAZE
[NO. OF DAYS WITH]      [WEATHER - DAYS WITH]      9 = BLOWING SNOW
                                                   X = TORNADO
MAX 32 OR BELOW:   0    0.01 INCH OR MORE:   1
MAX 90 OR ABOVE:  26    0.10 INCH OR MORE:   1
MIN 32 OR BELOW:   0    0.50 INCH OR MORE:   0
MIN  0 OR BELOW:   0    1.00 INCH OR MORE:   0

[HDD (BASE 65) ]
TOTAL THIS MO.     0    CLEAR  (SCALE 0-3)  19
DPTR FM NORMAL     0    PTCLDY (SCALE 4-7)   7
TOTAL FM JUL 1     0    CLOUDY (SCALE 8-10)  0
DPTR FM NORMAL     0

[CDD (BASE 65) ]
TOTAL THIS MO.   802
DPTR FM NORMAL    98    [PRESSURE DATA]
TOTAL FM JAN 1  2507    HIGHEST SLP M ON M
DPTR FM NORMAL   499    LOWEST  SLP 28.60 ON  8

[REMARKS]
