000
CXUS55 KCTP 190700
CF6IPT
PRELIMINARY LOCAL CLIMATOLOGICAL DATA (WS FORM: F-6)

                                          STATION:   WILLIAMSPORT PA
                                          MONTH:     OCTOBER
                                          YEAR:      2017
                                          LATITUDE:   41 15 N
                                          LONGITUDE:  76 55 W

  TEMPERATURE IN F:       :PCPN:    SNOW:  WIND      :SUNSHINE: SKY     :PK WND
================================================================================
1   2   3   4   5  6A  6B    7    8   9   10  11  12  13   14  15   16   17  18
                                     12Z  AVG MX 2MIN
DY MAX MIN AVG DEP HDD CDD  WTR  SNW DPTH SPD SPD DIR MIN PSBL S-S WX    SPD DR
================================================================================

 1  68  41  55  -2  10   0 0.00  0.0    0  3.1 10 250   M    M   3 1      12 280
 2  73  41  57   0   8   0 0.00  0.0    0  1.3  6 140   M    M   3 1       7 120
 3  75  43  59   3   6   0 0.00  0.0    0  2.3 15 150   M    M   3 12     20 200
 4  81  44  63   7   2   0 0.00  0.0    0  2.5 14 190   M    M   2 12     21 180
 5  76  57  67  11   0   2    T  0.0    0  2.6 14 250   M    M   4 1      20 270
 6  73  57  65  10   0   0    T  0.0    0  1.2  6 340   M    M   9 1       7 340
 7  84  62  73  18   0   8 0.00  0.0    0  5.5 18 140   M    M   2 1      28 220
 8  83  69  76  22   0  11 0.33  0.0    0  5.8 20 260   M    M   6 1      26 250
 9  84  67  76  22   0  11 0.92  0.0    0  8.1 21 160   M    M   9 12     35 100
10  82  59  71  17   0   6 0.00  0.0    0  2.2  9 170   M    M   5 12     12 180
11  65  59  62   9   3   0 0.78  0.0    0  3.1 13 100   M    M   7 1      17  90
12  63  57  60   7   5   0 0.03  0.0    0  8.3 15 120   M    M   8 1      21 100
13  61  55  58   5   7   0 0.01  0.0    0  6.7 15  80   M    M  10 1      21  70
14  65  58  62  10   3   0 0.01  0.0    0  2.8  9  60   M    M  10 1      15 140
15  75  61  68  16   0   3 0.06  0.0    0  9.7 23 270   M    M   9 1      32 290
16  64  39  52   0  13   0    T  0.0    0  9.3 20 300   M    M   5        27 290
17  64  34  49  -2  16   0 0.00  0.0    0  2.0 13 260   M    M   1        15 250
18  71  40  56   5   9   0 0.00  0.0    0  1.9  9 130   M    M   2 128    12 140
================================================================================
SM 1307  943        82  41  2.14     0.0  78.4          M       98
================================================================================
AV 72.6 52.4                               4.4 FASTST   M    M   5    MAX(MPH)
                                 MISC ---->  # 23 270               # 35  100
================================================================================
NOTES:
# LAST OF SEVERAL OCCURRENCES

COLUMN 17 PEAK WIND IN M.P.H.

PRELIMINARY LOCAL CLIMATOLOGICAL DATA (WS FORM: F-6) , PAGE 2

                                          STATION:  WILLIAMSPORT PA
                                          MONTH:    OCTOBER
                                          YEAR:     2017
                                          LATITUDE:   41 15 N
                                          LONGITUDE:  76 55 W

[TEMPERATURE DATA]      [PRECIPITATION DATA]       SYMBOLS USED IN COLUMN 16

AVERAGE MONTHLY: 62.5   TOTAL FOR MONTH:   2.14    1 = FOG OR MIST
DPTR FM NORMAL:   8.6   DPTR FM NORMAL:    0.08    2 = FOG REDUCING VISIBILITY
HIGHEST:    84 ON  9, 7 GRTST 24HR  0.92 ON  9- 9      TO 1/4 MILE OR LESS
LOWEST:     34 ON 17                               3 = THUNDER
                        SNOW, ICE PELLETS, HAIL    4 = ICE PELLETS
                        TOTAL MONTH:   0.0 INCH    5 = HAIL
                        GRTST 24HR     0.0         6 = FREEZING RAIN OR DRIZZLE
                        GRTST DEPTH:   0           7 = DUSTSTORM OR SANDSTORM:
                                                       VSBY 1/2 MILE OR LESS
                                                   8 = SMOKE OR HAZE
[NO. OF DAYS WITH]      [WEATHER - DAYS WITH]      9 = BLOWING SNOW
                                                   X = TORNADO
MAX 32 OR BELOW:   0    0.01 INCH OR MORE:   7
MAX 90 OR ABOVE:   0    0.10 INCH OR MORE:   3
MIN 32 OR BELOW:   0    0.50 INCH OR MORE:   2
MIN  0 OR BELOW:   0    1.00 INCH OR MORE:   0

[HDD (BASE 65) ]
TOTAL THIS MO.    82    CLEAR  (SCALE 0-3)   6
DPTR FM NORMAL  -121    PTCLDY (SCALE 4-7)   6
TOTAL FM JUL 1   149    CLOUDY (SCALE 8-10)  6
DPTR FM NORMAL  -182

[CDD (BASE 65) ]
TOTAL THIS MO.    41
DPTR FM NORMAL    40    [PRESSURE DATA]
TOTAL FM JAN 1   929    HIGHEST SLP M ON M
DPTR FM NORMAL   231    LOWEST  SLP 29.71 ON 15

[REMARKS]
