000
CXUS55 KEAX 200736
CF6IRK
PRELIMINARY LOCAL CLIMATOLOGICAL DATA (WS FORM: F-6)

                                          STATION:   KIRKSVILLE MO
                                          MONTH:     OCTOBER
                                          YEAR:      2014
                                          LATITUDE:   40  5 N
                                          LONGITUDE:  92 33 W

  TEMPERATURE IN F:       :PCPN:    SNOW:  WIND      :SUNSHINE: SKY     :PK WND
================================================================================
1   2   3   4   5  6A  6B    7    8   9   10  11  12  13   14  15   16   17  18
                                     12Z  AVG MX 2MIN
DY MAX MIN AVG DEP HDD CDD  WTR  SNW DPTH SPD SPD DIR MIN PSBL S-S WX    SPD DR
================================================================================

 1  68  59  64   6   1   0 0.86    M    M  7.1 17 140   M    M   7 1238   22 130
 2  68  58  63   5   2   0 1.18    M    M  9.5 24 160   M    M   9 123    29 150
 3  58  40  49  -9  16   0    T    M    M 13.7 26 290   M    M   8        36 310
 4  52  34  43 -14  22   0    T    M    M 10.1 22 300   M    M   1        30 270
 5  66  42  54  -3  11   0 0.00    M    M  5.8 16 270   M    M   4        22 310
 6  67  48  58   2   7   0 0.02    M    M  8.3 24 290   M    M   3 1      30 290
 7  72  45  59   3   6   0 0.01    M    M  8.0 28 290   M    M   2 1      41 300
 8  71  43  57   1   8   0 0.00    M    M  2.8  9  60   M    M   1 8      13 270
 9  61  51  56   1   9   0 0.16    M    M  8.4 18  40   M    M  10 13     22  70
10  60  42  51  -4  14   0 0.00    M    M  9.9 17  40   M    M   5        22  10
11  64  37  51  -4  14   0 0.00    M    M  5.5 12  50   M    M   0        16 120
12  56  40  48  -6  17   0 0.06    M    M  6.9 12 140   M    M   9 1      14 150
13  66  53  60   6   5   0 1.64    M    M 10.6 23 340   M    M  10 123    32 340
14  54  51  53  -1  12   0 0.09    M    M 18.0 29 330   M    M  10 1      43 330
15  67  42  55   2  10   0 0.00    M    M 10.0 21 310   M    M   1        29 300
16  73  37  55   2  10   0 0.00    M    M  6.3 17 200   M    M   0        23 210
17  64  46  55   2  10   0 0.00    M    M 10.7 21 300   M    M   4        28 280
18  59  36  48  -4  17   0 0.00    M    M  5.8 14 360   M    M   1 1      20 360
19  64  35  50  -2  15   0 0.00    M    M  7.6 16 200   M    M   1 1      22 230
================================================================================
SM 1210  839       206   0  4.02    M    165.0          M       86
================================================================================
AV 63.7 44.2                               8.7 FASTST   M    M   5    MAX(MPH)
                                 MISC ---->  # 29 330               # 43  330
================================================================================
NOTES:
# LAST OF SEVERAL OCCURRENCES

COLUMN 17 PEAK WIND IN M.P.H.

PRELIMINARY LOCAL CLIMATOLOGICAL DATA (WS FORM: F-6) , PAGE 2

                                          STATION:  KIRKSVILLE MO
                                          MONTH:    OCTOBER
                                          YEAR:     2014
                                          LATITUDE:   40  5 N
                                          LONGITUDE:  92 33 W

[TEMPERATURE DATA]      [PRECIPITATION DATA]       SYMBOLS USED IN COLUMN 16

AVERAGE MONTHLY: 53.9   TOTAL FOR MONTH:   4.02    1 = FOG OR MIST
DPTR FM NORMAL:  -1.1   DPTR FM NORMAL:    1.90    2 = FOG REDUCING VISIBILITY
HIGHEST:    73 ON 16    GRTST 24HR  1.67 ON 13-14      TO 1/4 MILE OR LESS
LOWEST:     34 ON  4                               3 = THUNDER
                        SNOW, ICE PELLETS, HAIL    4 = ICE PELLETS
                        TOTAL MONTH:    M          5 = HAIL
                        GRTST 24HR    M  ON   M    6 = FREEZING RAIN OR DRIZZLE
                        GRTST DEPTH:  M  ON   M    7 = DUSTSTORM OR SANDSTORM:
                                                       VSBY 1/2 MILE OR LESS
                                                   8 = SMOKE OR HAZE
[NO. OF DAYS WITH]      [WEATHER - DAYS WITH]      9 = BLOWING SNOW
                                                   X = TORNADO
MAX 32 OR BELOW:   0    0.01 INCH OR MORE:   8
MAX 90 OR ABOVE:   0    0.10 INCH OR MORE:   4
MIN 32 OR BELOW:   0    0.50 INCH OR MORE:   3
MIN  0 OR BELOW:   0    1.00 INCH OR MORE:   2

[HDD (BASE 65) ]
TOTAL THIS MO.   206    CLEAR  (SCALE 0-3)   9
DPTR FM NORMAL     9    PTCLDY (SCALE 4-7)   5
TOTAL FM JUL 1   312    CLOUDY (SCALE 8-10)  5
DPTR FM NORMAL     8

[CDD (BASE 65) ]
TOTAL THIS MO.     0
DPTR FM NORMAL   -10    [PRESSURE DATA]
TOTAL FM JAN 1   955    HIGHEST SLP  0.00 ON M
DPTR FM NORMAL    18    LOWEST  SLP  0.00 ON M

[REMARKS]
