000
CXUS53 KBIS 220830
CF6ISN
PRELIMINARY LOCAL CLIMATOLOGICAL DATA (WS FORM: F-6)

                                          STATION:   WILLISTON ND
                                          MONTH:     JULY
                                          YEAR:      2017
                                          LATITUDE:   48 10 N
                                          LONGITUDE: 103 38 W

  TEMPERATURE IN F:       :PCPN:    SNOW:  WIND      :SUNSHINE: SKY     :PK WND
================================================================================
1   2   3   4   5  6A  6B    7    8   9   10  11  12  13   14  15   16   17  18
                                     12Z  AVG MX 2MIN
DY MAX MIN AVG DEP HDD CDD  WTR  SNW DPTH SPD SPD DIR MIN PSBL S-S WX    SPD DR
================================================================================

 1  83  58  71   4   0   6    T    M    M  6.2 16  10   M    M   4        21  20
 2  86  58  72   4   0   7    T    M    M 10.5 24 120   M    M   0        30 110
 3 100  57  79  11   0  14    T    M    M  6.3 17 140   M    M   1        24 140
 4  95  65  80  12   0  15 0.00    M    M  8.5 17  30   M    M   0        25 360
 5 103  65  84  16   0  19 0.00    M    M  9.0 25 350   M    M   0        30 360
 6  91  62  77   8   0  12    T    M    M  8.6 16 330   M    M   0        22 330
 7  92  59  76   7   0  11 0.00    M    M  6.1 16  40   M    M   0        20  70
 8 101  55  78   9   0  13    T    M    M  6.1 28  30   M    M   0        33  40
 9  93  69  81  12   0  16    T    M    M  8.9 21  70   M    M   0        26  60
10 100  65  83  14   0  18    T    M    M  9.8 21 140   M    M   0        28 200
11  88  63  76   6   0  11 0.33    M    M 13.2 45 300   M    M   2 138    54 290
12  78  59  69  -1   0   4    T    M    M  9.7 16  20   M    M   8 18     22  60
13  87  57  72   2   0   7 0.00    M    M  9.0 17 120   M    M   0        23 150
14 101  67  84  14   0  19    T    M    M 12.1 26 360   M    M   0        32  10
15  89  57  73   3   0   8 0.00    M    M  8.8 17 110   M    M   0        23 120
16 103  69  86  16   0  21    T    M    M  9.4 22 150   M    M   0        29 150
17  86  63  75   4   0  10    T    M    M  9.4 22  10   M    M   0 8      28 350
18  87  54  71   0   0   6 0.00    M    M  6.9 16 120   M    M   2 8      23 120
19  93  66  80   9   0  15 0.03    M    M  7.1 23 250   M    M   1        28 260
20  93  72  83  12   0  18 0.09    M    M 13.6 25  60   0    0   0        38  40
21  96  64  80   9   0  15    T    M    M  9.9 30 330   M    M   0        42 340
================================================================================
SM 1945 1304         0 265  0.45    M    189.1            0     18
================================================================================
AV 92.6 62.1                               9.0 FASTST    0   0   1    MAX(MPH)
                                 MISC ---->  # 45 300               # 54  290
================================================================================
NOTES:
# LAST OF SEVERAL OCCURRENCES

COLUMN 17 PEAK WIND IN M.P.H.

PRELIMINARY LOCAL CLIMATOLOGICAL DATA (WS FORM: F-6) , PAGE 2

                                          STATION:  WILLISTON ND
                                          MONTH:    JULY
                                          YEAR:     2017
                                          LATITUDE:   48 10 N
                                          LONGITUDE: 103 38 W

[TEMPERATURE DATA]      [PRECIPITATION DATA]       SYMBOLS USED IN COLUMN 16

AVERAGE MONTHLY: 77.4   TOTAL FOR MONTH:   0.45    1 = FOG OR MIST
DPTR FM NORMAL:   7.9   DPTR FM NORMAL:   -1.46    2 = FOG REDUCING VISIBILITY
HIGHEST:   103 ON 16, 5 GRTST 24HR  0.33 ON 11-11      TO 1/4 MILE OR LESS
LOWEST:     54 ON 18                               3 = THUNDER
                        SNOW, ICE PELLETS, HAIL    4 = ICE PELLETS
                        TOTAL MONTH:    M          5 = HAIL
                        GRTST 24HR    M  ON   M    6 = FREEZING RAIN OR DRIZZLE
                        GRTST DEPTH:  M  ON   M    7 = DUSTSTORM OR SANDSTORM:
                                                       VSBY 1/2 MILE OR LESS
                                                   8 = SMOKE OR HAZE
[NO. OF DAYS WITH]      [WEATHER - DAYS WITH]      9 = BLOWING SNOW
                                                   X = TORNADO
MAX 32 OR BELOW:   0    0.01 INCH OR MORE:   3
MAX 90 OR ABOVE:  13    0.10 INCH OR MORE:   1
MIN 32 OR BELOW:   0    0.50 INCH OR MORE:   0
MIN  0 OR BELOW:   0    1.00 INCH OR MORE:   0

[HDD (BASE 65) ]
TOTAL THIS MO.     0    CLEAR  (SCALE 0-3)  19
DPTR FM NORMAL   -21    PTCLDY (SCALE 4-7)   2
TOTAL FM JUL 1     0    CLOUDY (SCALE 8-10)  0
DPTR FM NORMAL   -21

[CDD (BASE 65) ]
TOTAL THIS MO.   265
DPTR FM NORMAL   153    [PRESSURE DATA]
TOTAL FM JAN 1   378    HIGHEST SLP  0.00 ON 20
DPTR FM NORMAL   185    LOWEST  SLP 29.64 ON 11

[REMARKS]
