178
CXUS53 KBIS 260738
CF6ISN
PRELIMINARY LOCAL CLIMATOLOGICAL DATA (WS FORM: F-6)

                                          STATION:   WILLISTON ND
                                          MONTH:     MARCH
                                          YEAR:      2017
                                          LATITUDE:   48 10 N
                                          LONGITUDE: 103 38 W

  TEMPERATURE IN F:       :PCPN:    SNOW:  WIND      :SUNSHINE: SKY     :PK WND
================================================================================
1   2   3   4   5  6A  6B    7    8   9   10  11  12  13   14  15   16   17  18
                                     12Z  AVG MX 2MIN
DY MAX MIN AVG DEP HDD CDD  WTR  SNW DPTH SPD SPD DIR MIN PSBL S-S WX    SPD DR
================================================================================

 1  25   4  15  -7  50   0    T    M    M  4.6 14 290   M    M   8 18     17 340
 2  23   2  13 -10  52   0 0.01    M    M  3.0 10 280   M    M   6 18     12 280
 3  46  17  32   9  33   0    T    M    M  6.7 15 190   M    M   5        20 130
 4  49  27  38  14  27   0 0.00    M    M  3.6 12 170   M    M   1        15 160
 5  56  29  43  19  22   0    T    M    M  6.4 24 360   M    M   2 1      30  10
 6  34  15  25   1  40   0 0.19    M    M 21.7 35 310   M    M   8 1289   41 310
 7  25  11  18  -7  47   0    T    M    M 29.0 45 280   M    M   4 1289   55 290
 8  19   5  12 -13  53   0 0.00    M    M 10.5 36 300   M    M   6 8      45 290
 9  15   0   8 -18  57   0    T    M    M 11.5 20  20   M    M   7 8      23  20
10   8  -1   4 -22  61   0 0.05    M    M 13.1 22 100   M    M   8 1      28 110
11  12   3   8 -19  57   0 0.01    M    M 10.7 20 110   M    M   9        24 110
12  15   3   9 -18  56   0 0.23    M    M 13.8 20 110   M    M  10 1      25 110
13  16  -4   6 -22  59   0 0.06    M    M 12.6 17 130   M    M   5 1      27 140
14  29  15  22  -6  43   0 0.04    M    M  9.2 14 140   M    M   5 18     18 150
15  46  27  37   8  28   0 0.00    M    M  4.4 12 180   M    M   4        15 190
16  48  34  41  12  24   0 0.05    M    M  6.0 18 290   M    M   4 18     24 290
17  42  27  35   5  30   0 0.00    M    M 11.5 32 310   M    M   3        37 310
18  58  25  42  12  23   0 0.00    M    M  9.2 21 150   M    M   2        26 160
19  54  32  43  12  22   0 0.00    M    M  8.1 18 300   M    M   0        23 290
20  49  24  37   6  28   0 0.00    M    M  9.8 25 320   M    M   4        31 320
21  36  19  28  -4  37   0 0.00    M    M 10.2 20 130   M    M   1        25 130
22  52  28  40   8  25   0 0.00    M    M  9.0 20 150   M    M   5        27 150
23  58  28  43  10  22   0 0.00    M    M  4.4 13  80   M    M   2 18     18  70
24  59  24  42   9  23   0 0.00    M    M  9.3 22 110   M    M   0 18     29 110
25  61  42  52  18  13   0 0.00    M    M  8.2 18 280   M    M   1        24 130
================================================================================
SM  935  436       932   0  0.64    M    246.5          M      110
================================================================================
AV 37.4 17.4                               9.9 FASTST   M    M   4    MAX(MPH)
                                 MISC ---->  # 45 280               # 55  290
================================================================================
NOTES:
# LAST OF SEVERAL OCCURRENCES

COLUMN 17 PEAK WIND IN M.P.H.

PRELIMINARY LOCAL CLIMATOLOGICAL DATA (WS FORM: F-6) , PAGE 2

                                          STATION:  WILLISTON ND
                                          MONTH:    MARCH
                                          YEAR:     2017
                                          LATITUDE:   48 10 N
                                          LONGITUDE: 103 38 W

[TEMPERATURE DATA]      [PRECIPITATION DATA]       SYMBOLS USED IN COLUMN 16

AVERAGE MONTHLY: 27.4   TOTAL FOR MONTH:   0.64    1 = FOG OR MIST
DPTR FM NORMAL:  -0.4   DPTR FM NORMAL:    0.08    2 = FOG REDUCING VISIBILITY
HIGHEST:    61 ON 25    GRTST 24HR  0.23 ON 12-12      TO 1/4 MILE OR LESS
LOWEST:     -4 ON 13                               3 = THUNDER
                        SNOW, ICE PELLETS, HAIL    4 = ICE PELLETS
                        TOTAL MONTH:    M          5 = HAIL
                        GRTST 24HR    M  ON   M    6 = FREEZING RAIN OR DRIZZLE
                        GRTST DEPTH:  M  ON   M    7 = DUSTSTORM OR SANDSTORM:
                                                       VSBY 1/2 MILE OR LESS
                                                   8 = SMOKE OR HAZE
[NO. OF DAYS WITH]      [WEATHER - DAYS WITH]      9 = BLOWING SNOW
                                                   X = TORNADO
MAX 32 OR BELOW:  10    0.01 INCH OR MORE:   8
MAX 90 OR ABOVE:   0    0.10 INCH OR MORE:   2
MIN 32 OR BELOW:  23    0.50 INCH OR MORE:   0
MIN  0 OR BELOW:   3    1.00 INCH OR MORE:   0

[HDD (BASE 65) ]
TOTAL THIS MO.   932    CLEAR  (SCALE 0-3)   8
DPTR FM NORMAL     3    PTCLDY (SCALE 4-7)  14
TOTAL FM JUL 1  6954    CLOUDY (SCALE 8-10)  3
DPTR FM NORMAL  -743

[CDD (BASE 65) ]
TOTAL THIS MO.     0
DPTR FM NORMAL     0    [PRESSURE DATA]
TOTAL FM JAN 1     0    HIGHEST SLP M ON M
DPTR FM NORMAL     0    LOWEST  SLP 29.11 ON  6

[REMARKS]
