000
CXUS53 KBIS 240830
CF6ISN
PRELIMINARY LOCAL CLIMATOLOGICAL DATA (WS FORM: F-6)

                                          STATION:   WILLISTON ND
                                          MONTH:     NOVEMBER
                                          YEAR:      2017
                                          LATITUDE:   48 10 N
                                          LONGITUDE: 103 38 W

  TEMPERATURE IN F:       :PCPN:    SNOW:  WIND      :SUNSHINE: SKY     :PK WND
================================================================================
1   2   3   4   5  6A  6B    7    8   9   10  11  12  13   14  15   16   17  18
                                     12Z  AVG MX 2MIN
DY MAX MIN AVG DEP HDD CDD  WTR  SNW DPTH SPD SPD DIR MIN PSBL S-S WX    SPD DR
================================================================================

 1  42  28  35   0  30   0 0.03    M    M  6.0 20  30   M    M  10 1      23  20
 2  31  27  29  -6  36   0    T    M    M  7.1 13 350   M    M  10 1      17 360
 3  31  27  29  -5  36   0 0.06    M    M 11.6 20 120   M    M  10 18     25 100
 4  28  17  23 -11  42   0 0.13    M    M 10.3 21 280   M    M   9 1      26 280
 5  20   8  14 -19  51   0    T    M    M  6.6 16 320   M    M   9 8      20 310
 6  23   4  14 -19  51   0 0.00    M    M  3.5 13 340   M    M   6        15 340
 7  29   4  17 -15  48   0 0.00    M    M  8.3 18 260   M    M   0        23 260
 8  20  -1  10 -21  55   0 0.04    M    M  4.1 13  10   M    M   5 18     14  20
 9  20  -8   6 -25  59   0 0.00    M    M  7.6 18 140   M    M   3 1      24 130
10  40  20  30   0  35   0    T    M    M  9.7 20 300   M    M   4 1      26 140
11  34  10  22  -8  43   0 0.00    M    M  3.7 14 320   M    M   2 18     17 320
12  37   6  22  -7  43   0 0.00    M    M  2.9  8 150   M    M   5 12     10 170
13  49  17  33   5  32   0 0.00    M    M  2.5 10 160   M    M   3 12     13 160
14  50  23  37   9  28   0 0.00    M    M 11.2 29 320   M    M   2        35 330
15  25  10  18  -9  47   0 0.00    M    M  9.3 23 330   M    M   3        28 330
16  38  17  28   1  37   0 0.00    M    M 11.1 21 150   M    M   3        29 150
17  36  11  24  -2  41   0 0.00    M    M  5.7 18  10   M    M   1 8      23  10
18  32   9  21  -5  44   0 0.00    M    M  9.1 20 340   M    M   1        24 340
19  45  18  32   7  33   0 0.00    M    M  5.3 12 230   M    M   0        13 230
20  50   7  29   5  36   0 0.00    M    M 15.5 38 300   M    M   4        49 300
21  17   3  10 -14  55   0 0.00    M    M  7.8 24 320   M    M   4        29 330
22  51  12  32   9  33   0    T    M    M  5.6 20 330   M    M   2        26 320
23  68  22  45  22  20   0 0.00    M    M  7.1 15 240   M    M   0        21 240
================================================================================
SM  816  291       935   0  0.26    M    171.6          M       96
================================================================================
AV 35.5 12.7                               7.5 FASTST   M    M   4    MAX(MPH)
                                 MISC ---->  # 38 300               # 49  300
================================================================================
NOTES:
# LAST OF SEVERAL OCCURRENCES

COLUMN 17 PEAK WIND IN M.P.H.

PRELIMINARY LOCAL CLIMATOLOGICAL DATA (WS FORM: F-6) , PAGE 2

                                          STATION:  WILLISTON ND
                                          MONTH:    NOVEMBER
                                          YEAR:     2017
                                          LATITUDE:   48 10 N
                                          LONGITUDE: 103 38 W

[TEMPERATURE DATA]      [PRECIPITATION DATA]       SYMBOLS USED IN COLUMN 16

AVERAGE MONTHLY: 24.1   TOTAL FOR MONTH:   0.26    1 = FOG OR MIST
DPTR FM NORMAL:  -5.0   DPTR FM NORMAL:   -0.27    2 = FOG REDUCING VISIBILITY
HIGHEST:    68 ON 23    GRTST 24HR  0.13 ON  4- 4      TO 1/4 MILE OR LESS
LOWEST:     -8 ON  9                               3 = THUNDER
                        SNOW, ICE PELLETS, HAIL    4 = ICE PELLETS
                        TOTAL MONTH:    M          5 = HAIL
                        GRTST 24HR    M  ON   M    6 = FREEZING RAIN OR DRIZZLE
                        GRTST DEPTH:  M  ON   M    7 = DUSTSTORM OR SANDSTORM:
                                                       VSBY 1/2 MILE OR LESS
                                                   8 = SMOKE OR HAZE
[NO. OF DAYS WITH]      [WEATHER - DAYS WITH]      9 = BLOWING SNOW
                                                   X = TORNADO
MAX 32 OR BELOW:  11    0.01 INCH OR MORE:   4
MAX 90 OR ABOVE:   0    0.10 INCH OR MORE:   1
MIN 32 OR BELOW:  23    0.50 INCH OR MORE:   0
MIN  0 OR BELOW:   2    1.00 INCH OR MORE:   0

[HDD (BASE 65) ]
TOTAL THIS MO.   935    CLEAR  (SCALE 0-3)  11
DPTR FM NORMAL   109    PTCLDY (SCALE 4-7)   7
TOTAL FM JUL 1  1829    CLOUDY (SCALE 8-10)  5
DPTR FM NORMAL   -24

[CDD (BASE 65) ]
TOTAL THIS MO.     0
DPTR FM NORMAL     0    [PRESSURE DATA]
TOTAL FM JAN 1   643    HIGHEST SLP M ON M
DPTR FM NORMAL   187    LOWEST  SLP 29.40 ON 23

[REMARKS]
