000
CXUS51 KOKX 300703
CF6ISP
PRELIMINARY LOCAL CLIMATOLOGICAL DATA (WS FORM: F-6)

                                          STATION:   ISLIP NY
                                          MONTH:     MARCH
                                          YEAR:      2015
                                          LATITUDE:   40 47 N
                                          LONGITUDE:  73  6 W

  TEMPERATURE IN F:       :PCPN:    SNOW:  WIND      :SUNSHINE: SKY     :PK WND
================================================================================
1   2   3   4   5  6A  6B    7    8   9   10  11  12  13   14  15   16   17  18
                                     12Z  AVG MX 2MIN
DY MAX MIN AVG DEP HDD CDD  WTR  SNW DPTH SPD SPD DIR MIN PSBL S-S WX    SPD DR
================================================================================

 1  30  14  22 -13  43   0 0.60  5.6    8  2.7 12 220   M    M   7 146    14 240
 2  36  24  30  -6  35   0    T  0.0   13 13.1 32 300   M    M   5 16     45 310
 3  35   9  22 -14  43   0 0.59  0.7   10  5.1 12 190   M    M   9 146    18 200
 4  43  35  39   3  26   0 0.24  0.0    8  8.1 20 240   M    M  10 18     25 230
 5  39  20  30  -6  35   0 0.63  6.3    6 12.1 23 340   M    M  10 1      30 350
 6  27  12  20 -16  45   0 0.00  0.0   12  8.1 23 340   M    M   2        29 340
 7  35  11  23 -14  42   0    T  0.0   11  9.2 21 220   M    M   4        26 220
 8  47  26  37   0  28   0 0.00  0.0    9  7.6 32 320   M    M   6        38 310
 9  51  26  39   2  26   0 0.01    T    6  7.0 20 320   M    M   2        24 320
10  49  28  39   1  26   0 0.47  0.0    4  4.9 14 160   M    M   7 1      18 170
11  57  40  49  11  16   0 0.06  0.0    T 10.5 21 290   M    M   7 12     28 300
12  45  32  39   1  26   0 0.00  0.0    0 13.9 28 340   M    M   1        36 330
13  39  28  34  -4  31   0 0.00  0.0    0  7.5 15 200   M    M   6        20 200
14  48  38  43   4  22   0 1.12  0.0    0  7.3 22 150   M    M  10 12     28 140
15  46  35  41   2  24   0 0.00  0.0    0 17.3 31 280   M    M   6        43 310
16  49  32  41   2  24   0 0.00  0.0    0  8.9 23 320   M    M   7        29 330
17  57  32  45   6  20   0 0.07  0.0    0 15.5 41 300   M    M   7 1      55 290
18  39  27  33  -7  32   0    T    T    0 18.3 32 320   M    M   3        45 320
19  40  20  30 -10  35   0 0.00  0.0    0  7.6 21 310   M    M   4        30 300
20  36  26  31  -9  34   0 0.40  5.3    0  8.2 16 110   M    M   8 126    20  40
21  43  29  36  -5  29   0 0.04  0.3    5  8.4 17 300   M    M   8 16     22 300
22  42  26  34  -7  31   0 0.00  0.0    0 16.8 28 330   M    M   2        35 330
23  37  21  29 -12  36   0 0.00  0.0    0 10.3 22 290   M    M   2 8      30 350
24  42  25  34  -8  31   0 0.00  0.0    0  6.9 15 340   M    M   4        18 340
25  46  24  35  -7  30   0 0.11  0.0    0  5.8 15 180   M    M   6 18     21 160
26  55  42  49   7  16   0 0.33  0.0    0 10.5 26 210   M    M  10 123    36 220
27  46  37  42  -1  23   0 0.17  0.0    0  9.6 20 330   M    M   8 1      23 330
28  39  26  33 -10  32   0 0.14  1.5    0 15.6 23 320   M    M  10 128    29 320
29  43  25  34  -9  31   0    T    T    1 11.9 21 330   M    M   4 8      26 330
================================================================================
SM 1241  770       872   0  4.98    19.7 288.7          M      175
================================================================================
AV 42.8 26.6                              10.0 FASTST   M    M   6    MAX(MPH)
                                 MISC ---->  # 41 300               # 55  290
================================================================================
NOTES:
# LAST OF SEVERAL OCCURRENCES

COLUMN 17 PEAK WIND IN M.P.H.

PRELIMINARY LOCAL CLIMATOLOGICAL DATA (WS FORM: F-6) , PAGE 2

                                          STATION:  ISLIP NY
                                          MONTH:    MARCH
                                          YEAR:     2015
                                          LATITUDE:   40 47 N
                                          LONGITUDE:  73  6 W

[TEMPERATURE DATA]      [PRECIPITATION DATA]       SYMBOLS USED IN COLUMN 16

AVERAGE MONTHLY: 34.7   TOTAL FOR MONTH:   4.98    1 = FOG OR MIST
DPTR FM NORMAL:  -4.4   DPTR FM NORMAL:    0.82    2 = FOG REDUCING VISIBILITY
HIGHEST:    57 ON 17,11 GRTST 24HR  1.12 ON 14-14      TO 1/4 MILE OR LESS
LOWEST:      9 ON  3                               3 = THUNDER
                        SNOW, ICE PELLETS, HAIL    4 = ICE PELLETS
                        TOTAL MONTH:  19.7 INCHES  5 = HAIL
                        GRTST 24HR   6.3 ON   M    6 = FREEZING RAIN OR DRIZZLE
                        GRTST DEPTH:  13 ON  2     7 = DUSTSTORM OR SANDSTORM:
                                                       VSBY 1/2 MILE OR LESS
                                                   8 = SMOKE OR HAZE
[NO. OF DAYS WITH]      [WEATHER - DAYS WITH]      9 = BLOWING SNOW
                                                   X = TORNADO
MAX 32 OR BELOW:   2    0.01 INCH OR MORE:  15
MAX 90 OR ABOVE:   0    0.10 INCH OR MORE:  11
MIN 32 OR BELOW:  23    0.50 INCH OR MORE:   4
MIN  0 OR BELOW:   0    1.00 INCH OR MORE:   1

[HDD (BASE 65) ]
TOTAL THIS MO.   872    CLEAR  (SCALE 0-3)   6
DPTR FM NORMAL   118    PTCLDY (SCALE 4-7)  16
TOTAL FM JUL 1  4892    CLOUDY (SCALE 8-10)  7
DPTR FM NORMAL   243

[CDD (BASE 65) ]
TOTAL THIS MO.     0
DPTR FM NORMAL     0    [PRESSURE DATA]
TOTAL FM JAN 1     0    HIGHEST SLP M ON M
DPTR FM NORMAL     0    LOWEST  SLP 29.55 ON 17

[REMARKS]
