000
CXUS55 KRIW 290900
CF6JAC
PRELIMINARY LOCAL CLIMATOLOGICAL DATA (WS FORM: F-6)

                                          STATION:   JACKSON  WY
                                          MONTH:     MARCH
                                          YEAR:      2015
                                          LATITUDE:   43 35 N
                                          LONGITUDE: 110 44 W

  TEMPERATURE IN F:       :PCPN:    SNOW:  WIND      :SUNSHINE: SKY     :PK WND
================================================================================
1   2   3   4   5  6A  6B    7    8   9   10  11  12  13   14  15   16   17  18
                                     12Z  AVG MX 2MIN
DY MAX MIN AVG DEP HDD CDD  WTR  SNW DPTH SPD SPD DIR MIN PSBL S-S WX    SPD DR
================================================================================

 1  25  -2  12 -10  53   0    M    M    M  7.7 20 360   M    M   0         M  M
 2  27   0  14  -8  51   0    M    M    M  6.0 14 360   M    M   7         M  M
 3  25  10  18  -5  47   0    M    M    M 10.1 32 360   M    M   7 19     32 350
 4  21  -9   6 -17  59   0    M    M    M  6.8 17  10   M    M   2         M  M
 5  36  -6  15  -8  50   0    M    M    M  7.2 17  10   M    M   0        25 250
 6  43   3  23  -1  42   0    M    M    M  6.9 16  10   M    M   0         M  M
 7  46   9  28   4  37   0    M    M    M  7.5 15  10   M    M   1        21 220
 8  41  10  26   1  39   0    M    M    M  5.4 12 350   M    M   0         M  M
 9  43   9  26   1  39   0    M    M    M  5.8 14  10   M    M   0         M  M
10  43  10  27   2  38   0    M    M    M  5.5 13  10   M    M   0         M  M
11  48  16  32   6  33   0    M    M    M  5.4 15 180   M    M   2         M  M
12  45  28  37  11  28   0    M    M    M  3.3 10 220   M    M   6 1       M  M
13  46  19  33   7  32   0    M    M    M  3.8 13  10   M    M   0         M  M
14  48  21  35   8  30   0    M    M    M  9.3 21 190   M    M   2         M  M
15  55  39  47  20  18   0    M    M    M  9.0 16 210   M    M   6        20 220
16  55  36  46  18  19   0    M    M    M  6.9 18  10   M    M   5         M  M
17  54  37  46  18  19   0    M    M    M  6.8 16 170   M    M   4        22  10
18  45  28  37   9  28   0    M    M    M  8.4 16 210   M    M   5         M  M
19  50  21  36   8  29   0    M    M    M  4.2  9 350   M    M   0         M  M
20  54  19  37   8  28   0    M    M    M  4.3 12 360   M    M   0         M  M
21  50  23  37   8  28   0    M    M    M  5.4 16 240   M    M   3        23 240
22  50  27  39   9  26   0    M    M    M  2.9  9 210   M    M   1         M  M
23  39  23  31   1  34   0    M    M    M  9.6 23 190   M    M   5        28 210
24  36  27  32   2  33   0    M    M    M 13.5 21 180   M    M  10        28 180
25  37  19  28  -2  37   0    M    M    M  4.2 15 190   M    M   5         M  M
26  48  16  32   1  33   0    M    M    M  3.4 15  10   M    M   2         M  M
27  59  27  43  12  22   0    M    M    M  3.8  9 210   M    M   0         M  M
28  55  27  41  10  24   0    M    M    M 11.4 23 200   M    M   3        38 210
================================================================================
SM 1224  487       956   0    M     M    184.5          M       76
================================================================================
AV 43.7 17.4                               6.6 FASTST   M    M   3    MAX(MPH)
                                 MISC ---->    32   M               # 38  210
================================================================================
NOTES:
# LAST OF SEVERAL OCCURRENCES

COLUMN 17 PEAK WIND IN M.P.H.

PRELIMINARY LOCAL CLIMATOLOGICAL DATA (WS FORM: F-6) , PAGE 2

                                          STATION:  JACKSON  WY
                                          MONTH:    MARCH
                                          YEAR:     2015
                                          LATITUDE:   43 35 N
                                          LONGITUDE: 110 44 W

[TEMPERATURE DATA]      [PRECIPITATION DATA]       SYMBOLS USED IN COLUMN 16

AVERAGE MONTHLY: 30.6   TOTAL FOR MONTH:      M    1 = FOG OR MIST
DPTR FM NORMAL:   3.7   DPTR FM NORMAL:       M    2 = FOG REDUCING VISIBILITY
HIGHEST:    59 ON 27    GRTST 24HR    M  ON   M        TO 1/4 MILE OR LESS
LOWEST:     -9 ON  4                               3 = THUNDER
                        SNOW, ICE PELLETS, HAIL    4 = ICE PELLETS
                        TOTAL MONTH:    M          5 = HAIL
                        GRTST 24HR    M  ON   M    6 = FREEZING RAIN OR DRIZZLE
                        GRTST DEPTH:  M  ON   M    7 = DUSTSTORM OR SANDSTORM:
                                                       VSBY 1/2 MILE OR LESS
                                                   8 = SMOKE OR HAZE
[NO. OF DAYS WITH]      [WEATHER - DAYS WITH]      9 = BLOWING SNOW
                                                   X = TORNADO
MAX 32 OR BELOW:   4    0.01 INCH OR MORE:   0
MAX 90 OR ABOVE:   0    0.10 INCH OR MORE:   0
MIN 32 OR BELOW:  25    0.50 INCH OR MORE:   0
MIN  0 OR BELOW:   4    1.00 INCH OR MORE:   0

[HDD (BASE 65) ]
TOTAL THIS MO.   956    CLEAR  (SCALE 0-3)  18
DPTR FM NORMAL  -112    PTCLDY (SCALE 4-7)   9
TOTAL FM JUL 1  7340    CLOUDY (SCALE 8-10)  1
DPTR FM NORMAL  -852

[CDD (BASE 65) ]
TOTAL THIS MO.     0
DPTR FM NORMAL     0    [PRESSURE DATA]
TOTAL FM JAN 1     0    HIGHEST SLP M ON M
DPTR FM NORMAL     0    LOWEST  SLP M ON M

[REMARKS]
