000
CXUS55 KGGW 230800
CF6JDN
PRELIMINARY LOCAL CLIMATOLOGICAL DATA (WS FORM: F-6)

                                          STATION:   JORDAN  ASOS MT
                                          MONTH:     APRIL
                                          YEAR:      2014
                                          LATITUDE:   47 19 N
                                          LONGITUDE: 106 50 W

  TEMPERATURE IN F:       :PCPN:    SNOW:  WIND      :SUNSHINE: SKY     :PK WND
================================================================================
1   2   3   4   5  6A  6B    7    8   9   10  11  12  13   14  15   16   17  18
                                     12Z  AVG MX 2MIN
DY MAX MIN AVG DEP HDD CDD  WTR  SNW DPTH SPD SPD DIR MIN PSBL S-S WX    SPD DR
================================================================================

 1  33  11  22 -18  43   0 0.00  0.0    0  8.4 15 110   M    M   0        19 130
 2  30  15  23 -17  42   0 0.00  0.0    0  4.2 12 120   M    M   0        14 120
 3  47  18  33  -7  32   0 0.00  0.0    0  5.3 16 350   M    M   0        19 340
 4  62  26  44   4  21   0 0.00  0.0    0  9.8 32 240   M    M   0        41 240
 5  58  30  44   3  21   0 0.00  0.0    0  9.0 22 290   M    M   0        26 270
 6  60  28  44   3  21   0 0.00  0.0    0 11.5 35 320   M    M   0        44 330
 7  61  29  45   3  20   0 0.00  0.0    0 10.3 23 310   M    M   0        30 340
 8  73  32  53  11  12   0 0.00  0.0    0 10.3 28 300   M    M   0        35 300
 9  69  33  51   9  14   0 0.00  0.0    0 15.9 39 310   M    M   0        46 320
10  62  27  45   3  20   0 0.00  0.0    0  9.1 24 290   M    M   0        32 270
11  65  27  46   3  19   0 0.00  0.0    0  6.3 24 320   M    M   0        31 320
12  45  29  37  -6  28   0 0.00  0.0    0 15.2 26 340   M    M   0        34 340
13  43  14  29 -14  36   0 0.00  0.0    0  9.8 23 320   M    M   0        31 300
14  49  12  31 -13  34   0 0.00  0.0    0  6.1 13 160   M    M   0        16 160
15  65  32  49   5  16   0 0.00  0.0    0 12.2 31 320   M    M   0        36 280
16  42  26  34 -10  31   0 0.00  0.0    0  9.8 17 340   M    M   0        21  90
17  60  26  43  -1  22   0 0.01    M    0  9.1 16 180   M    M   0        23 230
18  59  34  47   2  18   0 0.07    M    0 10.2 40 270   M    M   0        55 270
19  65  34  50   5  15   0 0.00  0.0    0  8.8 20 260   M    M   0        29 290
20  66  33  50   5  15   0 0.00  0.0    0 14.2 37 300   M    M   0        44 300
21  68  30  49   3  16   0 0.00  0.0    0  6.2 14 250   M    M   0        22 200
22  78  43  61  15   4   0 0.00  0.0    0 13.0 25 120   M    M   0        33 130
================================================================================
SM 1260  589       500   0  0.08     0.0 214.7          M        0
================================================================================
AV 57.3 26.8                               9.8 FASTST   M    M   0    MAX(MPH)
                                 MISC ---->  # 40 270               # 55  270
================================================================================
NOTES:
# LAST OF SEVERAL OCCURRENCES

COLUMN 17 PEAK WIND IN M.P.H.

PRELIMINARY LOCAL CLIMATOLOGICAL DATA (WS FORM: F-6) , PAGE 2

                                          STATION:  JORDAN  ASOS MT
                                          MONTH:    APRIL
                                          YEAR:     2014
                                          LATITUDE:   47 19 N
                                          LONGITUDE: 106 50 W

[TEMPERATURE DATA]      [PRECIPITATION DATA]       SYMBOLS USED IN COLUMN 16

AVERAGE MONTHLY: 42.0   TOTAL FOR MONTH:   0.08    1 = FOG OR MIST
DPTR FM NORMAL:  -0.8   DPTR FM NORMAL:   -0.58    2 = FOG REDUCING VISIBILITY
HIGHEST:    78 ON 22    GRTST 24HR  0.08 ON 17-18      TO 1/4 MILE OR LESS
LOWEST:     11 ON  1                               3 = THUNDER
                        SNOW, ICE PELLETS, HAIL    4 = ICE PELLETS
                        TOTAL MONTH:   0.0 INCH    5 = HAIL
                        GRTST 24HR     0.0         6 = FREEZING RAIN OR DRIZZLE
                        GRTST DEPTH:   0           7 = DUSTSTORM OR SANDSTORM:
                                                       VSBY 1/2 MILE OR LESS
                                                   8 = SMOKE OR HAZE
[NO. OF DAYS WITH]      [WEATHER - DAYS WITH]      9 = BLOWING SNOW
                                                   X = TORNADO
MAX 32 OR BELOW:   1    0.01 INCH OR MORE:   2
MAX 90 OR ABOVE:   0    0.10 INCH OR MORE:   0
MIN 32 OR BELOW:  17    0.50 INCH OR MORE:   0
MIN  0 OR BELOW:   0    1.00 INCH OR MORE:   0

[HDD (BASE 65) ]
TOTAL THIS MO.   500    CLEAR  (SCALE 0-3)  22
DPTR FM NORMAL    13    PTCLDY (SCALE 4-7)   0
TOTAL FM JUL 1  7913    CLOUDY (SCALE 8-10)  0
DPTR FM NORMAL   324

[CDD (BASE 65) ]
TOTAL THIS MO.     0
DPTR FM NORMAL     0    [PRESSURE DATA]
TOTAL FM JAN 1     0    HIGHEST SLP M ON M
DPTR FM NORMAL     0    LOWEST  SLP 29.35 ON 22

[REMARKS]
