000
CXUS55 KGGW 010800
CF6JDN
PRELIMINARY LOCAL CLIMATOLOGICAL DATA (WS FORM: F-6)

                                          STATION:   JORDAN  ASOS MT
                                          MONTH:     JULY
                                          YEAR:      2014
                                          LATITUDE:   47 19 N
                                          LONGITUDE: 106 50 W

  TEMPERATURE IN F:       :PCPN:    SNOW:  WIND      :SUNSHINE: SKY     :PK WND
================================================================================
1   2   3   4   5  6A  6B    7    8   9   10  11  12  13   14  15   16   17  18
                                     12Z  AVG MX 2MIN
DY MAX MIN AVG DEP HDD CDD  WTR  SNW DPTH SPD SPD DIR MIN PSBL S-S WX    SPD DR
================================================================================

 1  80  51  66  -1   0   1 0.00  0.0    0  7.4 17 340   M    M   0        27 280
 2  86  45  66  -1   0   1 0.00  0.0    0  6.2 18 120   M    M   0        23 140
 3  91  55  73   5   0   8 0.00  0.0    0 12.5 22 130   M    M   0        28 150
 4  99  60  80  12   0  15 0.00  0.0    0  8.8 35 270   M    M   0        47 270
 5  96  61  79  11   0  14 0.00  0.0    0 10.2 28 300   M    M   0        34 300
 6  96  52  74   6   0   9 0.00  0.0    0  9.6 26 270   M    M   0        32 260
 7  80  55  68   0   0   3 0.35  0.0    0 11.3 32 320   M    M   0        41 320
 8  85  50  68  -1   0   3 0.00  0.0    0  5.6 14  60   M    M   0        18  60
 9  94  52  73   4   0   8 0.00  0.0    0  8.4 17 180   M    M   0        25 120
10  94  70  82  13   0  17 0.00  0.0    0 13.4 31 200   M    M   0        43 330
11  81  63  72   3   0   7 0.00  0.0    0 10.1 23  30   M    M   0        30  10
12  88  55  72   2   0   7 0.00  0.0    0  8.0 24 340   M    M   0        32 350
13  88  51  70   0   0   5 0.00  0.0    0  9.0 24 350   M    M   0        36 350
14  78  42  60 -10   5   0 0.00  0.0    0  6.4 16  70   M    M   0        22 100
15  81  50  66  -4   0   1 0.00  0.0    0  9.5 17 140   M    M   0        22 130
16  89  54  72   2   0   7 0.00  0.0    M  3.6 12 160   M    M   0        15 250
17  95  56  76   6   0  11 0.00  0.0    0  3.8 12 330   M    M   0        16 280
18  85  58  72   1   0   7 0.00  0.0    0 11.0 26 320   M    M   0        31 320
19  96  54  75   4   0  10 0.00  0.0    0  7.9 22 270   M    M   0        28 270
20  97  58  78   7   0  13 0.00  0.0    0 11.5 25 310   M    M   0        33 270
21  82  61  72   1   0   7 0.00  0.0    0  8.3 21 340   M    M   0        26 330
22  86  53  70  -1   0   5 0.00  0.0    0  6.3 17  60   M    M   0        23  50
23  94  58  76   5   0  11 0.00  0.0    0 11.9 24 120   M    M   0        33 120
24  99  48  74   3   0   9 0.04    M    0 11.3 47 320   M    M   0        57 320
25  88  41  65  -6   0   0 0.00  0.0    0 10.5 29 280   M    M   0        38 260
26  82  50  66  -5   0   1 0.00  0.0    0 15.5 33 330   M    M   0        43 320
27  87  45  66  -6   0   1 0.00  0.0    0  4.9 16  20   M    M   0        22 360
28  92  49  71  -1   0   6 0.00  0.0    0  5.7 18 100   M    M   0        23 110
29  93  59  76   4   0  11 0.01  0.0    0  7.2 18  60   M    M   0        23  60
30  94  50  72   0   0   7 0.00  0.0    0  3.7 13 130   M    M   0         M  M
31 100  65  83  11   0  18 0.00  0.0    0 10.2 29 350   M    M   0        36 350
================================================================================
SM 2776 1671         5 223  0.40     0.0 269.7          M        0
================================================================================
AV 89.5 53.9                               8.7 FASTST   M    M   0    MAX(MPH)
                                 MISC ---->  # 47 320               # 57  320
================================================================================
NOTES:
# LAST OF SEVERAL OCCURRENCES

COLUMN 17 PEAK WIND IN M.P.H.

PRELIMINARY LOCAL CLIMATOLOGICAL DATA (WS FORM: F-6) , PAGE 2

                                          STATION:  JORDAN  ASOS MT
                                          MONTH:    JULY
                                          YEAR:     2014
                                          LATITUDE:   47 19 N
                                          LONGITUDE: 106 50 W

[TEMPERATURE DATA]      [PRECIPITATION DATA]       SYMBOLS USED IN COLUMN 16

AVERAGE MONTHLY: 71.7   TOTAL FOR MONTH:   0.40    1 = FOG OR MIST
DPTR FM NORMAL:   1.8   DPTR FM NORMAL:   -1.47    2 = FOG REDUCING VISIBILITY
HIGHEST:   100 ON 31    GRTST 24HR  0.35 ON  6- 7      TO 1/4 MILE OR LESS
LOWEST:     41 ON 25                               3 = THUNDER
                        SNOW, ICE PELLETS, HAIL    4 = ICE PELLETS
                        TOTAL MONTH:   0.0 INCH    5 = HAIL
                        GRTST 24HR     0.0         6 = FREEZING RAIN OR DRIZZLE
                        GRTST DEPTH:   0           7 = DUSTSTORM OR SANDSTORM:
                                                       VSBY 1/2 MILE OR LESS
                                                   8 = SMOKE OR HAZE
[NO. OF DAYS WITH]      [WEATHER - DAYS WITH]      9 = BLOWING SNOW
                                                   X = TORNADO
MAX 32 OR BELOW:   0    0.01 INCH OR MORE:   3
MAX 90 OR ABOVE:  15    0.10 INCH OR MORE:   1
MIN 32 OR BELOW:   0    0.50 INCH OR MORE:   0
MIN  0 OR BELOW:   0    1.00 INCH OR MORE:   0

[HDD (BASE 65) ]
TOTAL THIS MO.     5    CLEAR  (SCALE 0-3)  31
DPTR FM NORMAL   -20    PTCLDY (SCALE 4-7)   0
TOTAL FM JUL 1     5    CLOUDY (SCALE 8-10)  0
DPTR FM NORMAL   -20

[CDD (BASE 65) ]
TOTAL THIS MO.   223
DPTR FM NORMAL    46    [PRESSURE DATA]
TOTAL FM JAN 1   273    HIGHEST SLP M ON M
DPTR FM NORMAL    42    LOWEST  SLP 29.53 ON 18

[REMARKS]
#FINAL-07-14#
