000
CXHW50 PHFO 261250
CF6JRF
PRELIMINARY LOCAL CLIMATOLOGICAL DATA (WS FORM: F-6)

                                          STATION:   KALAELOA ARPT/OAHU HI
                                          MONTH:     MAY
                                          YEAR:      2015
                                          LATITUDE:   21 19 N
                                          LONGITUDE: 158  4 W

  TEMPERATURE IN F:       :PCPN:    SNOW:  WIND      :SUNSHINE: SKY     :PK WND
================================================================================
1   2   3   4   5  6A  6B    7    8   9   10  11  12  13   14  15   16   17  18
                                     12Z  AVG MX 2MIN
DY MAX MIN AVG DEP HDD CDD  WTR  SNW DPTH SPD SPD DIR MIN PSBL S-S WX    SPD DR
================================================================================

 1  85  70  78   3   0  13    T  0.0    0  6.7 16  70   M    M   3        23  70
 2  84  66  75   0   0  10 0.00  0.0    0  5.3 14  60   M    M   2        23 110
 3  86  66  76   1   0  11 0.00  0.0    0  4.9 13 140   M    M   3        22  70
 4  86  68  77   2   0  12    T  0.0    0  6.6 15 100   M    M   2        26 110
 5  85  70  78   3   0  13 0.00  0.0    0  6.4 15  70   M    M   4        23  80
 6  84  68  76   1   0  11 0.00  0.0    0  5.1 15  80   M    M   4        22  80
 7  85  67  76   1   0  11 0.00  0.0    0  5.6 13  80   M    M   2        22  50
 8  83  69  76   1   0  11    T  0.0    0  6.1 14  80   M    M   5 1      24  90
 9  84  72  78   3   0  13    T  0.0    0  7.3 17  70   M    M   3        30  70
10  85  71  78   2   0  13 0.00  0.0    0  7.8 15  70   M    M   3 8      29  40
11  83  71  77   1   0  12    T  0.0    0  7.5 16  70   M    M   2        28  60
12  84  69  77   1   0  12 0.00  0.0    0  7.9 15  70   M    M   1        26  80
13  85  67  76   0   0  11 0.00  0.0    0  5.1 14  70   M    M   2        23  70
14  82  66  74  -2   0   9 0.09  0.0    0  4.3 13  70   M    M   4 1      22  60
15  86  65  76   0   0  11 0.00  0.0    0  4.2 13  70   M    M   1        20  70
16  86  68  77   1   0  12 0.00  0.0    0  5.5 14  70   M    M   2        24  80
17  84  66  75  -1   0  10 0.01  0.0    0  4.4 15  70   M    M   3        23  70
18  85  67  76   0   0  11 0.00  0.0    0  6.3 14 100   M    M   1        23  80
19  86  69  78   2   0  13 0.00  0.0    0  4.6 13  80   M    M   1        20  80
20  81  68  75  -1   0  10    T  0.0    0  4.1 13 130   M    M   6        21 120
21  82  63  73  -3   0   8 0.00  0.0    0  4.6 13 160   M    M   2        17 240
22  84  65  75  -1   0  10 0.00  0.0    0  5.9 18 280   M    M   4        24 310
23  82  69  76   0   0  11 0.00  0.0    0  6.6 13  70   M    M   6        23  20
24  81  68  75  -2   0  10    T  0.0    0  4.5 12  80   M    M   7        22  20
25  81  65  73  -4   0   8    T  0.0    0  5.7 12 200   M    M   7        18  20
================================================================================
SM 2099 1693         0 276  0.10     0.0 143.0          M       80
================================================================================
AV 84.0 67.7                               5.7 FASTST   M    M   3    MAX(MPH)
                                 MISC ---->  # 18 280               # 30   70
================================================================================
NOTES:
# LAST OF SEVERAL OCCURRENCES

COLUMN 17 PEAK WIND IN M.P.H.

PRELIMINARY LOCAL CLIMATOLOGICAL DATA (WS FORM: F-6) , PAGE 2

                                          STATION:  KALAELOA ARPT/OAHU HI
                                          MONTH:    MAY
                                          YEAR:     2015
                                          LATITUDE:   21 19 N
                                          LONGITUDE: 158  4 W

[TEMPERATURE DATA]      [PRECIPITATION DATA]       SYMBOLS USED IN COLUMN 16

AVERAGE MONTHLY: 75.8   TOTAL FOR MONTH:   0.10    1 = FOG OR MIST
DPTR FM NORMAL:   0.1   DPTR FM NORMAL:   -0.79    2 = FOG REDUCING VISIBILITY
HIGHEST:    86 ON 19,16 GRTST 24HR  0.09 ON 14-14      TO 1/4 MILE OR LESS
LOWEST:     63 ON 21                               3 = THUNDER
                        SNOW, ICE PELLETS, HAIL    4 = ICE PELLETS
                        TOTAL MONTH:   0.0 INCH    5 = HAIL
                        GRTST 24HR     0.0         6 = FREEZING RAIN OR DRIZZLE
                        GRTST DEPTH:   0           7 = DUSTSTORM OR SANDSTORM:
                                                       VSBY 1/2 MILE OR LESS
                                                   8 = SMOKE OR HAZE
[NO. OF DAYS WITH]      [WEATHER - DAYS WITH]      9 = BLOWING SNOW
                                                   X = TORNADO
MAX 32 OR BELOW:   0    0.01 INCH OR MORE:   2
MAX 90 OR ABOVE:   0    0.10 INCH OR MORE:   0
MIN 32 OR BELOW:   0    0.50 INCH OR MORE:   0
MIN  0 OR BELOW:   0    1.00 INCH OR MORE:   0

[HDD (BASE 65) ]
TOTAL THIS MO.     0    CLEAR  (SCALE 0-3)  15
DPTR FM NORMAL     0    PTCLDY (SCALE 4-7)  10
TOTAL FM JUL 1     2    CLOUDY (SCALE 8-10)  0
DPTR FM NORMAL     2

[CDD (BASE 65) ]
TOTAL THIS MO.   276
DPTR FM NORMAL     8    [PRESSURE DATA]
TOTAL FM JAN 1  1275    HIGHEST SLP M ON M
DPTR FM NORMAL   -20    LOWEST  SLP 29.95 ON M

[REMARKS]
