908
CXUS55 KCTP 291131
CF6JST
PRELIMINARY LOCAL CLIMATOLOGICAL DATA (WS FORM: F-6)

                                          STATION:   JOHNSTOWN
                                          MONTH:     APRIL
                                          YEAR:      2016
                                          LATITUDE:   40 18 N
                                          LONGITUDE:  78 50 W

  TEMPERATURE IN F:       :PCPN:    SNOW:  WIND      :SUNSHINE: SKY     :PK WND
================================================================================
1   2   3   4   5  6A  6B    7    8   9   10  11  12  13   14  15   16   17  18
                                     12Z  AVG MX 2MIN
DY MAX MIN AVG DEP HDD CDD  WTR  SNW DPTH SPD SPD DIR MIN PSBL S-S WX    SPD DR
================================================================================

 1  62  41  52  10  13   0 0.26    M    M 13.4 29 260   M    M   6 1      39 270
 2  49  28  39  -3  26   0 0.12    M    M 18.8 35 310   M    M   8 123    46 310
 3  45  19  32 -10  33   0    T    M    M 19.1 37 290   M    M   6 89     49 320
 4  51  23  37  -6  28   0 0.27    M    M 15.5 24 240   M    M  10 12     36 230
 5  36  17  27 -16  38   0    T    M    M  9.2 17 310   M    M   1        26 270
 6  52  25  39  -5  26   0 0.06    M    M 14.6 28 160   M    M   4        38 160
 7  47  31  39  -5  26   0 0.27    M    M 14.8 26 260   M    M   9 13     36 260
 8  37  26  32 -12  33   0 0.13    M    M 13.0 25 300   M    M  10 13     34 260
 9  33  19  26 -19  39   0 0.04    M    M 15.0 25 300   M    M   9 18     33 300
10  44  14  29 -16  36   0    T    M    M  8.6 17 160   M    M   6        26 170
11  63  40  52   6  13   0 0.19    M    M 10.8 23 220   M    M   9        32 210
12  52  31  42  -4  23   0 0.15    M    M 11.9 24 300   M    M   4 1      31 300
13  53  27  40  -6  25   0 0.00    M    M  4.6 13  40   M    M   0        16  30
14  58  34  46  -1  19   0 0.00    M    M  5.7 13 160   M    M   1        18 140
15  62  38  50   3  15   0 0.00    M    M  7.6 18 160   M    M   0        25 170
16  68  42  55   7  10   0 0.00    M    M  5.0 13  40   M    M   0        17 120
17  76  48  62  14   3   0 0.00    M    M  4.5 13 300   M    M   0        17 340
18  75  51  63  15   2   0 0.00    M    M  7.9 18 290   M    M   0 8      23 280
19  70  47  59  10   6   0 0.00    M    M 10.7 22 300   M    M   0        34 300
20  66  41  54   5  11   0 0.00    M    M  7.8 15 160   M    M   0        20 150
21  71  50  61  12   4   0    T    M    M  8.4 17 270   M    M   4        24 260
22  66  55  61  11   4   0 0.01    M    M  4.3 10 250   M    M   8        14 200
23  60  44  52   2  13   0 0.00    M    M 10.7 20 290   M    M   6 8      25 290
24  66  39  53   2  12   0 0.00    M    M  4.3 12 260   M    M   0        17  99
25  74  48  61  10   4   0 0.00    M    M  7.0 17 270   M    M   1        25 230
26  71  55  63  12   2   0 0.05    M    M 13.5 31 300   M    M   8        43 290
27  60  46  53   1  12   0 0.00    M    M  4.8 10  50   M    M   7        13  60
28  53  42  48  -4  17   0 0.54    M    M  6.3 12 150   M    M   8 128    18 160
================================================================================
SM 1620 1021       493   0  2.09    M    277.8          M      125
================================================================================
AV 57.9 36.5                               9.9 FASTST   M    M   4    MAX(MPH)
                                 MISC ---->  # 37 290               # 49  320
================================================================================
NOTES:
# LAST OF SEVERAL OCCURRENCES

COLUMN 17 PEAK WIND IN M.P.H.

PRELIMINARY LOCAL CLIMATOLOGICAL DATA (WS FORM: F-6) , PAGE 2

                                          STATION:  JOHNSTOWN
                                          MONTH:    APRIL
                                          YEAR:     2016
                                          LATITUDE:   40 18 N
                                          LONGITUDE:  78 50 W

[TEMPERATURE DATA]      [PRECIPITATION DATA]       SYMBOLS USED IN COLUMN 16

AVERAGE MONTHLY: 47.2   TOTAL FOR MONTH:   2.09    1 = FOG OR MIST
DPTR FM NORMAL:   0.2   DPTR FM NORMAL:   -1.28    2 = FOG REDUCING VISIBILITY
HIGHEST:    76 ON 17    GRTST 24HR  0.54 ON 28-28      TO 1/4 MILE OR LESS
LOWEST:     14 ON 10                               3 = THUNDER
                        SNOW, ICE PELLETS, HAIL    4 = ICE PELLETS
                        TOTAL MONTH:    M          5 = HAIL
                        GRTST 24HR    M  ON   M    6 = FREEZING RAIN OR DRIZZLE
                        GRTST DEPTH:  M  ON   M    7 = DUSTSTORM OR SANDSTORM:
                                                       VSBY 1/2 MILE OR LESS
                                                   8 = SMOKE OR HAZE
[NO. OF DAYS WITH]      [WEATHER - DAYS WITH]      9 = BLOWING SNOW
                                                   X = TORNADO
MAX 32 OR BELOW:   0    0.01 INCH OR MORE:  12
MAX 90 OR ABOVE:   0    0.10 INCH OR MORE:   8
MIN 32 OR BELOW:  11    0.50 INCH OR MORE:   1
MIN  0 OR BELOW:   0    1.00 INCH OR MORE:   0

[HDD (BASE 65) ]
TOTAL THIS MO.   493    CLEAR  (SCALE 0-3)  11
DPTR FM NORMAL   -20    PTCLDY (SCALE 4-7)  12
TOTAL FM JUL 1  5178    CLOUDY (SCALE 8-10)  5
DPTR FM NORMAL -1127

[CDD (BASE 65) ]
TOTAL THIS MO.     0
DPTR FM NORMAL     0    [PRESSURE DATA]
TOTAL FM JAN 1     0    HIGHEST SLP M ON M
DPTR FM NORMAL     0    LOWEST  SLP 29.33 ON M

[REMARKS]
