000
CXUS54 KFWD 260730
CF6JWY
PRELIMINARY LOCAL CLIMATOLOGICAL DATA (WS FORM: F-6)

                                          STATION:   WAXAHACHIE
                                          MONTH:     APRIL
                                          YEAR:      2017
                                          LATITUDE:   32 27 N
                                          LONGITUDE:  96 54 W

  TEMPERATURE IN F:       :PCPN:    SNOW:  WIND      :SUNSHINE: SKY     :PK WND
================================================================================
1   2   3   4   5  6A  6B    7    8   9   10  11  12  13   14  15   16   17  18
                                     12Z  AVG MX 2MIN
DY MAX MIN AVG DEP HDD CDD  WTR  SNW DPTH SPD SPD DIR MIN PSBL S-S WX    SPD DR
================================================================================

 1  75  57  66   6   0   1 0.00  0.0    0  6.3 14 150   M    M   7        22 140
 2  71  57  64   4   1   0 1.52  0.0    0  9.3 17  10   M    M   8        28  10
 3  79  48  64   4   1   0 0.00  0.0    0  4.3 10 280   M    M   2         9 240
 4  82  58  70   9   0   5 0.00  0.0    0 11.3 23 190   M    M   0        30 190
 5  70  47  59  -2   6   0 0.00  0.0    0 14.6 24 320   M    M   1        32 320
 6  74  41  58  -3   7   0 0.00  0.0    0  2.1  6 180   M    M   0         M  M
 7  78  48  63   1   2   0 0.00  0.0    0  4.6 14 180   M    M   0        18 180
 8  79  54  67   5   0   2 0.00  0.0    0 13.8 24 170   M    M   2        32 190
 9  80  64  72  10   0   7 0.00  0.0    0 15.8 25 190   M    M   7        32 190
10  78  65  72  10   0   7 0.15  0.0    0  6.9 13 180   M    M   8 1      18 170
11  73  60  67   4   0   2 0.17  0.0    0  2.7  8 330   M    M  10 1       M  M
12  74  60  67   4   0   2 0.00  0.0    0  2.4  8  80   M    M   7 1       M  M
13  78  61  70   7   0   5 0.00  0.0    0  6.1 13 170   M    M   5 1      17 170
14  78  62  70   6   0   5 0.00  0.0    0  7.6 15 170   M    M   6        23 170
15  78  62  70   6   0   5 0.00  0.0    0   M   M   M   M    M   M         M  M
16  79  64  72   8   0   7 0.00  0.0    0  6.9 14 180   M    M   4        25 180
17  78  61  70   6   0   5 1.27  0.0    0  6.6 14 350   M    M   5 1      24 360
18  78  60  69   4   0   4 0.00  0.0    0  2.9  8 150   M    M   6 12      M  M
19  81  63  72   7   0   7 0.00  0.0    0  8.2 16 170   M    M   6 1      21 190
20  82  67  75  10   0  10 0.00  0.0    0  8.3 15 170   M    M   6        21 170
21  83  64  74   8   0   9    T  0.0    0 10.4 18 180   M    M   6        24 180
22  64  49  57  -9   8   0 0.01    M    0 14.7 23 340   M    M   8 3      30 340
23  72  46  59  -7   6   0 0.00  0.0    0  7.2 16 350   M    M   0        22 360
24  76  45  61  -5   4   0 0.00  0.0    0  6.5 15 180   M    M   1        21 150
25  83  57  70   3   0   5 0.00  0.0    0 14.3 22 180   M    M   3        36 170
================================================================================
SM 1923 1420        35  88  3.12     0.0 193.8          M      108
================================================================================
AV 76.9 56.8                               8.1 FASTST   M    M   5    MAX(MPH)
                                 MISC ---->  # 25 190               # 36  170
================================================================================
NOTES:
# LAST OF SEVERAL OCCURRENCES

COLUMN 17 PEAK WIND IN M.P.H.

PRELIMINARY LOCAL CLIMATOLOGICAL DATA (WS FORM: F-6) , PAGE 2

                                          STATION:  WAXAHACHIE
                                          MONTH:    APRIL
                                          YEAR:     2017
                                          LATITUDE:   32 27 N
                                          LONGITUDE:  96 54 W

[TEMPERATURE DATA]      [PRECIPITATION DATA]       SYMBOLS USED IN COLUMN 16

AVERAGE MONTHLY: 66.9   TOTAL FOR MONTH:   3.12    1 = FOG OR MIST
DPTR FM NORMAL:   3.6   DPTR FM NORMAL:    0.43    2 = FOG REDUCING VISIBILITY
HIGHEST:    83 ON 25,21 GRTST 24HR  1.52 ON  2- 2      TO 1/4 MILE OR LESS
LOWEST:     41 ON  6                               3 = THUNDER
                        SNOW, ICE PELLETS, HAIL    4 = ICE PELLETS
                        TOTAL MONTH:   0.0 INCH    5 = HAIL
                        GRTST 24HR     0.0         6 = FREEZING RAIN OR DRIZZLE
                        GRTST DEPTH:   0           7 = DUSTSTORM OR SANDSTORM:
                                                       VSBY 1/2 MILE OR LESS
                                                   8 = SMOKE OR HAZE
[NO. OF DAYS WITH]      [WEATHER - DAYS WITH]      9 = BLOWING SNOW
                                                   X = TORNADO
MAX 32 OR BELOW:   0    0.01 INCH OR MORE:   5
MAX 90 OR ABOVE:   0    0.10 INCH OR MORE:   4
MIN 32 OR BELOW:   0    0.50 INCH OR MORE:   2
MIN  0 OR BELOW:   0    1.00 INCH OR MORE:   2

[HDD (BASE 65) ]
TOTAL THIS MO.    35    CLEAR  (SCALE 0-3)   9
DPTR FM NORMAL   -63    PTCLDY (SCALE 4-7)  13
TOTAL FM JUL 1  1488    CLOUDY (SCALE 8-10)  2
DPTR FM NORMAL -1028

[CDD (BASE 65) ]
TOTAL THIS MO.    88
DPTR FM NORMAL    36    [PRESSURE DATA]
TOTAL FM JAN 1   202    HIGHEST SLP M ON M
DPTR FM NORMAL   133    LOWEST  SLP M ON M

[REMARKS]
