886
CXUS53 KGRR 221017
CF6JXN
PRELIMINARY LOCAL CLIMATOLOGICAL DATA (WS FORM: F-6)

                                          STATION:   JACKSON
                                          MONTH:     NOVEMBER
                                          YEAR:      2017
                                          LATITUDE:   42 16 N
                                          LONGITUDE:  84 28 W

  TEMPERATURE IN F:       :PCPN:    SNOW:  WIND      :SUNSHINE: SKY     :PK WND
================================================================================
1   2   3   4   5  6A  6B    7    8   9   10  11  12  13   14  15   16   17  18
                                     12Z  AVG MX 2MIN
DY MAX MIN AVG DEP HDD CDD  WTR  SNW DPTH SPD SPD DIR MIN PSBL S-S WX    SPD DR
================================================================================

 1  42  32  37  -8  28   0 0.59    M    M  6.9 14 160   M    M   9 18     17  90
 2  55  41  48   3  17   0 0.36    M    M  3.1 12 330   M    M  10 1      16 300
 3  50  36  43  -2  22   0 0.00    M    M  6.0 14 320   M    M   3 18     20 340
 4  49  37  43  -1  22   0 0.37    M    M  8.5 16  80   M    M   7 138    24 100
 5  62  46  54  10  11   0 0.23    M    M  6.6 17 290   M    M  10 123    24 290
 6  46  34  40  -4  25   0 0.00    M    M  6.8 14 310   M    M   6        20 320
 7  48  28  38  -5  27   0 0.00    M    M  3.8 12  10   M    M   4        20  30
 8  47  24  36  -7  29   0 0.00    M    M  3.1 13 230   M    M   0 18     17 210
 9  45  23  34  -9  31   0    T    M    M 11.9 24 210   M    M   6 18     33 230
10  26  18  22 -20  43   0 0.00    M    M  6.3 15 330   M    M   1        21  20
11  34  19  27 -15  38   0 0.00    M    M  7.2 15 100   M    M   5        19 120
12  38  32  35  -6  30   0 0.36    M    M  1.6  7 330   M    M  10 168     9 310
13  43  32  38  -3  27   0 0.00    M    M  4.2 10 220   M    M  10 18     13 240
14  47  29  38  -3  27   0 0.00    M    M  5.3 15 140   M    M   4 18     20 190
15  47  39  43   3  22   0 0.59    M    M 12.2 20 250   M    M  10 18     29 240
16  44  31  38  -2  27   0    T    M    M  9.6 21 260   M    M  10 18     31 280
17  44  28  36  -3  29   0 0.69    M    M  9.7 21 150   M    M   6 1      27 160
18  45  34  40   1  25   0 1.21    M    M  8.2 22 330   M    M  10 1      31 320
19  38  27  33  -5  32   0 0.01    M    M 10.9 18 270   M    M   9 8      28 280
20  50  28  39   1  26   0 0.00    M    M 14.2 24 190   M    M   2        33 200
21  50  33  42   4  23   0 0.05    M    M 15.5 26 220   M    M   4 1      34 220
================================================================================
SM  950  651       561   0  4.46    M    161.6          M      136
================================================================================
AV 45.2 31.0                               7.7 FASTST   M    M   6    MAX(MPH)
                                 MISC ---->  # 26 220               # 34  220
================================================================================
NOTES:
# LAST OF SEVERAL OCCURRENCES

COLUMN 17 PEAK WIND IN M.P.H.

PRELIMINARY LOCAL CLIMATOLOGICAL DATA (WS FORM: F-6) , PAGE 2

                                          STATION:  JACKSON
                                          MONTH:    NOVEMBER
                                          YEAR:     2017
                                          LATITUDE:   42 16 N
                                          LONGITUDE:  84 28 W

[TEMPERATURE DATA]      [PRECIPITATION DATA]       SYMBOLS USED IN COLUMN 16

AVERAGE MONTHLY: 38.1   TOTAL FOR MONTH:   4.46    1 = FOG OR MIST
DPTR FM NORMAL:  -3.5   DPTR FM NORMAL:    2.59    2 = FOG REDUCING VISIBILITY
HIGHEST:    62 ON  5    GRTST 24HR  1.21 ON 18-18      TO 1/4 MILE OR LESS
LOWEST:     18 ON 10                               3 = THUNDER
                        SNOW, ICE PELLETS, HAIL    4 = ICE PELLETS
                        TOTAL MONTH:    M          5 = HAIL
                        GRTST 24HR    M  ON   M    6 = FREEZING RAIN OR DRIZZLE
                        GRTST DEPTH:  M  ON   M    7 = DUSTSTORM OR SANDSTORM:
                                                       VSBY 1/2 MILE OR LESS
                                                   8 = SMOKE OR HAZE
[NO. OF DAYS WITH]      [WEATHER - DAYS WITH]      9 = BLOWING SNOW
                                                   X = TORNADO
MAX 32 OR BELOW:   1    0.01 INCH OR MORE:  10
MAX 90 OR ABOVE:   0    0.10 INCH OR MORE:   8
MIN 32 OR BELOW:  13    0.50 INCH OR MORE:   4
MIN  0 OR BELOW:   0    1.00 INCH OR MORE:   1

[HDD (BASE 65) ]
TOTAL THIS MO.   561    CLEAR  (SCALE 0-3)   4
DPTR FM NORMAL    71    PTCLDY (SCALE 4-7)   8
TOTAL FM JUL 1  1017    CLOUDY (SCALE 8-10)  9
DPTR FM NORMAL  -121

[CDD (BASE 65) ]
TOTAL THIS MO.     0
DPTR FM NORMAL     0    [PRESSURE DATA]
TOTAL FM JAN 1   657    HIGHEST SLP M ON M
DPTR FM NORMAL    65    LOWEST  SLP 29.38 ON 18

[REMARKS]
