000
CXUS53 KGID 190730
CF6JYR
PRELIMINARY LOCAL CLIMATOLOGICAL DATA (WS FORM: F-6)

                                          STATION:   YORK
                                          MONTH:     SEPTEMBER
                                          YEAR:      2014
                                          LATITUDE:   40 54 N
                                          LONGITUDE:  97 37 W

  TEMPERATURE IN F:       :PCPN:    SNOW:  WIND      :SUNSHINE: SKY     :PK WND
================================================================================
1   2   3   4   5  6A  6B    7    8   9   10  11  12  13   14  15   16   17  18
                                     12Z  AVG MX 2MIN
DY MAX MIN AVG DEP HDD CDD  WTR  SNW DPTH SPD SPD DIR MIN PSBL S-S WX    SPD DR
================================================================================

 1  75  57  66   M   0   1    T    M    M  6.5 14 340   M    M   0        29 340
 2  77  52  65   M   0   0 0.00    M    M  4.8  9 150   M    M   0         M  M
 3  86  64  75   M   0  10 0.00    M    M 11.1 20 180   M    M   4 8      27 180
 4  84  64  74   M   0   9 0.00    M    M 11.6 16  10   M    M   4        23  10
 5  64  50  57   M   8   0 0.29    M    M  7.8 16  10   M    M   4 3      23 360
 6  70  46  58   M   7   0 0.00    M    M  1.2  5 160   M    M   1 18      M  M
 7  73  50  62   M   3   0 0.00    M    M  7.9 14 180   M    M   0        17 180
 8  84  59  72   M   0   7 0.00    M    M 10.8 16 210   M    M   0        22 210
 9  73  64  69   M   0   4 0.80    M    M  7.9 16 100   M    M   4 3      23  40
10  66  50  58   M   7   0 0.02    M    M 13.3 21 330   M    M  10 1      27 350
11  50  46  48   M  17   0 0.08    M    M 11.1 16  10   M    M   9        20  20
12  54  37  46   M  19   0 0.45    M    M  8.5 17  10   M    M   7        18  20
13  59  36  48   M  17   0 0.00    M    M  7.9 16 170   M    M   5        25 180
14  70  45  58   M   7   0    T    M    M  6.5 10 160   M    M   4        16 180
15  64  46  55   M  10   0 0.00    M    M 10.3 23  10   M    M   4        32  10
16  68  43  56   M   9   0 0.00    M    M  7.0 13 210   M    M   4 1      18 180
17  77  48  63   M   2   0 0.00    M    M  4.9 10 120   M    M   0         M  M
18  77  57  67   M   0   2 0.00    M    M  9.9 17 160   M    M   5 1      24 160
================================================================================
SM 1271  914       106  33  1.64    M    149.0          M       65
================================================================================
AV 70.6 50.8                               8.3 FASTST   M    M   4    MAX(MPH)
                                 MISC ---->  # 23  10                 32    M
================================================================================
NOTES:
# LAST OF SEVERAL OCCURRENCES

COLUMN 17 PEAK WIND IN M.P.H.

PRELIMINARY LOCAL CLIMATOLOGICAL DATA (WS FORM: F-6) , PAGE 2

                                          STATION:  YORK
                                          MONTH:    SEPTEMBER
                                          YEAR:     2014
                                          LATITUDE:   40 54 N
                                          LONGITUDE:  97 37 W

[TEMPERATURE DATA]      [PRECIPITATION DATA]       SYMBOLS USED IN COLUMN 16

AVERAGE MONTHLY: 60.7   TOTAL FOR MONTH:   1.64    1 = FOG OR MIST
DPTR FM NORMAL:     M   DPTR FM NORMAL:       M    2 = FOG REDUCING VISIBILITY
HIGHEST:    86 ON  3    GRTST 24HR  0.80 ON  9- 9      TO 1/4 MILE OR LESS
LOWEST:     36 ON 13                               3 = THUNDER
                        SNOW, ICE PELLETS, HAIL    4 = ICE PELLETS
                        TOTAL MONTH:    M          5 = HAIL
                        GRTST 24HR    M  ON   M    6 = FREEZING RAIN OR DRIZZLE
                        GRTST DEPTH:  M  ON   M    7 = DUSTSTORM OR SANDSTORM:
                                                       VSBY 1/2 MILE OR LESS
                                                   8 = SMOKE OR HAZE
[NO. OF DAYS WITH]      [WEATHER - DAYS WITH]      9 = BLOWING SNOW
                                                   X = TORNADO
MAX 32 OR BELOW:   0    0.01 INCH OR MORE:   5
MAX 90 OR ABOVE:   0    0.10 INCH OR MORE:   3
MIN 32 OR BELOW:   0    0.50 INCH OR MORE:   1
MIN  0 OR BELOW:   0    1.00 INCH OR MORE:   0

[HDD (BASE 65) ]
TOTAL THIS MO.   106    CLEAR  (SCALE 0-3)   6
DPTR FM NORMAL     M    PTCLDY (SCALE 4-7)  10
TOTAL FM JUL 1   117    CLOUDY (SCALE 8-10)  2
DPTR FM NORMAL     M

[CDD (BASE 65) ]
TOTAL THIS MO.    33
DPTR FM NORMAL     M    [PRESSURE DATA]
TOTAL FM JAN 1   796    HIGHEST SLP M ON M
DPTR FM NORMAL     M    LOWEST  SLP M ON M

[REMARKS]
