000
CXUS55 KTBW 261000
CF6LAL
PRELIMINARY LOCAL CLIMATOLOGICAL DATA (WS FORM: F-6)

                                          STATION:   Lakeland Linder
                                          MONTH:     JUNE
                                          YEAR:      2017
                                          LATITUDE:   28  0 N
                                          LONGITUDE:  82  3 W

  TEMPERATURE IN F:       :PCPN:    SNOW:  WIND      :SUNSHINE: SKY     :PK WND
================================================================================
1   2   3   4   5  6A  6B    7    8   9   10  11  12  13   14  15   16   17  18
                                     12Z  AVG MX 2MIN
DY MAX MIN AVG DEP HDD CDD  WTR  SNW DPTH SPD SPD DIR MIN PSBL S-S WX    SPD DR
================================================================================

 1  95  71  83   2   0  18 0.00  0.0    0  5.1 16 140   M    M   4 1      24  10
 2  94  72  83   2   0  18 2.00  0.0    0  3.4 20 190   M    M   7 13     28 190
 3  88  72  80  -2   0  15 0.13  0.0    0  3.0 16 330   M    M   5 1       M  M
 4  86  73  80  -2   0  15 0.18  0.0    0  2.4 12 120   M    M   6 1       M  M
 5  81  71  76  -6   0  11 1.20  0.0    0  4.6 14 200   M    M   7 1      18 200
 6  85  73  79  -3   0  14 2.50  0.0    0  6.5 16 200   M    M   8 13     18 200
 7  79  70  75  -7   0  10 1.25  0.0    0  9.0 16 190   M    M   9 13     35 250
 8  87  74  81  -1   0  16 0.65  0.0    0  8.0 15 260   M    M   7 1      22 260
 9  91  70  81  -1   0  16 0.00  0.0    0  4.2 14 100   M    M   6        18 100
10  91  74  83   1   0  18 0.26  0.0    0  4.9 12 220   M    M   7 13      M  M
11  88  74  81  -1   0  16 0.10  0.0    0  4.3 15 140   M    M   5 13     21 140
12  88  72  80  -2   0  15 0.75  0.0    0  5.4 17  80   M    M   7 1      23  80
13  89  73  81  -1   0  16 0.27  0.0    0  3.6 14 110   M    M   6 1       M  M
14  88  73  81  -1   0  16 0.25  0.0    0  3.4 17 150   M    M   5 1      24 150
15  88  71  80  -3   0  15 0.25  0.0    0  1.8 15 240   M    M   5 13     21 240
16  87  71  79  -4   0  14 0.44  0.0    0  2.5 18 290   M    M   4 1      22 290
17  92  71  82  -1   0  17 0.51  0.0    0  1.9 17 210   M    M   4 13     28 210
18  92  73  83   0   0  18 0.25  0.0    0  4.4 21 140   M    M   5 3      31 140
19  86  75  81  -2   0  16 0.35  0.0    0  5.7  9 130   M    M   7 3      16 120
20  89  75  82  -1   0  17 0.10  0.0    0  9.9 15 130   M    M   5        23 140
21  92  78  85   2   0  20 0.10  0.0    0  7.2 17 100   M    M   5        33 100
22  94  76  85   2   0  20 0.45  0.0    0  6.3 13 180   M    M   5 1       M  M
23  94  74  84   1   0  19 0.00  0.0    0  5.2  9 140   M    M   4         M  M
24  95  78  87   4   0  22 0.00  0.0    0  5.3  9 130   M    M   7 3       M  M
25  95  76  86   3   0  21 0.24  0.0    0  2.9  9 300   M    M   5 3       M  M
================================================================================
SM 2234 1830         0 413 12.23     0.0 120.9          M      145
================================================================================
AV 89.4 73.2                               4.8 FASTST   M    M   6    MAX(MPH)
                                 MISC ---->  # 21 140               # 35  250
================================================================================
NOTES:
# LAST OF SEVERAL OCCURRENCES

COLUMN 17 PEAK WIND IN M.P.H.

PRELIMINARY LOCAL CLIMATOLOGICAL DATA (WS FORM: F-6) , PAGE 2

                                          STATION:  Lakeland Linder
                                          MONTH:    JUNE
                                          YEAR:     2017
                                          LATITUDE:   28  0 N
                                          LONGITUDE:  82  3 W

[TEMPERATURE DATA]      [PRECIPITATION DATA]       SYMBOLS USED IN COLUMN 16

AVERAGE MONTHLY: 81.3   TOTAL FOR MONTH:  12.23    1 = FOG OR MIST
DPTR FM NORMAL:  -1.1   DPTR FM NORMAL:    5.14    2 = FOG REDUCING VISIBILITY
HIGHEST:    95 ON 25,24 GRTST 24HR  2.50 ON  6- 6      TO 1/4 MILE OR LESS
LOWEST:     70 ON  9, 7                            3 = THUNDER
                        SNOW, ICE PELLETS, HAIL    4 = ICE PELLETS
                        TOTAL MONTH:   0.0 INCH    5 = HAIL
                        GRTST 24HR     0.0         6 = FREEZING RAIN OR DRIZZLE
                        GRTST DEPTH:   0           7 = DUSTSTORM OR SANDSTORM:
                                                       VSBY 1/2 MILE OR LESS
                                                   8 = SMOKE OR HAZE
[NO. OF DAYS WITH]      [WEATHER - DAYS WITH]      9 = BLOWING SNOW
                                                   X = TORNADO
MAX 32 OR BELOW:   0    0.01 INCH OR MORE:  21
MAX 90 OR ABOVE:  11    0.10 INCH OR MORE:  21
MIN 32 OR BELOW:   0    0.50 INCH OR MORE:   7
MIN  0 OR BELOW:   0    1.00 INCH OR MORE:   4

[HDD (BASE 65) ]
TOTAL THIS MO.     0    CLEAR  (SCALE 0-3)   0
DPTR FM NORMAL     0    PTCLDY (SCALE 4-7)  24
TOTAL FM JUL 1   195    CLOUDY (SCALE 8-10)  1
DPTR FM NORMAL  -250

[CDD (BASE 65) ]
TOTAL THIS MO.   413
DPTR FM NORMAL   -21    [PRESSURE DATA]
TOTAL FM JAN 1  1581    HIGHEST SLP M ON M
DPTR FM NORMAL   203    LOWEST  SLP M ON M

[REMARKS]
