000
CXUS55 KCYS 281000
CF6LAR
PRELIMINARY LOCAL CLIMATOLOGICAL DATA (WS FORM: F-6)

                                          STATION:   LARAMIE WYOMING AIRPORT
                                          MONTH:     JULY
                                          YEAR:      2016
                                          LATITUDE:   41 18 N
                                          LONGITUDE: 105 40 W

  TEMPERATURE IN F:       :PCPN:    SNOW:  WIND      :SUNSHINE: SKY     :PK WND
================================================================================
1   2   3   4   5  6A  6B    7    8   9   10  11  12  13   14  15   16   17  18
                                     12Z  AVG MX 2MIN
DY MAX MIN AVG DEP HDD CDD  WTR  SNW DPTH SPD SPD DIR MIN PSBL S-S WX    SPD DR
================================================================================

 1  69  52  61  -1   4   0 0.06    M    M 10.0 23 160   M    M   7 1      29 150
 2  74  47  61  -1   4   0    T    M    M  7.7 20 230   M    M   3        26 210
 3  81  46  64   2   1   0 0.05    M    M 12.1 40 250   M    M   1        52 250
 4  84  51  68   5   0   3    T    M    M 17.1 37 310   M    M   2        47 310
 5  81  54  68   5   0   3 0.18    M    M 14.3 39 260   M    M   4        50 230
 6  83  51  67   4   0   2    T    M    M 15.4 30 230   M    M   1        38 220
 7  79  44  62  -1   3   0 0.00    M    M 10.9 29 270   M    M   2        37 250
 8  82  46  64   0   1   0 0.11    M    M 10.2 37 280   M    M   0        51 270
 9  86  47  67   3   0   2 0.00    M    M 11.3 25 230   M    M   0 8      37 230
10  87  51  69   5   0   4 0.00    M    M 15.2 36 240   M    M   0        45 240
11  71  43  57  -7   8   0 0.00    M    M 17.4 39 270   M    M   0        51 240
12  80  34  57  -7   8   0 0.00    M    M 11.8 31 280   M    M   0        40 260
13  81  41  61  -3   4   0 0.00    M    M 10.9 29 290   M    M   0        36 280
14  81  40  61  -3   4   0 0.00    M    M  8.1 24 150   M    M   0        33 150
15  80  45  63  -1   2   0    T    M    M 11.5 30 150   M    M   1        39 140
16  85  52  69   5   0   4 0.00    M    M 13.1 36 280   M    M   1        48 270
17  83  54  69   4   0   4    T    M    M 13.6 41 210   M    M   2        63 210
18  85  55  70   5   0   5    T    M    M 11.3 30 280   M    M   2        45 270
19  83  56  70   5   0   5    T    M    M 10.0 24 220   M    M   2        31 230
20  85  52  69   4   0   4    T    M    M  8.5 35 210   M    M   1        47 230
21  86  50  68   3   0   3 0.00    M    M  8.7 23 220   M    M   3        28 210
22  87  52  70   5   0   5 0.00    M    M  7.5 24 210   M    M   2        29 210
23  87  56  72   7   0   7    T    M    M 13.7 25 180   M    M   2        35 260
24  83  51  67   2   0   2 0.00    M    M 10.8 31 150   M    M   1        40 140
25  89  47  68   3   0   3 0.00    M    M 10.1 25 330   M    M   0        33 150
26  89  52  71   6   0   6 0.00    M    M  9.8 26 250   M    M   0        42 230
27  87  49  68   3   0   3 0.00    M    M 10.3 23 140   M    M   1        33 150
================================================================================
SM 2228 1318        39  65  0.40    M    311.3          M       38
================================================================================
AV 82.5 48.8                              11.5 FASTST   M    M   1    MAX(MPH)
                                 MISC ---->  # 41 210               # 63  210
================================================================================
NOTES:
# LAST OF SEVERAL OCCURRENCES

COLUMN 17 PEAK WIND IN M.P.H.

PRELIMINARY LOCAL CLIMATOLOGICAL DATA (WS FORM: F-6) , PAGE 2

                                          STATION:  LARAMIE WYOMING AIRPORT
                                          MONTH:    JULY
                                          YEAR:     2016
                                          LATITUDE:   41 18 N
                                          LONGITUDE: 105 40 W

[TEMPERATURE DATA]      [PRECIPITATION DATA]       SYMBOLS USED IN COLUMN 16

AVERAGE MONTHLY: 65.7   TOTAL FOR MONTH:   0.40    1 = FOG OR MIST
DPTR FM NORMAL:   1.6   DPTR FM NORMAL:   -0.83    2 = FOG REDUCING VISIBILITY
HIGHEST:    89 ON 26,25 GRTST 24HR  0.18 ON  5- 5      TO 1/4 MILE OR LESS
LOWEST:     34 ON 12                               3 = THUNDER
                        SNOW, ICE PELLETS, HAIL    4 = ICE PELLETS
                        TOTAL MONTH:    M          5 = HAIL
                        GRTST 24HR    M  ON   M    6 = FREEZING RAIN OR DRIZZLE
                        GRTST DEPTH:  M  ON   M    7 = DUSTSTORM OR SANDSTORM:
                                                       VSBY 1/2 MILE OR LESS
                                                   8 = SMOKE OR HAZE
[NO. OF DAYS WITH]      [WEATHER - DAYS WITH]      9 = BLOWING SNOW
                                                   X = TORNADO
MAX 32 OR BELOW:   0    0.01 INCH OR MORE:   4
MAX 90 OR ABOVE:   0    0.10 INCH OR MORE:   2
MIN 32 OR BELOW:   0    0.50 INCH OR MORE:   0
MIN  0 OR BELOW:   0    1.00 INCH OR MORE:   0

[HDD (BASE 65) ]
TOTAL THIS MO.    39    CLEAR  (SCALE 0-3)  25
DPTR FM NORMAL   -25    PTCLDY (SCALE 4-7)   2
TOTAL FM JUL 1    39    CLOUDY (SCALE 8-10)  0
DPTR FM NORMAL   -25

[CDD (BASE 65) ]
TOTAL THIS MO.    65
DPTR FM NORMAL    32    [PRESSURE DATA]
TOTAL FM JAN 1    86    HIGHEST SLP  0.00 ON M
DPTR FM NORMAL    46    LOWEST  SLP 29.44 ON 10

[REMARKS]
