000
CXUS55 KCYS 281000
CF6LAR
PRELIMINARY LOCAL CLIMATOLOGICAL DATA (WS FORM: F-6)

                                          STATION:   LARAMIE WYOMING AIRPORT
                                          MONTH:     SEPTEMBER
                                          YEAR:      2016
                                          LATITUDE:   41 18 N
                                          LONGITUDE: 105 40 W

  TEMPERATURE IN F:       :PCPN:    SNOW:  WIND      :SUNSHINE: SKY     :PK WND
================================================================================
1   2   3   4   5  6A  6B    7    8   9   10  11  12  13   14  15   16   17  18
                                     12Z  AVG MX 2MIN
DY MAX MIN AVG DEP HDD CDD  WTR  SNW DPTH SPD SPD DIR MIN PSBL S-S WX    SPD DR
================================================================================

 1  84  50  67   8   0   2 0.00    M    M 13.0 26 160   M    M   2        34 150
 2  79  54  67   9   0   2    T    M    M 11.3 23 220   M    M   3        31 230
 3  80  47  64   6   1   0 0.03    M    M 12.0 29 280   M    M   3 3      38 210
 4  76  46  61   3   4   0 0.14    M    M  9.0 43 210   M    M   3 3      53 210
 5  78  42  60   3   5   0 0.00    M    M 12.0 25 230   M    M   0        37 220
 6  79  42  61   4   4   0 0.00    M    M 12.8 30 260   M    M   2        39 270
 7  76  39  58   1   7   0 0.00    M    M 11.3 28 270   M    M   1        38 250
 8  78  37  58   2   7   0 0.00    M    M 16.2 35 240   M    M   0        40 270
 9  67  33  50  -6  15   0 0.00    M    M 11.8 29 320   M    M   0 8      48 270
10  77  24  51  -5  14   0 0.00    M    M  8.7 21 280   M    M   0        27 260
11  81  42  62   7   3   0 0.00    M    M 15.6 37 260   M    M   1 8      51 250
12  68  45  57   2   8   0 0.02    M    M 14.1 30  80   M    M   4 3      40  80
13  62  40  51  -3  14   0 0.02    M    M 21.7 32 160   M    M   5 3      39 140
14  74  36  55   1  10   0    T    M    M 12.7 36 280   M    M   4 138    45 270
15  59  33  46  -8  19   0 0.05    M    M 11.1 29 290   M    M   2 13     37 280
16  62  27  45  -8  20   0 0.00    M    M  6.8 16 360   M    M   2        22 360
17  69  30  50  -3  15   0 0.00    M    M  9.9 24 270   M    M   1        32 280
18  76  49  63  11   2   0 0.00    M    M 19.3 43 270   M    M   0        58 270
19  81  46  64  12   1   0 0.00    M    M 13.5 26 280   M    M   0        37 280
20  80  41  61   9   4   0 0.00    M    M  8.2 16 220   M    M   0        24 220
21  72  48  60   9   5   0 0.02    M    M  8.4 21 130   M    M   8        26 220
22  70  50  60   9   5   0 0.00    M    M 19.7 36 150   M    M   3        47 150
23  63  32  48  -2  17   0 0.46    M    M 13.6 30 360   M    M   5 13     39 230
24  54  31  43  -7  22   0    T    M    M 14.0 29 260   M    M   6 1      35 260
25  59  29  44  -5  21   0 0.00    M    M  5.7 16 320   M    M   0        20 320
26  70  32  51   2  14   0 0.00    M    M  7.1 18 350   M    M   0        24 350
27  73  32  53   4  12   0 0.00    M    M  6.8 15 360   M    M   0        19  30
================================================================================
SM 1947 1057       249   4  0.74    M    326.3          M       55
================================================================================
AV 72.1 39.1                              12.1 FASTST   M    M   2    MAX(MPH)
                                 MISC ---->  # 43 210               # 58  270
================================================================================
NOTES:
# LAST OF SEVERAL OCCURRENCES

COLUMN 17 PEAK WIND IN M.P.H.

PRELIMINARY LOCAL CLIMATOLOGICAL DATA (WS FORM: F-6) , PAGE 2

                                          STATION:  LARAMIE WYOMING AIRPORT
                                          MONTH:    SEPTEMBER
                                          YEAR:     2016
                                          LATITUDE:   41 18 N
                                          LONGITUDE: 105 40 W

[TEMPERATURE DATA]      [PRECIPITATION DATA]       SYMBOLS USED IN COLUMN 16

AVERAGE MONTHLY: 55.6   TOTAL FOR MONTH:   0.74    1 = FOG OR MIST
DPTR FM NORMAL:   1.7   DPTR FM NORMAL:   -0.27    2 = FOG REDUCING VISIBILITY
HIGHEST:    84 ON  1    GRTST 24HR  0.46 ON 23-23      TO 1/4 MILE OR LESS
LOWEST:     24 ON 10                               3 = THUNDER
                        SNOW, ICE PELLETS, HAIL    4 = ICE PELLETS
                        TOTAL MONTH:    M          5 = HAIL
                        GRTST 24HR    M  ON   M    6 = FREEZING RAIN OR DRIZZLE
                        GRTST DEPTH:  M  ON   M    7 = DUSTSTORM OR SANDSTORM:
                                                       VSBY 1/2 MILE OR LESS
                                                   8 = SMOKE OR HAZE
[NO. OF DAYS WITH]      [WEATHER - DAYS WITH]      9 = BLOWING SNOW
                                                   X = TORNADO
MAX 32 OR BELOW:   0    0.01 INCH OR MORE:   7
MAX 90 OR ABOVE:   0    0.10 INCH OR MORE:   2
MIN 32 OR BELOW:   8    0.50 INCH OR MORE:   0
MIN  0 OR BELOW:   0    1.00 INCH OR MORE:   0

[HDD (BASE 65) ]
TOTAL THIS MO.   249    CLEAR  (SCALE 0-3)  20
DPTR FM NORMAL   -52    PTCLDY (SCALE 4-7)   7
TOTAL FM JUL 1   415    CLOUDY (SCALE 8-10)  0
DPTR FM NORMAL   -58

[CDD (BASE 65) ]
TOTAL THIS MO.     4
DPTR FM NORMAL     4    [PRESSURE DATA]
TOTAL FM JAN 1   119    HIGHEST SLP M ON M
DPTR FM NORMAL    53    LOWEST  SLP 29.52 ON 23

[REMARKS]
