000
CXUS54 KLUB 290755
CF6LBB
PRELIMINARY LOCAL CLIMATOLOGICAL DATA (WS FORM: F-6)

                                          STATION:   LUBBOCK
                                          MONTH:     APRIL
                                          YEAR:      2016
                                          LATITUDE:   33 39 N
                                          LONGITUDE: 101 49 W

  TEMPERATURE IN F:       :PCPN:    SNOW:  WIND      :SUNSHINE: SKY     :PK WND
================================================================================
1   2   3   4   5  6A  6B    7    8   9   10  11  12  13   14  15   16   17  18
                                     12Z  AVG MX 2MIN
DY MAX MIN AVG DEP HDD CDD  WTR  SNW DPTH SPD SPD DIR MIN PSBL S-S WX    SPD DR
================================================================================

 1  52  34  43 -13  22   0 0.08    T    0 11.5 24  40   M    M   7 1      29  50
 2  68  32  50  -6  15   0 0.00  0.0    0  9.6 16 320   M    M   1        21 280
 3  76  35  56  -1   9   0 0.00  0.0    0 12.7 24 230   M    M   0        31 210
 4  85  39  62   5   3   0 0.00  0.0    0 11.2 26  70   M    M   0 8      30  80
 5  87  51  69  12   0   4    T  0.0    0 18.8 33 190   M    M   5 8      43 190
 6  77  42  60   2   5   0 0.00  0.0    0 11.6 38  20   M    M   3 78     47  20
 7  78  43  61   3   4   0 0.00  0.0    0 15.2 33  40   M    M   5 8      41  30
 8  71  43  57  -1   8   0    T  0.0    0 11.6 24 160   M    M   7        29 140
 9  76  47  62   4   3   0 0.12  0.0    0 14.1 25 210   M    M   5 1      32 190
10  78  53  66   7   0   1 0.01  0.0    0 14.1 25 220   M    M   5 138    32 200
11  74  47  61   2   4   0    T  0.0    0 13.1 31 340   M    M   6 8      37 350
12  53  43  48 -11  17   0 0.31  0.0    0  7.1 14  50   M    M   9 13     17  50
13  71  50  61   1   4   0 0.05  0.0    0  5.4 13 140   M    M   6 1      15 260
14  81  44  63   3   2   0 0.00  0.0    0 12.5 23 130   M    M   2 12     30 140
15  77  53  65   5   0   0 0.00  0.0    0 22.1 35 150   M    M   6        41 140
16  83  56  70   9   0   5    T  0.0    0 17.1 26 250   M    M   8        35 200
17  71  46  59  -2   6   0 0.01  0.0    0 13.8 26  30   M    M   8 3      32  30
18  71  41  56  -5   9   0    T  0.0    0 11.0 20  10   M    M   5        26 360
19  72  52  62   0   3   0 0.44  0.0    0  9.3 21 360   M    M   8 135    26 360
20  79  50  65   3   0   0    T  0.0    0  8.6 25 170   M    M   6 3      29 360
21  76  51  64   2   1   0    T  0.0    0 10.3 20  20   M    M   4 1      29  20
22  80  47  64   1   1   0 0.00  0.0    0  6.6 14  70   M    M   1        18  70
23  84  53  69   6   0   4 0.00  0.0    0 17.5 28 170   M    M   6        36 180
24  87  58  73  10   0   8 0.00  0.0    0 15.0 25 240   M    M   3        33 260
25  89  51  70   6   0   5 0.00  0.0    0 11.9 29 220   M    M   0        35 230
26  86  54  70   6   0   5 0.00  0.0    0 17.9 43 260   M    M   3 8      52 260
27  81  48  65   1   0   0 0.00  0.0    0 14.0 22 250   M    M   2        28 220
28  85  48  67   3   0   2    T    M    0 18.1 33 170   M    M   3 8      44 170
================================================================================
SM 2148 1311       116  34  1.02    T    361.7          M      124
================================================================================
AV 76.7 46.8                              12.9 FASTST   M    M   4    MAX(MPH)
                                 MISC ---->  # 43 260               # 52  260
================================================================================
NOTES:
# LAST OF SEVERAL OCCURRENCES

COLUMN 17 PEAK WIND IN M.P.H.

PRELIMINARY LOCAL CLIMATOLOGICAL DATA (WS FORM: F-6) , PAGE 2

                                          STATION:  LUBBOCK
                                          MONTH:    APRIL
                                          YEAR:     2016
                                          LATITUDE:   33 39 N
                                          LONGITUDE: 101 49 W

[TEMPERATURE DATA]      [PRECIPITATION DATA]       SYMBOLS USED IN COLUMN 16

AVERAGE MONTHLY: 61.8   TOTAL FOR MONTH:   1.02    1 = FOG OR MIST
DPTR FM NORMAL:   1.6   DPTR FM NORMAL:   -0.27    2 = FOG REDUCING VISIBILITY
HIGHEST:    89 ON 25    GRTST 24HR  0.44 ON 19-19      TO 1/4 MILE OR LESS
LOWEST:     32 ON  2                               3 = THUNDER
                        SNOW, ICE PELLETS, HAIL    4 = ICE PELLETS
                        TOTAL MONTH:    T          5 = HAIL
                        GRTST 24HR    T  ON  1- 1  6 = FREEZING RAIN OR DRIZZLE
                        GRTST DEPTH:   0           7 = DUSTSTORM OR SANDSTORM:
                                                       VSBY 1/2 MILE OR LESS
                                                   8 = SMOKE OR HAZE
[NO. OF DAYS WITH]      [WEATHER - DAYS WITH]      9 = BLOWING SNOW
                                                   X = TORNADO
MAX 32 OR BELOW:   0    0.01 INCH OR MORE:   7
MAX 90 OR ABOVE:   0    0.10 INCH OR MORE:   3
MIN 32 OR BELOW:   1    0.50 INCH OR MORE:   0
MIN  0 OR BELOW:   0    1.00 INCH OR MORE:   0

[HDD (BASE 65) ]
TOTAL THIS MO.   116    CLEAR  (SCALE 0-3)   9
DPTR FM NORMAL   -60    PTCLDY (SCALE 4-7)  17
TOTAL FM JUL 1  2765    CLOUDY (SCALE 8-10)  2
DPTR FM NORMAL  -565

[CDD (BASE 65) ]
TOTAL THIS MO.    34
DPTR FM NORMAL   -10    [PRESSURE DATA]
TOTAL FM JAN 1    50    HIGHEST SLP M ON M
DPTR FM NORMAL    -1    LOWEST  SLP 29.43 ON 26

[REMARKS]
