000
CXUS55 KLBF 231200
CF6LBF
PRELIMINARY LOCAL CLIMATOLOGICAL DATA (WS FORM: F-6)

                                          STATION:   NORTH PLATTE
                                          MONTH:     JANUARY
                                          YEAR:      2017
                                          LATITUDE:   41  7 N
                                          LONGITUDE: 100 41 W

  TEMPERATURE IN F:       :PCPN:    SNOW:  WIND      :SUNSHINE: SKY     :PK WND
================================================================================
1   2   3   4   5  6A  6B    7    8   9   10  11  12  13   14  15   16   17  18
                                     12Z  AVG MX 2MIN
DY MAX MIN AVG DEP HDD CDD  WTR  SNW DPTH SPD SPD DIR MIN PSBL S-S WX    SPD DR
================================================================================

 1  39  16  28   4  37   0 0.00  0.0    0  6.5 16 130   M    M   6        21 170
 2  34  12  23  -1  42   0    T    T    0  9.1 23 340   M    M   7 12     30 340
 3  21   5  13 -11  52   0    T    T    T 11.1 23 340   M    M   3        30 340
 4  11   3   7 -17  58   0 0.22  6.4    3  3.6  9 360   M    M  10 18     12 340
 5   8 -19  -5 -29  70   0    T    T    5  8.4 18 330   M    M   5 8      23 340
 6  13 -21  -4 -28  69   0 0.00  0.0    4  7.0  M   M   M    M   0 1       M  M
 7  19 -12   4 -21  61   0 0.00  0.0    4  5.3 12 110   M    M   0        14 110
 8  30   4  17  -8  48   0 0.00  0.0    3  5.9 15 170   M    M   2 1      18 170
 9  40  20  30   5  35   0 0.01  0.0    3  6.4 16 130   M    M   4        22 140
10  41  10  26   1  39   0    T    T    T  8.0 28  30   M    M   2        36  30
11  41   5  23  -2  42   0 0.05  0.7    T  9.9 28  30   M    M   5 1      36  30
12  23  -2  11 -14  54   0 0.00  0.0    1  3.7 10  10   M    M   3 18     14  10
13  25  11  18  -7  47   0 0.00  0.0    1  5.7 14 130   M    M   3        18 120
14  40   9  25   0  40   0 0.00  0.0    T  2.8  7 110   M    M   1         8 130
15  35  18  27   2  38   0 0.22  0.1    T  2.4  6 110   M    M   9 16      7 110
16  39  24  32   7  33   0 0.06    T    T  7.6 15 360   M    M   9 1      20  10
17  47  17  32   7  33   0 0.00  0.0    0  5.2 13 270   M    M   0        15 260
18  51  16  34   9  31   0 0.00  0.0    0  4.5 14 180   M    M   0 18     18 190
19  39  28  34   9  31   0 0.00  0.0    0  4.7 13 170   M    M   9 12     16 170
20  44  32  38  13  27   0 0.00  0.0    0  4.8 10 200   M    M   9 1      14 220
21  49  22  36  11  29   0 0.00  0.0    0  4.1  9 300   M    M   1 12     12 310
22  51  21  36  11  29   0 0.00  0.0    0  6.1 16 300   M    M   0        20 300
================================================================================
SM  740  219       945   0  0.56     7.2 132.8          M       88
================================================================================
AV 33.6 10.0                               6.0 FASTST   M    M   4    MAX(MPH)
                                 MISC ---->  # 28  30               # 36   30
================================================================================
NOTES:
# LAST OF SEVERAL OCCURRENCES

COLUMN 17 PEAK WIND IN M.P.H.

PRELIMINARY LOCAL CLIMATOLOGICAL DATA (WS FORM: F-6) , PAGE 2

                                          STATION:  NORTH PLATTE
                                          MONTH:    JANUARY
                                          YEAR:     2017
                                          LATITUDE:   41  7 N
                                          LONGITUDE: 100 41 W

[TEMPERATURE DATA]      [PRECIPITATION DATA]       SYMBOLS USED IN COLUMN 16

AVERAGE MONTHLY: 21.8   TOTAL FOR MONTH:   0.56    1 = FOG OR MIST
DPTR FM NORMAL:  -2.9   DPTR FM NORMAL:    0.32    2 = FOG REDUCING VISIBILITY
HIGHEST:    51 ON 22,18 GRTST 24HR  0.28 ON 15-16      TO 1/4 MILE OR LESS
LOWEST:    -21 ON  6                               3 = THUNDER
                        SNOW, ICE PELLETS, HAIL    4 = ICE PELLETS
                        TOTAL MONTH:   7.2 INCHES  5 = HAIL
                        GRTST 24HR   6.4 ON   M    6 = FREEZING RAIN OR DRIZZLE
                        GRTST DEPTH:   5 ON  5     7 = DUSTSTORM OR SANDSTORM:
                                                       VSBY 1/2 MILE OR LESS
                                                   8 = SMOKE OR HAZE
[NO. OF DAYS WITH]      [WEATHER - DAYS WITH]      9 = BLOWING SNOW
                                                   X = TORNADO
MAX 32 OR BELOW:   8    0.01 INCH OR MORE:   5
MAX 90 OR ABOVE:   0    0.10 INCH OR MORE:   2
MIN 32 OR BELOW:  22    0.50 INCH OR MORE:   0
MIN  0 OR BELOW:   4    1.00 INCH OR MORE:   0

[HDD (BASE 65) ]
TOTAL THIS MO.   945    CLEAR  (SCALE 0-3)  11
DPTR FM NORMAL    60    PTCLDY (SCALE 4-7)   6
TOTAL FM JUL 1  3212    CLOUDY (SCALE 8-10)  5
DPTR FM NORMAL  -453

[CDD (BASE 65) ]
TOTAL THIS MO.     0
DPTR FM NORMAL     0    [PRESSURE DATA]
TOTAL FM JAN 1     0    HIGHEST SLP M ON M
DPTR FM NORMAL     0    LOWEST  SLP 29.36 ON 20

[REMARKS]
