000
CXUS55 KLBF 011200
CF6LBF
PRELIMINARY LOCAL CLIMATOLOGICAL DATA (WS FORM: F-6)

                                          STATION:   NORTH PLATTE NE
                                          MONTH:     JUNE
                                          YEAR:      2015
                                          LATITUDE:   41  7 N
                                          LONGITUDE: 100 41 W

  TEMPERATURE IN F:       :PCPN:    SNOW:  WIND      :SUNSHINE: SKY     :PK WND
================================================================================
1   2   3   4   5  6A  6B    7    8   9   10  11  12  13   14  15   16   17  18
                                     12Z  AVG MX 2MIN
DY MAX MIN AVG DEP HDD CDD  WTR  SNW DPTH SPD SPD DIR MIN PSBL S-S WX    SPD DR
================================================================================

 1  78  57  68   5   0   3 0.33  0.0    0 10.8 18 300   M    M   4 13     25 120
 2  85  61  73  10   0   8 0.07  0.0    0 10.3 29  20   M    M   1 3      36  20
 3  79  58  69   5   0   4 0.32  0.0    0  8.3 26  30   M    M   2 13     37  30
 4  78  63  71   7   0   6    T  0.0    0  8.9 20 110   M    M   8 13     24 110
 5  78  62  70   6   0   5 0.17  0.0    0  7.2 22 160   M    M   5        29 160
 6  84  62  73   8   0   8    T  0.0    0  7.3 21 160   M    M   4        30 160
 7  80  56  68   3   0   3 0.09  0.0    0  4.9 15 280   M    M   3 3      22 320
 8  86  53  70   5   0   5 0.00  0.0    0  5.3 12 290   M    M   0        16 270
 9  95  55  75   9   0  10 0.00  0.0    0  2.2 12 240   M    M   0        13 240
10  90  58  74   8   0   9 0.88  0.0    0  5.4 30 190   M    M   1 13     42 190
11  69  57  63  -3   2   0 0.08  0.0    0 10.8 18  30   M    M   9        23  20
12  71  53  62  -5   3   0 0.00  0.0    0  2.8 10 190   M    M   1        14  50
13  81  56  69   2   0   4 0.00  0.0    0  7.9 15 180   M    M   3        19 170
14  85  62  74   6   0   9    T  0.0    0  5.9 24 320   M    M   1 138    31 320
15  78  58  68   0   0   3 0.00  0.0    0  8.7 17  40   M    M   4 3      25  30
16  81  55  68   0   0   3 0.20  0.0    0 11.2 29 170   M    M   5 3      33  40
17  82  55  69   1   0   4 0.01  0.0    0  5.1 22 130   M    M   1        28 130
18  73  59  66  -3   0   1 0.40  0.0    0  7.8 33 340   M    M   5 138    45 350
19  86  58  72   3   0   7 0.00  0.0    0  9.8 20 160   M    M   5        26 170
20  85  64  75   5   0  10 0.00  0.0    0  8.8 17  20   M    M   0        26  10
21  86  62  74   4   0   9 0.00  0.0    0  9.6 21 110   M    M   2 3      27  60
22  83  57  70   0   0   5 0.00  0.0    0 12.0 25  10   M    M   0        33  10
23  77  55  66  -4   0   1 0.00  0.0    0  8.7 18 110   M    M   4        23 100
24  85  58  72   1   0   7 0.00  0.0    0  7.5 24  20   M    M   2        34  20
25  86  62  74   3   0   9 0.18  0.0    0  8.0 22 170   M    M   1 3      29 360
26  83  60  72   1   0   7 0.00  0.0    0  7.2 17  20   M    M   4 1      21  10
27  88  52  70  -2   0   5 0.00  0.0    0  2.0  9 220   M    M   0        13 220
28  92  58  75   3   0  10 0.00  0.0    0  6.0 16  10   M    M   0        22  40
29  93  54  74   2   0   9    T  0.0    0  3.7 12 350   M    M   0        16  30
30  97  60  79   7   0  14    T  0.0    0  4.6 14 100   M    M   0        18  90
================================================================================
SM 2494 1740         5 178  2.73     0.0 218.7          M       75
================================================================================
AV 83.1 58.0                               7.3 FASTST   M    M   3    MAX(MPH)
                                 MISC ---->  # 33 340               # 45  350
================================================================================
NOTES:
# LAST OF SEVERAL OCCURRENCES

COLUMN 17 PEAK WIND IN M.P.H.

PRELIMINARY LOCAL CLIMATOLOGICAL DATA (WS FORM: F-6) , PAGE 2

                                          STATION:  NORTH PLATTE NE
                                          MONTH:    JUNE
                                          YEAR:     2015
                                          LATITUDE:   41  7 N
                                          LONGITUDE: 100 41 W

[TEMPERATURE DATA]      [PRECIPITATION DATA]       SYMBOLS USED IN COLUMN 16

AVERAGE MONTHLY: 70.6   TOTAL FOR MONTH:   2.73    1 = FOG OR MIST
DPTR FM NORMAL:   2.7   DPTR FM NORMAL:   -0.69    2 = FOG REDUCING VISIBILITY
HIGHEST:    97 ON 30    GRTST 24HR  0.97 ON 10-11      TO 1/4 MILE OR LESS
LOWEST:     52 ON 27                               3 = THUNDER
                        SNOW, ICE PELLETS, HAIL    4 = ICE PELLETS
                        TOTAL MONTH:   0.0 INCH    5 = HAIL
                        GRTST 24HR     0.0         6 = FREEZING RAIN OR DRIZZLE
                        GRTST DEPTH:   0           7 = DUSTSTORM OR SANDSTORM:
                                                       VSBY 1/2 MILE OR LESS
                                                   8 = SMOKE OR HAZE
[NO. OF DAYS WITH]      [WEATHER - DAYS WITH]      9 = BLOWING SNOW
                                                   X = TORNADO
MAX 32 OR BELOW:   0    0.01 INCH OR MORE:  11
MAX 90 OR ABOVE:   5    0.10 INCH OR MORE:   7
MIN 32 OR BELOW:   0    0.50 INCH OR MORE:   1
MIN  0 OR BELOW:   0    1.00 INCH OR MORE:   0

[HDD (BASE 65) ]
TOTAL THIS MO.     5    CLEAR  (SCALE 0-3)  19
DPTR FM NORMAL   -46    PTCLDY (SCALE 4-7)  10
TOTAL FM JUL 1  6275    CLOUDY (SCALE 8-10)  1
DPTR FM NORMAL  -411

[CDD (BASE 65) ]
TOTAL THIS MO.   178
DPTR FM NORMAL    40    [PRESSURE DATA]
TOTAL FM JAN 1   180    HIGHEST SLP 30.18 ON 15
DPTR FM NORMAL    14    LOWEST  SLP 29.54 ON 22

[REMARKS]
#FINAL-06-15#
