000
CXUS55 KLBF 301520
CF6LBF
PRELIMINARY LOCAL CLIMATOLOGICAL DATA (WS FORM: F-6)

                                          STATION:   NORTH PLATTE
                                          MONTH:     SEPTEMBER
                                          YEAR:      2016
                                          LATITUDE:   41  7 N
                                          LONGITUDE: 100 41 W

  TEMPERATURE IN F:       :PCPN:    SNOW:  WIND      :SUNSHINE: SKY     :PK WND
================================================================================
1   2   3   4   5  6A  6B    7    8   9   10  11  12  13   14  15   16   17  18
                                     12Z  AVG MX 2MIN
DY MAX MIN AVG DEP HDD CDD  WTR  SNW DPTH SPD SPD DIR MIN PSBL S-S WX    SPD DR
================================================================================

 1  85  53  69   1   0   4 0.00  0.0    0  8.3 16 160   M    M   3 12     23 120
 2  80  59  70   2   0   5 0.01  0.0    0 13.1 37 150   M    M   5        46 160
 3  82  63  73   5   0   8 0.00  0.0    0  9.9 17 130   M    M   6        24 130
 4  89  61  75   8   0  10    T  0.0    0  9.4 23 170   M    M   5        32 170
 5  92  62  77  10   0  12 0.14  0.0    0  6.9 23 180   M    M   1 13     33 180
 6  70  62  66  -1   0   1 0.58  0.0    0 10.4 23 340   M    M   8 13     30 360
 7  82  60  71   5   0   6 0.02  0.0    0  4.1 13 340   M    M   5 13     17 350
 8  85  53  69   3   0   4 0.00  0.0    0  7.3 17 160   M    M   2 1      23 180
 9  76  45  61  -4   4   0 0.01  0.0    0 11.8 26 360   M    M   5 1      37 360
10  78  39  59  -6   6   0 0.00  0.0    0  6.8 16 220   M    M   0        20 230
11  89  54  72   8   0   7 0.00  0.0    0 10.5 18 170   M    M   0        28 170
12  71  54  63  -1   2   0 0.00  0.0    0 10.9 23 330   M    M   3        29 340
13  63  48  56  -8   9   0 0.00  0.0    0  8.1 16  20   M    M   9        23  30
14  71  45  58  -5   7   0 0.00  0.0    0  7.6 16 130   M    M   9        22 160
15  78  54  66   3   0   1 0.05  0.0    0  6.1 26 320   M    M   7 18     36 320
16  79  45  62   0   3   0 0.00  0.0    0  8.5 23 310   M    M   0        28 310
17  85  41  63   1   2   0 0.00  0.0    0  6.4 21 170   M    M   1        27 190
18  92  43  68   7   0   3 0.00  0.0    0  6.4 21 270   M    M   0 18     27 260
19  87  47  67   6   0   2 0.00  0.0    0  8.0 16  60   M    M   0        23  30
20  96  53  75  15   0  10 0.00  0.0    0  7.1 13 170   M    M   0 1      17 160
21  87  62  75  15   0  10 0.00  0.0    0  7.4 20  30   M    M   0        26  20
22  77  63  70  11   0   5 0.00  0.0    0 10.6 21  20   M    M   9        28  20
23  93  61  77  18   0  12 0.00  0.0    0 16.8 31 160   M    M   2 13     43 170
24  81  51  66   8   0   1 0.13  0.0    0  8.4 28 160   M    M   0 38     39 180
25  74  38  56  -2   9   0 0.00  0.0    0 12.0 26 320   M    M   0        37 330
26  78  35  57  -1   8   0 0.00  0.0    0  6.6 20 320   M    M   0 8      25 300
27  87  37  62   5   3   0 0.00  0.0    0  5.6 15 330   M    M   0        21 250
28  79  39  59   2   6   0 0.00  0.0    0  5.5 18  40   M    M   0        22  40
29  75  33  54  -2  11   0 0.00  0.0    0  6.1 15 170   M    M   0        20 130
================================================================================
SM 2361 1460        70 101  0.94     0.0 246.6          M       80
================================================================================
AV 81.4 50.3                               8.5 FASTST   M    M   3    MAX(MPH)
                                 MISC ---->  # 37 150               # 46  160
================================================================================
NOTES:
# LAST OF SEVERAL OCCURRENCES

COLUMN 17 PEAK WIND IN M.P.H.

PRELIMINARY LOCAL CLIMATOLOGICAL DATA (WS FORM: F-6) , PAGE 2

                                          STATION:  NORTH PLATTE
                                          MONTH:    SEPTEMBER
                                          YEAR:     2016
                                          LATITUDE:   41  7 N
                                          LONGITUDE: 100 41 W

[TEMPERATURE DATA]      [PRECIPITATION DATA]       SYMBOLS USED IN COLUMN 16

AVERAGE MONTHLY: 65.9   TOTAL FOR MONTH:   0.94    1 = FOG OR MIST
DPTR FM NORMAL:   3.4   DPTR FM NORMAL:   -0.42    2 = FOG REDUCING VISIBILITY
HIGHEST:    96 ON 20    GRTST 24HR  0.60 ON  6- 7      TO 1/4 MILE OR LESS
LOWEST:     33 ON 29                               3 = THUNDER
                        SNOW, ICE PELLETS, HAIL    4 = ICE PELLETS
                        TOTAL MONTH:   0.0 INCH    5 = HAIL
                        GRTST 24HR     0.0         6 = FREEZING RAIN OR DRIZZLE
                        GRTST DEPTH:   0           7 = DUSTSTORM OR SANDSTORM:
                                                       VSBY 1/2 MILE OR LESS
                                                   8 = SMOKE OR HAZE
[NO. OF DAYS WITH]      [WEATHER - DAYS WITH]      9 = BLOWING SNOW
                                                   X = TORNADO
MAX 32 OR BELOW:   0    0.01 INCH OR MORE:   7
MAX 90 OR ABOVE:   4    0.10 INCH OR MORE:   3
MIN 32 OR BELOW:   0    0.50 INCH OR MORE:   1
MIN  0 OR BELOW:   0    1.00 INCH OR MORE:   0

[HDD (BASE 65) ]
TOTAL THIS MO.    70    CLEAR  (SCALE 0-3)  18
DPTR FM NORMAL   -72    PTCLDY (SCALE 4-7)   8
TOTAL FM JUL 1    82    CLOUDY (SCALE 8-10)  3
DPTR FM NORMAL   -80

[CDD (BASE 65) ]
TOTAL THIS MO.   101
DPTR FM NORMAL    30    [PRESSURE DATA]
TOTAL FM JAN 1   908    HIGHEST SLP M ON M
DPTR FM NORMAL   142    LOWEST  SLP 29.53 ON  4

[REMARKS]
