000
CXUS54 KSHV 301300
CF6LFK
PRELIMINARY LOCAL CLIMATOLOGICAL DATA (WS FORM: F-6)

                                          STATION:   LUFKIN
                                          MONTH:     JUNE
                                          YEAR:      2015
                                          LATITUDE:   31 14 N
                                          LONGITUDE:  94 45 W

  TEMPERATURE IN F:       :PCPN:    SNOW:  WIND      :SUNSHINE: SKY     :PK WND
================================================================================
1   2   3   4   5  6A  6B    7    8   9   10  11  12  13   14  15   16   17  18
                                     12Z  AVG MX 2MIN
DY MAX MIN AVG DEP HDD CDD  WTR  SNW DPTH SPD SPD DIR MIN PSBL S-S WX    SPD DR
================================================================================

 1  87  63  75  -3   0  10 0.00  0.0    0  2.5 12 310   M    M   1 18     15 310
 2  91  66  79   1   0  14 0.00  0.0    0  3.1 10 110   M    M   1 18     14  80
 3  93  69  81   3   0  16 0.00  0.0    0  3.1 10  80   M    M   1        12 150
 4  94  71  83   5   0  18 0.00  0.0    0  1.7  7  90   M    M   2 18      9 110
 5  93  72  83   5   0  18 0.00  0.0    0  2.2  9  80   M    M   1 18     12  60
 6  95  70  83   4   0  18 0.00  0.0    0  1.4  8 120   M    M   0 18     11 150
 7  96  72  84   5   0  19 0.00  0.0    0  2.4  8 120   M    M   1 18     13 150
 8  96  74  85   6   0  20 0.00  0.0    0  2.8  9 210   M    M   0        14 210
 9  97  74  86   7   0  21 0.00  0.0    0  4.2 12  60   M    M   1        16  70
10  97  74  86   7   0  21    T  0.0    0  4.3 16 130   M    M   2 138    22 130
11  95  74  85   5   0  20 0.00  0.0    0  5.6 13 160   M    M   1 18     16 150
12  92  75  84   4   0  19 0.35  0.0    0  7.4 23 150   M    M   1 138    32 150
13  88  75  82   2   0  17 0.24  0.0    0  8.6 23 150   M    M   4 1      31 170
14  89  76  83   3   0  18 0.14  0.0    0  7.1 21 110   M    M   5 13     30 110
15  94  76  85   5   0  20 0.35  0.0    0  6.6 31 120   M    M   5 1      40 120
16  86  76  81   1   0  16 0.47  0.0    0  8.1 12 140   M    M   6 13     22 100
17  80  75  78  -2   0  13 2.59  0.0    0 11.5 26 170   M    M   8 13     37 180
18  83  73  78  -2   0  13 3.61  0.0    0  6.0 21 220   M    M   7 13     37 240
19  93  77  85   4   0  20 0.02  0.0    0  5.5 15 210   M    M   5 18     20 220
20  93  74  84   3   0  19 0.65  0.0    0  4.8 30 190   M    M   4 138    42 200
21  92  77  85   4   0  20    T  0.0    0  4.7 17 160   M    M   3 138    21 170
22  94  78  86   5   0  21 0.00  0.0    0  5.5 13 180   M    M   1 18     25 180
23  96  75  86   5   0  21 0.00  0.0    0  1.4  7 120   M    M   1 18     10 150
24  96  76  86   5   0  21 0.00  0.0    0  2.5  9 160   M    M   0 18     12 170
25  95  76  86   5   0  21 0.00  0.0    0  4.3 12 110   M    M   1 18     15 110
26  96  77  87   6   0  22    T  0.0    0  5.8 13 210   M    M   1        17 210
27  91  77  84   2   0  19    T  0.0    0  4.9 16 300   M    M   4 38     24 290
28  95  75  85   3   0  20 0.00  0.0    0  3.4 10 190   M    M   2 128    14  50
29  96  71  84   2   0  19    M  0.0    0  6.5 25  60   M    M   4 138    37  60
================================================================================
SM 2683 2138         0 534  8.42     0.0 137.9          M       73
================================================================================
AV 92.5 73.7                               4.8 FASTST   M    M   3    MAX(MPH)
                                 MISC ---->  # 31 120               # 42  200
================================================================================
NOTES:
# LAST OF SEVERAL OCCURRENCES

COLUMN 17 PEAK WIND IN M.P.H.

PRELIMINARY LOCAL CLIMATOLOGICAL DATA (WS FORM: F-6) , PAGE 2

                                          STATION:  LUFKIN
                                          MONTH:    JUNE
                                          YEAR:     2015
                                          LATITUDE:   31 14 N
                                          LONGITUDE:  94 45 W

[TEMPERATURE DATA]      [PRECIPITATION DATA]       SYMBOLS USED IN COLUMN 16

AVERAGE MONTHLY: 83.1   TOTAL FOR MONTH:   8.42    1 = FOG OR MIST
DPTR FM NORMAL:   3.2   DPTR FM NORMAL:    3.88    2 = FOG REDUCING VISIBILITY
HIGHEST:    97 ON 10, 9 GRTST 24HR  4.25 ON 17-18      TO 1/4 MILE OR LESS
LOWEST:     63 ON  1                               3 = THUNDER
                        SNOW, ICE PELLETS, HAIL    4 = ICE PELLETS
                        TOTAL MONTH:   0.0 INCH    5 = HAIL
                        GRTST 24HR     0.0         6 = FREEZING RAIN OR DRIZZLE
                        GRTST DEPTH:   0           7 = DUSTSTORM OR SANDSTORM:
                                                       VSBY 1/2 MILE OR LESS
                                                   8 = SMOKE OR HAZE
[NO. OF DAYS WITH]      [WEATHER - DAYS WITH]      9 = BLOWING SNOW
                                                   X = TORNADO
MAX 32 OR BELOW:   0    0.01 INCH OR MORE:   9
MAX 90 OR ABOVE:  23    0.10 INCH OR MORE:   8
MIN 32 OR BELOW:   0    0.50 INCH OR MORE:   3
MIN  0 OR BELOW:   0    1.00 INCH OR MORE:   2

[HDD (BASE 65) ]
TOTAL THIS MO.     0    CLEAR  (SCALE 0-3)  19
DPTR FM NORMAL     0    PTCLDY (SCALE 4-7)  10
TOTAL FM JUL 1  1691    CLOUDY (SCALE 8-10)  0
DPTR FM NORMAL  -226

[CDD (BASE 65) ]
TOTAL THIS MO.   534
DPTR FM NORMAL    98    [PRESSURE DATA]
TOTAL FM JAN 1  1217    HIGHEST SLP M ON M
DPTR FM NORMAL   312    LOWEST  SLP 29.76 ON 10

[REMARKS]
