000
CXUS54 KSHV 191300
CF6LFK
PRELIMINARY LOCAL CLIMATOLOGICAL DATA (WS FORM: F-6)

                                          STATION:   LUFKIN
                                          MONTH:     SEPTEMBER
                                          YEAR:      2017
                                          LATITUDE:   31 14 N
                                          LONGITUDE:  94 45 W

  TEMPERATURE IN F:       :PCPN:    SNOW:  WIND      :SUNSHINE: SKY     :PK WND
================================================================================
1   2   3   4   5  6A  6B    7    8   9   10  11  12  13   14  15   16   17  18
                                     12Z  AVG MX 2MIN
DY MAX MIN AVG DEP HDD CDD  WTR  SNW DPTH SPD SPD DIR MIN PSBL S-S WX    SPD DR
================================================================================

 1  89  68  79  -2   0  14 0.00  0.0    0  0.7  8 320   M    M   1 1      12 320
 2  91  67  79  -2   0  14 0.00  0.0    0  1.3  8  70   M    M   1 1      11 100
 3  90  67  79  -2   0  14 0.00  0.0    0  1.8  9 100   M    M   1 1      12  90
 4  89  68  79  -2   0  14 0.00  0.0    0  1.9  9 210   M    M   0 1      12 170
 5  91  68  80   0   0  15 0.90  0.0    0  2.3  7 280   M    M   1 13      M  M
 6  82  63  73  -7   0   8 0.00  0.0    0  5.8 15  10   M    M   2        21  60
 7  80  57  69 -11   0   4 0.00  0.0    0  5.3 14 100   M    M   0 18     18  20
 8  81  59  70 -10   0   5 0.00  0.0    0  5.0 14 110   M    M   0        19  70
 9  82  59  71  -8   0   6 0.00  0.0    0  6.7 14  10   M    M   0        19  10
10  83  61  72  -7   0   7 0.00  0.0    0  6.3 15  20   M    M   0 8      22  40
11  82  59  71  -8   0   6 0.00  0.0    0  4.9 17 360   M    M   0        25 350
12  83  56  70  -9   0   5 0.00  0.0    0  3.2 13 320   M    M   0 1      19 340
13  85  60  73  -5   0   8 0.00  0.0    0  2.2  8 270   M    M   0 1      12 280
14  89  64  77  -1   0  12 0.00  0.0    0  3.8 12 140   M    M   1 12     15 130
15  87  65  76  -2   0  11 0.00  0.0    0  4.0 12 160   M    M   1 1      14 140
16  89  65  77   0   0  12 0.00  0.0    0  2.3  9 160   M    M   1 1      11 160
17  90  63  77   0   0  12 0.00  0.0    0  1.8  8 150   M    M   0 1      10 160
18  89  72  81   4   0  16 1.05  0.0    0  2.8 21 290   M    M   6 123    25 280
================================================================================
SM 1552 1141         0 183  1.95     0.0  62.1          M       15
================================================================================
AV 86.2 63.4                               3.4 FASTST   M    M   1    MAX(MPH)
                                 MISC ---->  # 21 290               # 25  350
================================================================================
NOTES:
# LAST OF SEVERAL OCCURRENCES

COLUMN 17 PEAK WIND IN M.P.H.

PRELIMINARY LOCAL CLIMATOLOGICAL DATA (WS FORM: F-6) , PAGE 2

                                          STATION:  LUFKIN
                                          MONTH:    SEPTEMBER
                                          YEAR:     2017
                                          LATITUDE:   31 14 N
                                          LONGITUDE:  94 45 W

[TEMPERATURE DATA]      [PRECIPITATION DATA]       SYMBOLS USED IN COLUMN 16

AVERAGE MONTHLY: 74.8   TOTAL FOR MONTH:   1.95    1 = FOG OR MIST
DPTR FM NORMAL:  -4.4   DPTR FM NORMAL:   -0.60    2 = FOG REDUCING VISIBILITY
HIGHEST:    91 ON  5, 2 GRTST 24HR  1.05 ON 18-18      TO 1/4 MILE OR LESS
LOWEST:     56 ON 12                               3 = THUNDER
                        SNOW, ICE PELLETS, HAIL    4 = ICE PELLETS
                        TOTAL MONTH:   0.0 INCH    5 = HAIL
                        GRTST 24HR     0.0         6 = FREEZING RAIN OR DRIZZLE
                        GRTST DEPTH:   0           7 = DUSTSTORM OR SANDSTORM:
                                                       VSBY 1/2 MILE OR LESS
                                                   8 = SMOKE OR HAZE
[NO. OF DAYS WITH]      [WEATHER - DAYS WITH]      9 = BLOWING SNOW
                                                   X = TORNADO
MAX 32 OR BELOW:   0    0.01 INCH OR MORE:   2
MAX 90 OR ABOVE:   4    0.10 INCH OR MORE:   2
MIN 32 OR BELOW:   0    0.50 INCH OR MORE:   2
MIN  0 OR BELOW:   0    1.00 INCH OR MORE:   1

[HDD (BASE 65) ]
TOTAL THIS MO.     0    CLEAR  (SCALE 0-3)  17
DPTR FM NORMAL     0    PTCLDY (SCALE 4-7)   1
TOTAL FM JUL 1     0    CLOUDY (SCALE 8-10)  0
DPTR FM NORMAL     0

[CDD (BASE 65) ]
TOTAL THIS MO.   183
DPTR FM NORMAL   -72    [PRESSURE DATA]
TOTAL FM JAN 1  2206    HIGHEST SLP M ON M
DPTR FM NORMAL   -72    LOWEST  SLP 29.72 ON 12

[REMARKS]
