097
CXUS54 KSHV 011300
CF6LFK
PRELIMINARY LOCAL CLIMATOLOGICAL DATA (WS FORM: F-6)

                                          STATION:   LUFKIN
                                          MONTH:     SEPTEMBER
                                          YEAR:      2016
                                          LATITUDE:   31 14 N
                                          LONGITUDE:  94 45 W

  TEMPERATURE IN F:       :PCPN:    SNOW:  WIND      :SUNSHINE: SKY     :PK WND
================================================================================
1   2   3   4   5  6A  6B    7    8   9   10  11  12  13   14  15   16   17  18
                                     12Z  AVG MX 2MIN
DY MAX MIN AVG DEP HDD CDD  WTR  SNW DPTH SPD SPD DIR MIN PSBL S-S WX    SPD DR
================================================================================

 1  94  73  84   3   0  19 0.00  0.0    0  5.0 12  20   M    M   1 1      16  30
 2  90  73  82   1   0  17 0.00  0.0    0  4.8 12  20   M    M   1 1      17  10
 3  89  69  79  -2   0  14 0.00  0.0    0  4.2  9  30   M    M   1        13  20
 4  93  68  81   0   0  16    T  0.0    0  3.8 15 150   M    M   1        20 110
 5  92  73  83   3   0  18 0.27  0.0    0  5.3 22 190   M    M   1 13     27 200
 6  92  74  83   3   0  18 0.00  0.0    0  5.9 16 110   M    M   4 12     19 120
 7  92  73  83   3   0  18 0.00  0.0    0  3.6 10 190   M    M   3 12     13 190
 8  92  73  83   3   0  18 0.00  0.0    0  3.6 10 190   M    M   2 1      16 160
 9  87  71  79   0   0  14 0.30  0.0    0  4.6 20 220   M    M   1 1      25 220
10  91  70  81   2   0  16 0.18  0.0    0  2.8 17 320   M    M   3 13     28 330
11  88  70  79   0   0  14 0.00  0.0    0  3.5 10  20   M    M   2 1      12 340
12  90  69  80   1   0  15 0.00  0.0    0  3.3 10  80   M    M   1 1      13  70
13  91  71  81   3   0  16 0.00  0.0    0  4.3 15  80   M    M   1        19  80
14  91  71  81   3   0  16 0.00  0.0    0  3.3 12  70   M    M   1 1      17 100
15  92  72  82   4   0  17 0.00  0.0    0  3.3 10  70   M    M   2 1      14  70
16  91  72  82   5   0  17    T  0.0    0  3.8 12  70   M    M   1 1      15  80
17  93  72  83   6   0  18 0.00  0.0    0  1.8  9  80   M    M   3 12     12 100
18  94  72  83   6   0  18 0.00  0.0    0  1.8  9 290   M    M   1 1      16 280
19  96  72  84   8   0  19 0.00  0.0    0  2.3  7 100   M    M   1 1      11 320
20  93  73  83   7   0  18 0.00  0.0    0  4.0 15  70   M    M   2 1      18  70
21  95  66  81   5   0  16 0.00  0.0    0  3.1  9  70   M    M   1 1      17  40
22  92  65  79   4   0  14    T  0.0    0  3.1 18 170   M    M   1        27 170
23  94  72  83   8   0  18 0.00  0.0    0  5.8 18 200   M    M   2 1      24 220
24  91  71  81   6   0  16 0.00  0.0    0  5.7 14 120   M    M   2        16 130
25  90  71  81   7   0  16 0.30  0.0    0  4.7 13 220   M    M   2 13     16 220
26  84  69  77   3   0  12 0.05  0.0    0  4.2 16  70   M    M   7 13     21  20
27  82  64  73  -1   0   8 0.00  0.0    0  3.9 10 330   M    M   3        14  10
28  84  59  72  -1   0   7 0.00  0.0    0  2.5 10 290   M    M   0 1      16 310
29  80  55  68  -5   0   3 0.00  0.0    0  5.4 15  20   M    M   0        21  30
30  81  51  66  -7   0   1 0.00  0.0    0  2.5 10 310   M    M   0        13  30
================================================================================
SM 2704 2074         0 447  1.10     0.0 115.9          M       51
================================================================================
AV 90.1 69.1                               3.9 FASTST   M    M   2    MAX(MPH)
                                 MISC ---->  # 22 190               # 28  330
================================================================================
NOTES:
# LAST OF SEVERAL OCCURRENCES

COLUMN 17 PEAK WIND IN M.P.H.

PRELIMINARY LOCAL CLIMATOLOGICAL DATA (WS FORM: F-6) , PAGE 2

                                          STATION:  LUFKIN
                                          MONTH:    SEPTEMBER
                                          YEAR:     2016
                                          LATITUDE:   31 14 N
                                          LONGITUDE:  94 45 W

[TEMPERATURE DATA]      [PRECIPITATION DATA]       SYMBOLS USED IN COLUMN 16

AVERAGE MONTHLY: 79.6   TOTAL FOR MONTH:   1.10    1 = FOG OR MIST
DPTR FM NORMAL:   2.3   DPTR FM NORMAL:   -2.98    2 = FOG REDUCING VISIBILITY
HIGHEST:    96 ON 19    GRTST 24HR  0.30 ON 25-25      TO 1/4 MILE OR LESS
LOWEST:     51 ON 30                               3 = THUNDER
                        SNOW, ICE PELLETS, HAIL    4 = ICE PELLETS
                        TOTAL MONTH:   0.0 INCH    5 = HAIL
                        GRTST 24HR     0.0         6 = FREEZING RAIN OR DRIZZLE
                        GRTST DEPTH:   0           7 = DUSTSTORM OR SANDSTORM:
                                                       VSBY 1/2 MILE OR LESS
                                                   8 = SMOKE OR HAZE
[NO. OF DAYS WITH]      [WEATHER - DAYS WITH]      9 = BLOWING SNOW
                                                   X = TORNADO
MAX 32 OR BELOW:   0    0.01 INCH OR MORE:   5
MAX 90 OR ABOVE:  22    0.10 INCH OR MORE:   4
MIN 32 OR BELOW:   0    0.50 INCH OR MORE:   0
MIN  0 OR BELOW:   0    1.00 INCH OR MORE:   0

[HDD (BASE 65) ]
TOTAL THIS MO.     0    CLEAR  (SCALE 0-3)  27
DPTR FM NORMAL    -4    PTCLDY (SCALE 4-7)   3
TOTAL FM JUL 1     0    CLOUDY (SCALE 8-10)  0
DPTR FM NORMAL    -4

[CDD (BASE 65) ]
TOTAL THIS MO.   447
DPTR FM NORMAL    73    [PRESSURE DATA]
TOTAL FM JAN 1  2535    HIGHEST SLP 30.20 ON 29
DPTR FM NORMAL   138    LOWEST  SLP 29.85 ON  1

[REMARKS]
#FINAL-09-16#
