000
CXUS55 KBOU 181340
CF6LIC
PRELIMINARY LOCAL CLIMATOLOGICAL DATA (WS FORM: F-6)

                                          STATION:   LIMON CO
                                          MONTH:     DECEMBER
                                          YEAR:      2014
                                          LATITUDE:   39 10 N
                                          LONGITUDE: 103 42 W

  TEMPERATURE IN F:       :PCPN:    SNOW:  WIND      :SUNSHINE: SKY     :PK WND
================================================================================
1   2   3   4   5  6A  6B    7    8   9   10  11  12  13   14  15   16   17  18
                                     12Z  AVG MX 2MIN
DY MAX MIN AVG DEP HDD CDD  WTR  SNW DPTH SPD SPD DIR MIN PSBL S-S WX    SPD DR
================================================================================

 1  30   6  18   M  47   0 0.00    M    M 11.0 24 180   M    M   2        32 180
 2  62  11  37   M  28   0 0.00    M    M  6.7 17 250   M    M   0 8      22 260
 3  37  16  27   M  38   0 0.00    M    M  9.6 29 160   M    M   2        34 160
 4  51  14  33   M  32   0 0.00    M    M  7.1 21 160   M    M   0        24 150
 5  54  18  36   M  29   0 0.00    M    M  9.4 24 360   M    M   1        29 350
 6  44  17  31   M  34   0 0.00    M    M  7.9 25 180   M    M   0        32 160
 7  58  16  37   M  28   0 0.00    M    M  6.2 20 310   M    M   0        24 300
 8  55  13  34   M  31   0 0.00    M    M  4.1 12  30   M    M   0 8      14  30
 9  55  11  33   M  32   0 0.00    M    M  5.5 16 180   M    M   0 8      19 180
10  64  13  39   M  26   0 0.00    M    M  4.9 14  30   M    M   0 8      16  10
11  61  15  38   M  27   0 0.00    M    M  5.9 15 170   M    M   0        20 170
12  65  13  39   M  26   0 0.00    M    M  7.0 20 180   M    M   0 12     24 170
13  60  18  39   M  26   0 0.00    M    M  4.5 15 140   M    M   4 12     17 140
14  32  16  24   M  41   0 0.04    M    M 19.5 36 350   M    M   7 1      44 340
15  31  10  21   M  44   0    T    M    M 18.8 37 360   M    M   6 1      45 360
16  33   4  19   M  46   0 0.00    M    M  8.7 20 180   M    M   1        24 190
17  34   9  22   M  43   0 0.00    M    M  3.7 10 130   M    M   5        12 140
================================================================================
SM  826  220       578   0  0.04    M    140.5          M       28
================================================================================
AV 48.6 12.9                               8.3 FASTST   M    M   2    MAX(MPH)
                                 MISC ---->  # 37 360               # 45  360
================================================================================
NOTES:
# LAST OF SEVERAL OCCURRENCES

COLUMN 17 PEAK WIND IN M.P.H.

PRELIMINARY LOCAL CLIMATOLOGICAL DATA (WS FORM: F-6) , PAGE 2

                                          STATION:  LIMON CO
                                          MONTH:    DECEMBER
                                          YEAR:     2014
                                          LATITUDE:   39 10 N
                                          LONGITUDE: 103 42 W

[TEMPERATURE DATA]      [PRECIPITATION DATA]       SYMBOLS USED IN COLUMN 16

AVERAGE MONTHLY: 30.8   TOTAL FOR MONTH:   0.04    1 = FOG OR MIST
DPTR FM NORMAL:     M   DPTR FM NORMAL:       M    2 = FOG REDUCING VISIBILITY
HIGHEST:    65 ON 12    GRTST 24HR  0.04 ON 14-14      TO 1/4 MILE OR LESS
LOWEST:      4 ON 16                               3 = THUNDER
                        SNOW, ICE PELLETS, HAIL    4 = ICE PELLETS
                        TOTAL MONTH:    M          5 = HAIL
                        GRTST 24HR    M  ON   M    6 = FREEZING RAIN OR DRIZZLE
                        GRTST DEPTH:  M  ON   M    7 = DUSTSTORM OR SANDSTORM:
                                                       VSBY 1/2 MILE OR LESS
                                                   8 = SMOKE OR HAZE
[NO. OF DAYS WITH]      [WEATHER - DAYS WITH]      9 = BLOWING SNOW
                                                   X = TORNADO
MAX 32 OR BELOW:   3    0.01 INCH OR MORE:   1
MAX 90 OR ABOVE:   0    0.10 INCH OR MORE:   0
MIN 32 OR BELOW:  17    0.50 INCH OR MORE:   0
MIN  0 OR BELOW:   0    1.00 INCH OR MORE:   0

[HDD (BASE 65) ]
TOTAL THIS MO.   578    CLEAR  (SCALE 0-3)  13
DPTR FM NORMAL     M    PTCLDY (SCALE 4-7)   4
TOTAL FM JUL 1  2180    CLOUDY (SCALE 8-10)  0
DPTR FM NORMAL     M

[CDD (BASE 65) ]
TOTAL THIS MO.     0
DPTR FM NORMAL     M    [PRESSURE DATA]
TOTAL FM JAN 1   376    HIGHEST SLP M ON M
DPTR FM NORMAL     M    LOWEST  SLP 29.63 ON 14

[REMARKS]
