000
CXHW51 PHFO 261250
CF6LIH
PRELIMINARY LOCAL CLIMATOLOGICAL DATA (WS FORM: F-6)

                                          STATION:   LIHUE HI
                                          MONTH:     FEBRUARY
                                          YEAR:      2015
                                          LATITUDE:   21 58 N
                                          LONGITUDE: 159 21 W

  TEMPERATURE IN F:       :PCPN:    SNOW:  WIND      :SUNSHINE: SKY     :PK WND
================================================================================
1   2   3   4   5  6A  6B    7    8   9   10  11  12  13   14  15   16   17  18
                                     12Z  AVG MX 2MIN
DY MAX MIN AVG DEP HDD CDD  WTR  SNW DPTH SPD SPD DIR MIN PSBL S-S WX    SPD DR
================================================================================

 1  79  64  72   0   0   7 0.00  0.0    0  6.4 10 100   M    M   6        13  60
 2  80  68  74   2   0   9 0.07  0.0    0 17.2 32 220   M    M   9        43 240
 3  89  72  81   9   0  16 0.19  0.0    0 13.1 38 230   M    M   4 1      49 240
 4  84  71  78   6   0  13 0.01  0.0    0 14.0 30 230   M    M   4        37 230
 5  84  61  73   1   0   8 0.00  0.0    0  6.3 23 250   M    M   2        30 270
 6  83  59  71  -1   0   6 0.00  0.0    0  8.1 24 270   M    M   2        30 250
 7  79  58  69  -3   0   4 0.00  0.0    0  7.0 12 130   M    M   2        16 130
 8  80  62  71  -1   0   6 0.00  0.0    0  9.4 18 180   M    M   7        24 190
 9  84  69  77   5   0  12 0.04  0.0    0 17.2 33 230   M    M   6 18     44 240
10  83  66  75   3   0  10 0.00  0.0    0 10.1 25 270   M    M   1        32 270
11  79  60  70  -2   0   5 0.00  0.0    0  7.5 18 100   M    M   3        23 110
12  78  61  70  -2   0   5 0.00  0.0    0  6.4 14 130   M    M   2        16 130
13  82  71  77   5   0  12 0.17  0.0    0 20.9 35 230   M    M   7        48 220
14  84  60  72   0   0   7 0.19  0.0    0 10.8 45 230   M    M   5 1      59 230
15  76  58  67  -5   0   2 0.00  0.0    0  6.8 13  40   M    M   2        15  70
16  80  61  71  -1   0   6 0.00  0.0    0  8.0 18 180   M    M   0        23 170
17  82  65  74   2   0   9 0.00  0.0    0  8.2 17 190   M    M   2        22 160
18  82  66  74   2   0   9 0.00  0.0    0  7.3 17 180   M    M   1        21 180
19  84  69  77   5   0  12 0.00  0.0    0 13.1 26 220   M    M   3        35 210
20  79  66  73   1   0   8 0.05  0.0    0 10.3 24  40   M    M   9 18     31  30
21  78  61  70  -2   0   5 0.00  0.0    0  8.9 15  50   M    M   6        17  60
22  81  71  76   4   0  11    T  0.0    0  7.7 14 140   M    M   4        17 140
23  83  70  77   5   0  12 0.00  0.0    0  7.2 14  80   M    M   8        16  80
24  82  70  76   4   0  11 0.00  0.0    0  9.9 20 100   M    M   7        23  90
25  82  74  78   6   0  13 0.00  0.0    0 14.3 21  70   M    M   7        25  70
================================================================================
SM 2037 1633         0 218  0.72     0.0 256.1          M      109
================================================================================
AV 81.5 65.3                              10.2 FASTST   M    M   4    MAX(MPH)
                                 MISC ---->  # 45 230               # 59  230
================================================================================
NOTES:
# LAST OF SEVERAL OCCURRENCES

COLUMN 17 PEAK WIND IN M.P.H.

PRELIMINARY LOCAL CLIMATOLOGICAL DATA (WS FORM: F-6) , PAGE 2

                                          STATION:  LIHUE HI
                                          MONTH:    FEBRUARY
                                          YEAR:     2015
                                          LATITUDE:   21 58 N
                                          LONGITUDE: 159 21 W

[TEMPERATURE DATA]      [PRECIPITATION DATA]       SYMBOLS USED IN COLUMN 16

AVERAGE MONTHLY: 73.4   TOTAL FOR MONTH:   0.72    1 = FOG OR MIST
DPTR FM NORMAL:   1.4   DPTR FM NORMAL:   -2.07    2 = FOG REDUCING VISIBILITY
HIGHEST:    89 ON  3    GRTST 24HR  0.36 ON 13-14      TO 1/4 MILE OR LESS
LOWEST:     58 ON 15, 7                            3 = THUNDER
                        SNOW, ICE PELLETS, HAIL    4 = ICE PELLETS
                        TOTAL MONTH:   0.0 INCH    5 = HAIL
                        GRTST 24HR     0.0         6 = FREEZING RAIN OR DRIZZLE
                        GRTST DEPTH:   0           7 = DUSTSTORM OR SANDSTORM:
                                                       VSBY 1/2 MILE OR LESS
                                                   8 = SMOKE OR HAZE
[NO. OF DAYS WITH]      [WEATHER - DAYS WITH]      9 = BLOWING SNOW
                                                   X = TORNADO
MAX 32 OR BELOW:   0    0.01 INCH OR MORE:   7
MAX 90 OR ABOVE:   0    0.10 INCH OR MORE:   3
MIN 32 OR BELOW:   0    0.50 INCH OR MORE:   0
MIN  0 OR BELOW:   0    1.00 INCH OR MORE:   0

[HDD (BASE 65) ]
TOTAL THIS MO.     0    CLEAR  (SCALE 0-3)  10
DPTR FM NORMAL     0    PTCLDY (SCALE 4-7)  13
TOTAL FM JUL 1     0    CLOUDY (SCALE 8-10)  2
DPTR FM NORMAL     0

[CDD (BASE 65) ]
TOTAL THIS MO.   218
DPTR FM NORMAL    43    [PRESSURE DATA]
TOTAL FM JAN 1   426    HIGHEST SLP M ON M
DPTR FM NORMAL    42    LOWEST  SLP 29.66 ON 14

[REMARKS]
