000
CXUS55 KPIH 311200
CF6LLJ

PRELIMINARY LOCAL CLIMATOLOGICAL DATA (WS FORM: F-6)

                                          STATION:   CHALLIS ID
                                          MONTH:     JULY
                                          YEAR:      2015
                                          LATITUDE:   44 31 N
                                          LONGITUDE: 114 13 W

  TEMPERATURE IN F:       :PCPN:    SNOW:  WIND      :SUNSHINE: SKY     :PK WND
================================================================================
1   2   3   4   5  6A  6B    7    8   9   10  11  12  13   14  15   16   17  18
                                     12Z  AVG MX 2MIN
DY MAX MIN AVG DEP HDD CDD  WTR  SNW DPTH SPD SPD DIR MIN PSBL S-S WX    SPD DR
================================================================================

 1  97  58  78  13   0  13 0.00    M    M  5.5 16 330   M    M   0        22 320
 2  97  57  77  11   0  12 0.00    M    M  4.7 12 300   M    M   0        17 300
 3  97  56  77  11   0  12 0.00    M    M  4.8 13 330   M    M   0        17 340
 4  96  56  76  10   0  11    T    M    M  5.5 17 250   M    M   0        22 230
 5  85  61  73   7   0   8 0.00    M    M  6.8 20 230   M    M   2        26 250
 6  87  56  72   5   0   7 0.16    M    M  4.7 23 290   M    M   2 3      30 310
 7  84  50  67   0   0   2    T    M    M  2.4 17  50   M    M   2        24  50
 8  82  50  66  -1   0   1 0.00    M    M  2.9 14 150   M    M   1        21  30
 9  76  53  65  -3   0   0 0.01    M    M  4.3 17 170   M    M   1 3      22 150
10  74  55  65  -3   0   0 0.01    M    M  3.4 21 150   M    M   6 3      27 150
11  76  51  64  -4   1   0 0.19    M    M  6.1 30 250   M    M   5 3      39 190
12  83  51  67  -1   0   2 0.01    M    M  6.7 37 190   M    M   4        49 190
13  75  49  62  -7   3   0 0.01    M    M  7.1 28 260   M    M   2 3      35 270
14  78  47  63  -6   2   0 0.12    M    M  3.9 17 350   M    M   3 3      23 310
15  79  51  65  -4   0   0    T    M    M  4.0 22 260   M    M   3 3      29 260
16  82  47  65  -4   0   0 0.00    M    M  8.1 23 260   M    M   0        33 290
17  76  51  64  -5   1   0 0.00    M    M  7.1 16 360   M    M   2        22 330
18  75  46  61  -9   4   0 0.00    M    M  6.9 24 290   M    M   1        33 280
19  84  45  65  -5   0   0 0.00    M    M  3.7 12 130   M    M   0        14 130
20  87  51  69  -1   0   4    T    M    M   M   8 340   M    M   1         M  M
21   M   M   M   M   M   M    M    M    M   M   M   M   M    M   0         M  M
22  81   M   M   M   M   M 0.02    M    M   M  17 180   M    M   3        32 290
23  80  55  68  -2   0   3 0.15    M    M  5.1 23 270   M    M   5 13     30 280
24  85  48  67  -3   0   2 0.00    M    M  6.5 30 250   M    M   2        38 260
25  86  48  67  -3   0   2 0.00    M    M  5.3 21 240   M    M   1        29 230
26  86  48  67  -3   0   2 0.00    M    M  7.3 23 260   M    M   1        32 270
27  66  43  55 -15  10   0 0.30    M    M  6.7 33 260   M    M   5 13     41 260
28  71  38  55 -15  10   0 0.00    M    M  3.2 10 150   M    M   1        14 180
29  83  42  63  -7   2   0 0.00    M    M  3.5 13 320   M    M   0        17 310
30  89  49  69  -1   0   4 0.00    M    M  2.4  9 140   M    M   0        11 310
================================================================================
SM 2397 1412        33  85  0.98    M    138.6          M       53
================================================================================
AV 82.7 50.4                               5.1 FASTST   M    M   2    MAX(MPH)
                                 MISC ---->  # 37 190               # 49  190
================================================================================
NOTES:
# LAST OF SEVERAL OCCURRENCES

COLUMN 17 PEAK WIND IN M.P.H.

PRELIMINARY LOCAL CLIMATOLOGICAL DATA (WS FORM: F-6) , PAGE 2

                                          STATION:  CHALLIS ID
                                          MONTH:    JULY
                                          YEAR:     2015
                                          LATITUDE:   44 31 N
                                          LONGITUDE: 114 13 W

[TEMPERATURE DATA]      [PRECIPITATION DATA]       SYMBOLS USED IN COLUMN 16

AVERAGE MONTHLY: 66.5   TOTAL FOR MONTH:   0.98    1 = FOG OR MIST
DPTR FM NORMAL:  -2.0   DPTR FM NORMAL:    0.17    2 = FOG REDUCING VISIBILITY
HIGHEST:    97 ON  3, 2 GRTST 24HR  0.30 ON 27-27      TO 1/4 MILE OR LESS
LOWEST:     38 ON 28                               3 = THUNDER
                        SNOW, ICE PELLETS, HAIL    4 = ICE PELLETS
                        TOTAL MONTH:    M          5 = HAIL
                        GRTST 24HR    M  ON   M    6 = FREEZING RAIN OR DRIZZLE
                        GRTST DEPTH:  M  ON   M    7 = DUSTSTORM OR SANDSTORM:
                                                       VSBY 1/2 MILE OR LESS
                                                   8 = SMOKE OR HAZE
[NO. OF DAYS WITH]      [WEATHER - DAYS WITH]      9 = BLOWING SNOW
                                                   X = TORNADO
MAX 32 OR BELOW:   0    0.01 INCH OR MORE:  10
MAX 90 OR ABOVE:   4    0.10 INCH OR MORE:   5
MIN 32 OR BELOW:   0    0.50 INCH OR MORE:   0
MIN  0 OR BELOW:   0    1.00 INCH OR MORE:   0

[HDD (BASE 65) ]
TOTAL THIS MO.    33    CLEAR  (SCALE 0-3)  25
DPTR FM NORMAL    15    PTCLDY (SCALE 4-7)   5
TOTAL FM JUL 1    33    CLOUDY (SCALE 8-10)  0
DPTR FM NORMAL    15

[CDD (BASE 65) ]
TOTAL THIS MO.    85
DPTR FM NORMAL   -40    [PRESSURE DATA]
TOTAL FM JAN 1   197    HIGHEST SLP M ON M
DPTR FM NORMAL    48    LOWEST  SLP 29.66 ON 26

[REMARKS]
