000
CXUS54 KLZK 181036
CF6LLQ
PRELIMINARY LOCAL CLIMATOLOGICAL DATA (WS FORM: F-6)

                                          STATION:   Monticello
                                          MONTH:     DECEMBER
                                          YEAR:      2014
                                          LATITUDE:   33 37 N
                                          LONGITUDE:  91 45 W

  TEMPERATURE IN F:       :PCPN:    SNOW:  WIND      :SUNSHINE: SKY     :PK WND
================================================================================
1   2   3   4   5  6A  6B    7    8   9   10  11  12  13   14  15   16   17  18
                                     12Z  AVG MX 2MIN
DY MAX MIN AVG DEP HDD CDD  WTR  SNW DPTH SPD SPD DIR MIN PSBL S-S WX    SPD DR
================================================================================

 1  68  35  52   3  13   0 0.05  0.0    0  7.4 15  40   M    M   9 1      24  30
 2  41  35  38 -11  27   0 0.00  0.0    0  2.3  8  20   M    M  10 1      12  30
 3  48  39  44  -4  21   0 0.00  0.0    0  3.3  9  40   M    M  10 12     11  50
 4  63  42  53   5  12   0    T    M    0  1.9  8  80   M    M   9 128    10  80
 5  70  57  64  16   1   0 0.26  0.0    0  6.9 15 190   M    M  10 12     22 190
 6  68  47  58  10   7   0 0.35    M    0  8.0 21  50   M    M  10 1      26  50
 7  49  42  46  -1  19   0 0.00  0.0    0  6.5 16  50   M    M   7        22  50
 8  60  35  48   1  17   0 0.00  0.0    0  2.8  9 290   M    M   2 18     14 290
 9  62  35  49   2  16   0 0.00  0.0    0  6.5 14  40   M    M   0 12     22  40
10  51  29  40  -6  25   0 0.00  0.0    0  2.9 12  50   M    M   0 18     13  50
11  49  32  41  -5  24   0 0.02  0.0    0  2.7  7  90   M    M   9        10 150
12  49  42  46   0  19   0 0.13    M    0  3.1  9  60   M    M   9 1      11  50
13  66  48  57  11   8   0 0.01    M    0  3.8  8 200   M    M   4 18     11 190
14  68  42  55  10  10   0    T    M    0  5.1 12 170   M    M   2 12     16 180
15  72  50  61  16   4   0 0.24  0.0    0  9.2 18 240   M    M   5 1      27 230
16  54  36  45   0  20   0 0.00  0.0    0  6.5 15 280   M    M   0        22 290
17  48  32  40  -5  25   0 0.00  0.0    0  5.4 12  50   M    M   4        16  40
================================================================================
SM  986  678       268   0  1.06     0.0  84.3          M      100
================================================================================
AV 58.0 39.9                               5.0 FASTST   M    M   6    MAX(MPH)
                                 MISC ---->  # 21  50               # 27  230
================================================================================
NOTES:
# LAST OF SEVERAL OCCURRENCES

COLUMN 17 PEAK WIND IN M.P.H.

PRELIMINARY LOCAL CLIMATOLOGICAL DATA (WS FORM: F-6) , PAGE 2

                                          STATION:  Monticello
                                          MONTH:    DECEMBER
                                          YEAR:     2014
                                          LATITUDE:   33 37 N
                                          LONGITUDE:  91 45 W

[TEMPERATURE DATA]      [PRECIPITATION DATA]       SYMBOLS USED IN COLUMN 16

AVERAGE MONTHLY: 48.9   TOTAL FOR MONTH:   1.06    1 = FOG OR MIST
DPTR FM NORMAL:   2.2   DPTR FM NORMAL:   -2.26    2 = FOG REDUCING VISIBILITY
HIGHEST:    72 ON 15    GRTST 24HR  0.61 ON  5- 6      TO 1/4 MILE OR LESS
LOWEST:     29 ON 10                               3 = THUNDER
                        SNOW, ICE PELLETS, HAIL    4 = ICE PELLETS
                        TOTAL MONTH:   0.0 INCH    5 = HAIL
                        GRTST 24HR     0.0         6 = FREEZING RAIN OR DRIZZLE
                        GRTST DEPTH:   0           7 = DUSTSTORM OR SANDSTORM:
                                                       VSBY 1/2 MILE OR LESS
                                                   8 = SMOKE OR HAZE
[NO. OF DAYS WITH]      [WEATHER - DAYS WITH]      9 = BLOWING SNOW
                                                   X = TORNADO
MAX 32 OR BELOW:   0    0.01 INCH OR MORE:   7
MAX 90 OR ABOVE:   0    0.10 INCH OR MORE:   4
MIN 32 OR BELOW:   3    0.50 INCH OR MORE:   0
MIN  0 OR BELOW:   0    1.00 INCH OR MORE:   0

[HDD (BASE 65) ]
TOTAL THIS MO.   268    CLEAR  (SCALE 0-3)   5
DPTR FM NORMAL   -44    PTCLDY (SCALE 4-7)   4
TOTAL FM JUL 1   821    CLOUDY (SCALE 8-10)  8
DPTR FM NORMAL    54

[CDD (BASE 65) ]
TOTAL THIS MO.     0
DPTR FM NORMAL     0    [PRESSURE DATA]
TOTAL FM JAN 1  2093    HIGHEST SLP M ON M
DPTR FM NORMAL  -122    LOWEST  SLP 29.67 ON 15

[REMARKS]
