000
CXUS53 KOAX 301000
CF6LNK
PRELIMINARY LOCAL CLIMATOLOGICAL DATA (WS FORM: F-6)

                                          STATION:   LINCOLN, NEBRASKA
                                          MONTH:     AUGUST
                                          YEAR:      2014
                                          LATITUDE:   40 50 N
                                          LONGITUDE:  96 45 W

  TEMPERATURE IN F:       :PCPN:    SNOW:  WIND      :SUNSHINE: SKY     :PK WND
================================================================================
1   2   3   4   5  6A  6B    7    8   9   10  11  12  13   14  15   16   17  18
                                     12Z  AVG MX 2MIN
DY MAX MIN AVG DEP HDD CDD  WTR  SNW DPTH SPD SPD DIR MIN PSBL S-S WX    SPD DR
================================================================================

 1  86  63  75  -2   0  10 0.00  0.0    0  7.2 14  90   M    M   2        21  80
 2  90  59  75  -2   0  10 0.06  0.0    0  7.3 15 140   M    M   0        20 150
 3  93  66  80   3   0  15 0.00  0.0    0 11.0 22 170   M    M   2        27 170
 4  87  64  76  -1   0  11 0.00  0.0    0  6.5 14  40   M    M   0 1      17  40
 5  93  67  80   3   0  15 0.00  0.0    0  9.6 18 100   M    M   0 1      25  90
 6  83  71  77   0   0  12 0.21  0.0    0 10.1 21  70   M    M   6 138    25  70
 7  81  68  75  -2   0  10 0.00  0.0    0  6.2 14 290   M    M   8 18     17 340
 8  83  70  77   0   0  12 0.00  0.0    0  7.8 14 100   M    M   7        18  80
 9  85  68  77   1   0  12 0.55  0.0    0  8.0 18 140   M    M   6 1      24 150
10  85  68  77   1   0  12 0.08  0.0    0  5.7 17 240   M    M   5        24 240
11  80  57  69  -7   0   4 0.00  0.0    0 12.1 23 360   M    M   1        29 340
12  81  51  66 -10   0   1 0.00  0.0    0  6.6 16 350   M    M   0        21 350
13  87  53  70  -6   0   5 0.00  0.0    0  5.1 12 140   M    M   0        15 140
14  89  57  73  -3   0   8 0.00  0.0    0 10.3 18 130   M    M   1        23 130
15  76  69  73  -3   0   8 0.23  0.0    0  8.8 17 150   M    M   6 1      23 130
16  87  69  78   2   0  13 0.00  0.0    0  5.9 12 130   M    M   5 1      26 350
17  92  67  80   4   0  15 0.31  0.0    0  5.1 28 300   M    M   5 13     35 300
18  91  62  77   2   0  12 0.01  0.0    0  4.6 23 110   M    M   0 3      30 110
19  93  66  80   5   0  15 0.00  0.0    0  5.1 13  50   M    M   0        16  40
20  96  74  85  10   0  20 0.00  0.0    0 11.7 24 170   M    M   0        30 160
21  90  71  81   6   0  16 0.23  0.0    0  8.4 26 240   M    M   1 3      39 210
22  93  73  83   8   0  18 0.18  0.0    0  5.9 26 320   M    M   2 3      31 320
23  95  69  82   8   0  17 0.21  0.0    0 11.5 22 160   M    M   3 13     28 170
24  91  70  81   7   0  16 0.00  0.0    0  8.1 20 280   M    M   0 3      27 290
25  83  64  74   0   0   9 0.00  0.0    0 11.1 29 350   M    M   1        34 350
26  81  63  72  -2   0   7 1.45  0.0    0  8.1 41  20   M    M   5 13     53  20
27  77  67  72  -1   0   7 0.65  0.0    0  6.9 16 120   M    M   8 13     20 110
28  82  69  76   3   0  11 2.66  0.0    0  9.8 22  80   M    M   4 13     27 160
29  75  67  71  -2   0   6    T  0.0    0  5.2 14 220   M    M   4 3      17 230
================================================================================
SM 2505 1902         0 327  6.83     0.0 229.7          M       82
================================================================================
AV 86.4 65.6                               7.9 FASTST   M    M   3    MAX(MPH)
                                 MISC ---->  # 41  20               # 53   20
================================================================================
NOTES:
# LAST OF SEVERAL OCCURRENCES

COLUMN 17 PEAK WIND IN M.P.H.

PRELIMINARY LOCAL CLIMATOLOGICAL DATA (WS FORM: F-6) , PAGE 2

                                          STATION:  LINCOLN, NEBRASKA
                                          MONTH:    AUGUST
                                          YEAR:     2014
                                          LATITUDE:   40 50 N
                                          LONGITUDE:  96 45 W

[TEMPERATURE DATA]      [PRECIPITATION DATA]       SYMBOLS USED IN COLUMN 16

AVERAGE MONTHLY: 76.0   TOTAL FOR MONTH:   6.83    1 = FOG OR MIST
DPTR FM NORMAL:   0.5   DPTR FM NORMAL:    3.57    2 = FOG REDUCING VISIBILITY
HIGHEST:    96 ON 20    GRTST 24HR  3.31 ON 27-28      TO 1/4 MILE OR LESS
LOWEST:     51 ON 12                               3 = THUNDER
                        SNOW, ICE PELLETS, HAIL    4 = ICE PELLETS
                        TOTAL MONTH:   0.0 INCH    5 = HAIL
                        GRTST 24HR     0.0         6 = FREEZING RAIN OR DRIZZLE
                        GRTST DEPTH:   0           7 = DUSTSTORM OR SANDSTORM:
                                                       VSBY 1/2 MILE OR LESS
                                                   8 = SMOKE OR HAZE
[NO. OF DAYS WITH]      [WEATHER - DAYS WITH]      9 = BLOWING SNOW
                                                   X = TORNADO
MAX 32 OR BELOW:   0    0.01 INCH OR MORE:  13
MAX 90 OR ABOVE:  11    0.10 INCH OR MORE:  10
MIN 32 OR BELOW:   0    0.50 INCH OR MORE:   4
MIN  0 OR BELOW:   0    1.00 INCH OR MORE:   2

[HDD (BASE 65) ]
TOTAL THIS MO.     0    CLEAR  (SCALE 0-3)  17
DPTR FM NORMAL     0    PTCLDY (SCALE 4-7)  11
TOTAL FM JUL 1     2    CLOUDY (SCALE 8-10)  1
DPTR FM NORMAL     1

[CDD (BASE 65) ]
TOTAL THIS MO.   327
DPTR FM NORMAL    18    [PRESSURE DATA]
TOTAL FM JAN 1  1086    HIGHEST SLP M ON M
DPTR FM NORMAL    66    LOWEST  SLP 29.71 ON 20

[REMARKS]
