000
CXUS54 KCRP 251300
CF6LRD
PRELIMINARY LOCAL CLIMATOLOGICAL DATA (WS FORM: F-6)

                                          STATION:   LAREDO
                                          MONTH:     MAY
                                          YEAR:      2015
                                          LATITUDE:   27 31 N
                                          LONGITUDE:  99 28 W

  TEMPERATURE IN F:       :PCPN:    SNOW:  WIND      :SUNSHINE: SKY     :PK WND
================================================================================
1   2   3   4   5  6A  6B    7    8   9   10  11  12  13   14  15   16   17  18
                                     12Z  AVG MX 2MIN
DY MAX MIN AVG DEP HDD CDD  WTR  SNW DPTH SPD SPD DIR MIN PSBL S-S WX    SPD DR
================================================================================

 1  85  59  72  -7   0   7 0.00  0.0    0  9.6 15 120   M    M   0        20 110
 2  87  61  74  -6   0   9 0.00  0.0    0  9.6 21 130   M    M   0 8      25 120
 3  89  66  78  -2   0  13 0.00  0.0    0 13.7 21 120   M    M   6        24 110
 4  81  73  77  -3   0  12    T  0.0    0 15.1 23 120   M    M   9        28 120
 5  84  72  78  -2   0  13 0.04  0.0    0 13.3 21 120   M    M   8 1      25 120
 6  84  75  80  -1   0  15    T  0.0    0 13.0 20 120   M    M   7 1      23 130
 7  93  74  84   3   0  19 0.00  0.0    0 12.7 20 120   M    M   6 8      23 120
 8  90  78  84   3   0  19    T  0.0    0 11.9 24 140   M    M   6 8      29 150
 9 100  76  88   7   0  23 0.00  0.0    0 15.2 21 120   M    M   3 8      27 150
10  93  73  83   2   0  18 0.00  0.0    0 13.3 24 160   M    M   3 8      28 170
11  86  69  78  -4   0  13 2.29  0.0    0 11.7 26  40   M    M   7 138    33  40
12  81  68  75  -7   0  10 0.07  0.0    0  6.8 17  50   M    M   7 3      23  40
13  87  73  80  -2   0  15 0.09  0.0    0 10.1 22 130   M    M   4 1      25 140
14  90  74  82   0   0  17 0.00  0.0    0 11.2 20 140   M    M   5        23 150
15  88  69  79  -3   0  14    T  0.0    0 11.0 21  40   M    M   5        25  50
16  94  71  83   0   0  18 0.00  0.0    0 13.7 21 140   M    M   4        28 140
17  90  78  84   1   0  19    T  0.0    0 10.4 23 150   M    M   6 18     28 150
18  92  78  85   2   0  20 0.01  0.0    0 10.0 23  90   M    M   7 18     28 110
19  94  78  86   3   0  21    T  0.0    0 14.2 25 130   M    M   4 18     30 130
20  92  77  85   2   0  20 0.00  0.0    0 11.9 18 150   M    M   6        21 100
21  83  69  76  -8   0  11 1.40  0.0    0 11.2 33  20   M    M   4 1      39  10
22  89  72  81  -3   0  16 0.00  0.0    0 10.4 22 140   M    M   5        27 140
23  92  68  80  -4   0  15 1.84  0.0    0 16.3 39 260   M    M   7 13     46 260
24  90  68  79  -5   0  14 0.09  0.0    0 12.2 21 140   M    M   2        26 150
================================================================================
SM 2134 1719         0 371  5.83     0.0 288.4          M      121
================================================================================
AV 88.9 71.6                              12.0 FASTST   M    M   5    MAX(MPH)
                                 MISC ---->    39   M               # 46  260
================================================================================
NOTES:
# LAST OF SEVERAL OCCURRENCES

COLUMN 17 PEAK WIND IN M.P.H.

PRELIMINARY LOCAL CLIMATOLOGICAL DATA (WS FORM: F-6) , PAGE 2

                                          STATION:  LAREDO
                                          MONTH:    MAY
                                          YEAR:     2015
                                          LATITUDE:   27 31 N
                                          LONGITUDE:  99 28 W

[TEMPERATURE DATA]      [PRECIPITATION DATA]       SYMBOLS USED IN COLUMN 16

AVERAGE MONTHLY: 80.3   TOTAL FOR MONTH:   5.83    1 = FOG OR MIST
DPTR FM NORMAL:  -1.6   DPTR FM NORMAL:    3.92    2 = FOG REDUCING VISIBILITY
HIGHEST:   100 ON  9    GRTST 24HR  2.29 ON 11-11      TO 1/4 MILE OR LESS
LOWEST:     59 ON  1                               3 = THUNDER
                        SNOW, ICE PELLETS, HAIL    4 = ICE PELLETS
                        TOTAL MONTH:   0.0 INCH    5 = HAIL
                        GRTST 24HR     0.0         6 = FREEZING RAIN OR DRIZZLE
                        GRTST DEPTH:   0           7 = DUSTSTORM OR SANDSTORM:
                                                       VSBY 1/2 MILE OR LESS
                                                   8 = SMOKE OR HAZE
[NO. OF DAYS WITH]      [WEATHER - DAYS WITH]      9 = BLOWING SNOW
                                                   X = TORNADO
MAX 32 OR BELOW:   0    0.01 INCH OR MORE:   8
MAX 90 OR ABOVE:  12    0.10 INCH OR MORE:   3
MIN 32 OR BELOW:   0    0.50 INCH OR MORE:   3
MIN  0 OR BELOW:   0    1.00 INCH OR MORE:   3

[HDD (BASE 65) ]
TOTAL THIS MO.     0    CLEAR  (SCALE 0-3)   4
DPTR FM NORMAL     0    PTCLDY (SCALE 4-7)  19
TOTAL FM JUL 1  1064    CLOUDY (SCALE 8-10)  1
DPTR FM NORMAL   138

[CDD (BASE 65) ]
TOTAL THIS MO.   371
DPTR FM NORMAL   -33    [PRESSURE DATA]
TOTAL FM JAN 1   822    HIGHEST SLP M ON M
DPTR FM NORMAL  -182    LOWEST  SLP M ON M

[REMARKS]
