000
CXUS53 KARX 250930
CF6LSE
PRELIMINARY LOCAL CLIMATOLOGICAL DATA (WS FORM: F-6)

                                          STATION:   LA CROSSE WI
                                          MONTH:     APRIL
                                          YEAR:      2017
                                          LATITUDE:   43 52 N
                                          LONGITUDE:  91 15 W

  TEMPERATURE IN F:       :PCPN:    SNOW:  WIND      :SUNSHINE: SKY     :PK WND
================================================================================
1   2   3   4   5  6A  6B    7    8   9   10  11  12  13   14  15   16   17  18
                                     12Z  AVG MX 2MIN
DY MAX MIN AVG DEP HDD CDD  WTR  SNW DPTH SPD SPD DIR MIN PSBL S-S WX    SPD DR
================================================================================

 1  67  29  48   6  17   0 0.00  0.0    0  2.8  9 170   M    M   0        12 170
 2  57  38  48   6  17   0    T  0.0    0  7.3 18 150   M    M   8        24 150
 3  51  48  50   7  15   0 1.10  0.0    0  5.2 10  10   M    M  10 1      13  10
 4  64  45  55  12  10   0 0.34  0.0    0  7.9 15  20   M    M   5 1      20  10
 5  54  43  49   5  16   0 0.00  0.0    0  7.3 16 350   M    M   3        21 340
 6  57  37  47   3  18   0 0.00  0.0    0 13.2 26 340   M    M   0        34 330
 7  60  30  45   0  20   0 0.00  0.0    0  6.2 13 230   M    M   0        16 220
 8  77  45  61  16   4   0 0.00  0.0    0 14.1 24 170   M    M   0        29 160
 9  75  60  68  22   0   3 0.00  0.0    0  7.9 18 210   M    M   5        24 200
10  65  38  52   6  13   0 0.23  0.0    0 12.4 21 340   M    M  10 138    26 340
11  50  36  43  -4  22   0 0.01  0.0    0  7.9 16 330   M    M   7 1      19 320
12  59  34  47   0  18   0 0.16  0.0    0  4.5  9  70   M    M   7 1      16  50
13  63  46  55   7  10   0 0.15  0.0    0  7.1 16 140   M    M   9 1      20 110
14  69  48  59  11   6   0 0.58  0.0    0  9.5 23 170   M    M   8 138    29 170
15  76  59  68  20   0   3 0.30  0.0    0  8.2 24 210   M    M   7 13     31 210
16  69  50  60  11   5   0 0.00  0.0    0 13.1 25 300   M    M   1 1      31 290
17  68  49  59  10   6   0    T  0.0    0  6.9 16 330   M    M   4        19  70
18  69  46  58   8   7   0    T  0.0    0 12.5 29 220   M    M   4        37 210
19  58  49  54   4  11   0 1.04  0.0    0 10.1 25 100   M    M   8 13     34 120
20  55  41  48  -3  17   0 0.06  0.0    0 12.1 28 310   M    M   7 1      35 330
21  65  36  51   0  14   0 0.00  0.0    0  7.3 20 330   M    M   2        23 330
22  69  36  53   1  12   0 0.00  0.0    0  4.2 10 300   M    M   0        13 330
23  75  46  61   9   4   0 0.00  0.0    0  6.3 14 240   M    M   0        18 240
24  74  45  60   8   5   0 0.00  0.0    0 12.1 28 160   M    M   1        34 180
================================================================================
SM 1546 1034       267   6  3.97     0.0 206.1          M      106
================================================================================
AV 64.4 43.1                               8.6 FASTST   M    M   4    MAX(MPH)
                                 MISC ---->  # 29 220               # 37  210
================================================================================
NOTES:
# LAST OF SEVERAL OCCURRENCES

COLUMN 17 PEAK WIND IN M.P.H.

PRELIMINARY LOCAL CLIMATOLOGICAL DATA (WS FORM: F-6) , PAGE 2

                                          STATION:  LA CROSSE WI
                                          MONTH:    APRIL
                                          YEAR:     2017
                                          LATITUDE:   43 52 N
                                          LONGITUDE:  91 15 W

[TEMPERATURE DATA]      [PRECIPITATION DATA]       SYMBOLS USED IN COLUMN 16

AVERAGE MONTHLY: 53.8   TOTAL FOR MONTH:   3.97    1 = FOG OR MIST
DPTR FM NORMAL:   6.5   DPTR FM NORMAL:    1.37    2 = FOG REDUCING VISIBILITY
HIGHEST:    77 ON  8    GRTST 24HR  1.10 ON  3- 3      TO 1/4 MILE OR LESS
LOWEST:     29 ON  1                               3 = THUNDER
                        SNOW, ICE PELLETS, HAIL    4 = ICE PELLETS
                        TOTAL MONTH:   0.0 INCH    5 = HAIL
                        GRTST 24HR     0.0         6 = FREEZING RAIN OR DRIZZLE
                        GRTST DEPTH:   0           7 = DUSTSTORM OR SANDSTORM:
                                                       VSBY 1/2 MILE OR LESS
                                                   8 = SMOKE OR HAZE
[NO. OF DAYS WITH]      [WEATHER - DAYS WITH]      9 = BLOWING SNOW
                                                   X = TORNADO
MAX 32 OR BELOW:   0    0.01 INCH OR MORE:  10
MAX 90 OR ABOVE:   0    0.10 INCH OR MORE:   8
MIN 32 OR BELOW:   2    0.50 INCH OR MORE:   3
MIN  0 OR BELOW:   0    1.00 INCH OR MORE:   2

[HDD (BASE 65) ]
TOTAL THIS MO.   267    CLEAR  (SCALE 0-3)   9
DPTR FM NORMAL  -162    PTCLDY (SCALE 4-7)  12
TOTAL FM JUL 1  5449    CLOUDY (SCALE 8-10)  3
DPTR FM NORMAL -1433

[CDD (BASE 65) ]
TOTAL THIS MO.     6
DPTR FM NORMAL     6    [PRESSURE DATA]
TOTAL FM JAN 1     6    HIGHEST SLP M ON M
DPTR FM NORMAL     6    LOWEST  SLP 29.45 ON  9

[REMARKS]
