000
CXUS54 KFWD 270730
CF6LUD
PRELIMINARY LOCAL CLIMATOLOGICAL DATA (WS FORM: F-6)

                                          STATION:   DECATUR
                                          MONTH:     MARCH
                                          YEAR:      2017
                                          LATITUDE:   33 15 N
                                          LONGITUDE:  97 30 W

  TEMPERATURE IN F:       :PCPN:    SNOW:  WIND      :SUNSHINE: SKY     :PK WND
================================================================================
1   2   3   4   5  6A  6B    7    8   9   10  11  12  13   14  15   16   17  18
                                     12Z  AVG MX 2MIN
DY MAX MIN AVG DEP HDD CDD  WTR  SNW DPTH SPD SPD DIR MIN PSBL S-S WX    SPD DR
================================================================================

 1  71  46  59  10   6   0 0.00  0.0    0 10.4 17 330   M    M   0 8      25 360
 2  65  41  53   3  12   0 0.00  0.0    0  3.5 12 120   M    M   0         M  M
 3  68  46  57   7   8   0 0.00  0.0    0  6.4 14 170   M    M   0        20 170
 4  58  50  54   4  11   0 0.00  0.0    0 11.8 20 170   M    M   8 1      25 150
 5  64  51  58   8   7   0 0.00  0.0    0 10.1 14 140   M    M  10 12     21 140
 6  81  64  73  22   0   8 0.00  0.0    0 17.2 23 180   M    M   5        35 190
 7  70  49  60   9   5   0 0.00  0.0    0  9.4 17  20   M    M   2        32  10
 8  76  44  60   9   5   0 0.00  0.0    0  8.9 16 170   M    M   0        27 170
 9  80  58  69  18   0   4 0.00  0.0    0 10.9 16 200   M    M   4        24 190
10  68  58  63  11   2   0 0.00  0.0    0  6.2 13  50   M    M   7 1      23  50
11  73  43  58   6   7   0 0.02  0.0    0  7.4 18  30   M    M   8        25  30
12  50  39  45  -7  20   0 0.00  0.0    0  7.9 14  40   M    M  10        18  20
13  61  39  50  -3  15   0 0.00  0.0    0  7.6 15 320   M    M   3        23 350
14  64  33  49  -4  16   0 0.00  0.0    0  5.8  9  60   M    M   0         M  M
15  64  38  51  -2  14   0 0.00  0.0    0 10.9 15 110   M    M   3 8      18 120
16  71  51  61   8   4   0 0.00  0.0    0 13.3 20 180   M    M   5        29 180
17  81  64  73  19   0   8 0.00  0.0    0 12.9 17 180   M    M   6        23 170
18  84  59  72  18   0   7 0.00  0.0    0  7.5 13 170   M    M   2 1      18 170
19  85  63  74  20   0   9 0.00  0.0    0 10.8 17 160   M    M   1        23 160
20  90  62  76  22   0  11 0.00  0.0    0 13.3 21 180   M    M   0        28 180
21  86  60  73  18   0   8 0.00  0.0    0 10.7 15 150   M    M   0        21 180
22  84  59  72  17   0   7 0.00  0.0    0  8.7 15 170   M    M   2        18 150
23  83  63  73  18   0   8 0.00  0.0    0 18.5 30 160   M    M   2        43 160
24  82  58  70  14   0   5 0.04  0.0    0 16.5 27 150   M    M   2        37 230
25  69  48  59   3   6   0 0.00  0.0    0  8.2 18 270   M    M   1        28 270
26  81  49  65   9   0   0 0.19  0.0    0 10.7 22 160   M    M   2        31 160
================================================================================
SM 1909 1335       138  75  0.25     0.0 265.5          M       83
================================================================================
AV 73.4 51.4                              10.2 FASTST   M    M   3    MAX(MPH)
                                 MISC ---->    30   M                 43    M
================================================================================
NOTES:
# LAST OF SEVERAL OCCURRENCES

COLUMN 17 PEAK WIND IN M.P.H.

PRELIMINARY LOCAL CLIMATOLOGICAL DATA (WS FORM: F-6) , PAGE 2

                                          STATION:  DECATUR
                                          MONTH:    MARCH
                                          YEAR:     2017
                                          LATITUDE:   33 15 N
                                          LONGITUDE:  97 30 W

[TEMPERATURE DATA]      [PRECIPITATION DATA]       SYMBOLS USED IN COLUMN 16

AVERAGE MONTHLY: 62.4   TOTAL FOR MONTH:   0.25    1 = FOG OR MIST
DPTR FM NORMAL:   9.7   DPTR FM NORMAL:   -2.92    2 = FOG REDUCING VISIBILITY
HIGHEST:    90 ON 20    GRTST 24HR  0.19 ON 26-26      TO 1/4 MILE OR LESS
LOWEST:     33 ON 14                               3 = THUNDER
                        SNOW, ICE PELLETS, HAIL    4 = ICE PELLETS
                        TOTAL MONTH:   0.0 INCH    5 = HAIL
                        GRTST 24HR     0.0         6 = FREEZING RAIN OR DRIZZLE
                        GRTST DEPTH:   0           7 = DUSTSTORM OR SANDSTORM:
                                                       VSBY 1/2 MILE OR LESS
                                                   8 = SMOKE OR HAZE
[NO. OF DAYS WITH]      [WEATHER - DAYS WITH]      9 = BLOWING SNOW
                                                   X = TORNADO
MAX 32 OR BELOW:   0    0.01 INCH OR MORE:   3
MAX 90 OR ABOVE:   1    0.10 INCH OR MORE:   1
MIN 32 OR BELOW:   0    0.50 INCH OR MORE:   0
MIN  0 OR BELOW:   0    1.00 INCH OR MORE:   0

[HDD (BASE 65) ]
TOTAL THIS MO.   138    CLEAR  (SCALE 0-3)  17
DPTR FM NORMAL  -190    PTCLDY (SCALE 4-7)   6
TOTAL FM JUL 1  1495    CLOUDY (SCALE 8-10)  3
DPTR FM NORMAL -1234

[CDD (BASE 65) ]
TOTAL THIS MO.    75
DPTR FM NORMAL    72    [PRESSURE DATA]
TOTAL FM JAN 1   118    HIGHEST SLP M ON M
DPTR FM NORMAL   113    LOWEST  SLP M ON M

[REMARKS]
