000
CXUS54 KHGX 261415
CF6LVJ
PRELIMINARY LOCAL CLIMATOLOGICAL DATA (WS FORM: F-6)

                                          STATION:   HOUSTON/CLOVER_FIELD
                                          MONTH:     JUNE
                                          YEAR:      2017
                                          LATITUDE:   29 31 N
                                          LONGITUDE:  95 14 W

  TEMPERATURE IN F:       :PCPN:    SNOW:  WIND      :SUNSHINE: SKY     :PK WND
================================================================================
1   2   3   4   5  6A  6B    7    8   9   10  11  12  13   14  15   16   17  18
                                     12Z  AVG MX 2MIN
DY MAX MIN AVG DEP HDD CDD  WTR  SNW DPTH SPD SPD DIR MIN PSBL S-S WX    SPD DR
================================================================================

 1  87  74  81   1   0  16    T  0.0    0  6.7 16 120   M    M   4        23 120
 2  87  75  81   1   0  16 0.91  0.0    0  4.6 14 140   M    M   3 138    18 150
 3  91  74  83   3   0  18 0.04  0.0    0  4.6 14 150   M    M   4 1      17 140
 4  85  72  79  -1   0  14 1.03  0.0    0  5.1 15 140   M    M   3 13     22 330
 5  87  73  80   0   0  15 0.08  0.0    0  2.2 13 180   M    M   4 13     17 190
 6  91  74  83   2   0  18    T  0.0    0  8.3 23  30   M    M   3        32  30
 7  94  75  85   4   0  20 0.00  0.0    0  7.6 18  40   M    M   1        23  50
 8  91  72  82   1   0  17 0.00  0.0    0  4.0 13  30   M    M   1        18  30
 9  87  70  79  -2   0  14 0.00  0.0    0  4.2 15 160   M    M   3        18 160
10  89  70  80  -1   0  15 0.00  0.0    0  7.0 18 140   M    M   2        24 140
11  93  73  83   2   0  18 0.00  0.0    0  6.5 16 140   M    M   1        24 140
12  92  79  86   4   0  21 0.06  0.0    0  9.0 18 130   M    M   2 1      27 150
13  91  78  85   3   0  20 0.02  0.0    0 10.6 20 150   M    M   6 8      26 140
14  93  80  87   5   0  22 0.00  0.0    0  8.3 17 170   M    M   1 8      23 130
15  94  77  86   4   0  21 0.00  0.0    0  6.3 16 160   M    M   2 1      24 180
16  95  77  86   4   0  21 0.00  0.0    0  7.2 17 180   M    M   2        23 180
17  93  79  86   4   0  21 0.00  0.0    0  8.3 16 190   M    M   3        21 180
18  94  80  87   5   0  22 0.00  0.0    0  7.4 16 150   M    M   2        22 170
19  96  78  87   5   0  22 0.00  0.0    0  2.9 12 160   M    M   2 3      15 170
20  96  80  88   6   0  23 0.00  0.0    0  9.7 20  40   M    M   1 8      27  60
21  87  78  83   1   0  18 0.21  0.0    0 14.3 24  10   M    M   5 8      32  20
22  92  77  85   3   0  20 0.21  0.0    0  9.5 18 330   M    M   6 18     27 330
23  94  82  88   6   0  23 0.00  0.0    0  9.3 20 140   M    M   2 8      24 140
24  89  77  83   1   0  18 0.55  0.0    0  4.6 17 170   M    M   5 138    23 160
25  89  76  83   1   0  18 0.01  0.0    0  6.6 21 140   M    M   2 13     26 130
================================================================================
SM 2277 1900         0 471  3.12     0.0 174.8          M       70
================================================================================
AV 91.1 76.0                               7.0 FASTST   M    M   3    MAX(MPH)
                                 MISC ---->  # 24  10               # 32   30
================================================================================
NOTES:
# LAST OF SEVERAL OCCURRENCES

COLUMN 17 PEAK WIND IN M.P.H.

PRELIMINARY LOCAL CLIMATOLOGICAL DATA (WS FORM: F-6) , PAGE 2

                                          STATION:  HOUSTON/CLOVER_FIELD
                                          MONTH:    JUNE
                                          YEAR:     2017
                                          LATITUDE:   29 31 N
                                          LONGITUDE:  95 14 W

[TEMPERATURE DATA]      [PRECIPITATION DATA]       SYMBOLS USED IN COLUMN 16

AVERAGE MONTHLY: 83.5   TOTAL FOR MONTH:   3.12    1 = FOG OR MIST
DPTR FM NORMAL:   2.2   DPTR FM NORMAL:   -1.21    2 = FOG REDUCING VISIBILITY
HIGHEST:    96 ON 20,19 GRTST 24HR  1.03 ON  4- 4      TO 1/4 MILE OR LESS
LOWEST:     70 ON 10, 9                            3 = THUNDER
                        SNOW, ICE PELLETS, HAIL    4 = ICE PELLETS
                        TOTAL MONTH:   0.0 INCH    5 = HAIL
                        GRTST 24HR     0.0         6 = FREEZING RAIN OR DRIZZLE
                        GRTST DEPTH:   0           7 = DUSTSTORM OR SANDSTORM:
                                                       VSBY 1/2 MILE OR LESS
                                                   8 = SMOKE OR HAZE
[NO. OF DAYS WITH]      [WEATHER - DAYS WITH]      9 = BLOWING SNOW
                                                   X = TORNADO
MAX 32 OR BELOW:   0    0.01 INCH OR MORE:  10
MAX 90 OR ABOVE:  16    0.10 INCH OR MORE:   5
MIN 32 OR BELOW:   0    0.50 INCH OR MORE:   3
MIN  0 OR BELOW:   0    1.00 INCH OR MORE:   1

[HDD (BASE 65) ]
TOTAL THIS MO.     0    CLEAR  (SCALE 0-3)  17
DPTR FM NORMAL     0    PTCLDY (SCALE 4-7)   8
TOTAL FM JUL 1   464    CLOUDY (SCALE 8-10)  0
DPTR FM NORMAL  -827

[CDD (BASE 65) ]
TOTAL THIS MO.   471
DPTR FM NORMAL    63    [PRESSURE DATA]
TOTAL FM JAN 1  1578    HIGHEST SLP M ON M
DPTR FM NORMAL   580    LOWEST  SLP 29.57 ON 22

[REMARKS]
