000
CXUS55 KBYZ 291055
CF6LVM
PRELIMINARY LOCAL CLIMATOLOGICAL DATA (WS FORM: F-6)

                                          STATION:   LIVINGSTON MT
                                          MONTH:     AUGUST
                                          YEAR:      2014
                                          LATITUDE:   45 41 N
                                          LONGITUDE: 110 26 W

  TEMPERATURE IN F:       :PCPN:    SNOW:  WIND      :SUNSHINE: SKY     :PK WND
================================================================================
1   2   3   4   5  6A  6B    7    8   9   10  11  12  13   14  15   16   17  18
                                     12Z  AVG MX 2MIN
DY MAX MIN AVG DEP HDD CDD  WTR  SNW DPTH SPD SPD DIR MIN PSBL S-S WX    SPD DR
================================================================================

 1  93  50  72   4   0   7 0.00    M    M  8.0 30 220   M    M   0        37 220
 2  91  51  71   3   0   6 0.00    M    M  7.1 39 210   M    M   0 3      50 200
 3  91  49  70   2   0   5 0.00    M    M  6.9 18 270   M    M   0        22 260
 4  74  56  65  -3   0   0    T    M    M  6.1 15 140   M    M   4        20 130
 5  80  58  69   1   0   4 0.10    M    M  6.7 14  80   M    M   6 18     17  80
 6  89  52  71   3   0   6 0.00    M    M  9.5 29 210   M    M   1        40 220
 7  90  54  72   4   0   7 0.00    M    M 10.2 28 220   M    M   2 3      33 220
 8  88  51  70   2   0   5 0.09    M    M 12.0 39 220   M    M   3 3      47 210
 9  85  53  69   2   0   4 0.00    M    M  9.2 20 280   M    M   1        24 280
10  92  49  71   4   0   6 0.00    M    M  5.3 17 320   M    M   0        22 310
11  95  48  72   5   0   7 0.00    M    M  5.4 13 130   M    M   0        16  90
12  98  52  75   8   0  10    T    M    M  4.8 30 160   M    M   0 3      36 160
13  92  58  75   8   0  10 0.02    M    M  8.4 37 210   M    M   1        45 210
14  86  58  72   6   0   7 0.04    M    M  8.3 25 270   M    M   4        33 270
15  90  53  72   6   0   7    T    M    M  6.6 22 290   M    M   2 3      31 290
16  86  50  68   2   0   3 0.00    M    M  9.0 25 270   M    M   3        32 260
17  87  54  71   5   0   6 0.00    M    M 11.1 26 290   M    M   2        33 310
18  90  47  69   3   0   4 0.00    M    M  7.7 30 210   M    M   1        39 250
19  90  49  70   5   0   5 0.00    M    M 13.4 45 210   M    M   1        56 210
20  85  58  72   7   0   7 0.07    M    M 15.2 44 250   M    M   4 3      52 260
21  70  56  63  -2   2   0 0.32    M    M  8.5 21 230   M    M   8 1      25 230
22  64  53  59  -5   6   0 0.26    M    M  8.2 17 100   M    M   8 13     23  90
23  54  47  51 -13  14   0 1.23    M    M 11.0 23 240   M    M   8 1      30 290
24  60  43  52 -12  13   0 0.10    M    M 12.9 29 250   M    M  10 1      38 250
25  69  37  53 -11  12   0    T    M    M  6.0 14  70   M    M   4        20  60
26  80  42  61  -2   4   0 0.00    M    M  5.2 15 310   M    M   1        19 280
27  84  47  66   3   0   1 0.00    M    M 10.6 22 240   M    M   0        28 240
28  88  47  68   6   0   3 0.03    M    M  9.6 40 210   M    M   2 3      52 220
================================================================================
SM 2341 1422        51 120  2.26    M    242.9          M       76
================================================================================
AV 83.6 50.8                               8.7 FASTST   M    M   3    MAX(MPH)
                                 MISC ---->  # 45 210               # 56  210
================================================================================
NOTES:
# LAST OF SEVERAL OCCURRENCES

COLUMN 17 PEAK WIND IN M.P.H.

PRELIMINARY LOCAL CLIMATOLOGICAL DATA (WS FORM: F-6) , PAGE 2

                                          STATION:  LIVINGSTON MT
                                          MONTH:    AUGUST
                                          YEAR:     2014
                                          LATITUDE:   45 41 N
                                          LONGITUDE: 110 26 W

[TEMPERATURE DATA]      [PRECIPITATION DATA]       SYMBOLS USED IN COLUMN 16

AVERAGE MONTHLY: 67.2   TOTAL FOR MONTH:   2.26    1 = FOG OR MIST
DPTR FM NORMAL:   1.2   DPTR FM NORMAL:    1.26    2 = FOG REDUCING VISIBILITY
HIGHEST:    98 ON 12    GRTST 24HR  1.29 ON 23-24      TO 1/4 MILE OR LESS
LOWEST:     37 ON 25                               3 = THUNDER
                        SNOW, ICE PELLETS, HAIL    4 = ICE PELLETS
                        TOTAL MONTH:    M          5 = HAIL
                        GRTST 24HR    M  ON   M    6 = FREEZING RAIN OR DRIZZLE
                        GRTST DEPTH:  M  ON   M    7 = DUSTSTORM OR SANDSTORM:
                                                       VSBY 1/2 MILE OR LESS
                                                   8 = SMOKE OR HAZE
[NO. OF DAYS WITH]      [WEATHER - DAYS WITH]      9 = BLOWING SNOW
                                                   X = TORNADO
MAX 32 OR BELOW:   0    0.01 INCH OR MORE:  10
MAX 90 OR ABOVE:  11    0.10 INCH OR MORE:   5
MIN 32 OR BELOW:   0    0.50 INCH OR MORE:   1
MIN  0 OR BELOW:   0    1.00 INCH OR MORE:   1

[HDD (BASE 65) ]
TOTAL THIS MO.    51    CLEAR  (SCALE 0-3)  18
DPTR FM NORMAL    -3    PTCLDY (SCALE 4-7)   7
TOTAL FM JUL 1    60    CLOUDY (SCALE 8-10)  3
DPTR FM NORMAL   -44

[CDD (BASE 65) ]
TOTAL THIS MO.   120
DPTR FM NORMAL    36    [PRESSURE DATA]
TOTAL FM JAN 1   300    HIGHEST SLP M ON M
DPTR FM NORMAL    87    LOWEST  SLP 29.58 ON 20

[REMARKS]
