000
CXUS53 KTOP 180800
CF6LWC
PRELIMINARY LOCAL CLIMATOLOGICAL DATA (WS FORM: F-6)

                                          STATION:   Lawrence KS
                                          MONTH:     JANUARY
                                          YEAR:      2018
                                          LATITUDE:   39  0 N
                                          LONGITUDE:  95 13 W

  TEMPERATURE IN F:       :PCPN:    SNOW:  WIND      :SUNSHINE: SKY     :PK WND
================================================================================
1   2   3   4   5  6A  6B    7    8   9   10  11  12  13   14  15   16   17  18
                                     12Z  AVG MX 2MIN
DY MAX MIN AVG DEP HDD CDD  WTR  SNW DPTH SPD SPD DIR MIN PSBL S-S WX    SPD DR
================================================================================

 1  13  -9   2 -27  63   0 0.00    M    M  5.1 10 310   M    M   0        13 320
 2  23  -4  10 -19  55   0 0.00    M    M  6.2 15 220   M    M   0 18     21 210
 3  29   7  18 -11  47   0 0.00    M    M 10.5 21 320   M    M   2        27 330
 4  27   1  14 -15  51   0 0.00    M    M  4.4  9  80   M    M   1 18     11 130
 5  32  12  22  -7  43   0 0.00    M    M  7.5 15  30   M    M   0        19  40
 6  34  10  22  -7  43   0 0.00    M    M  8.8 17 100   M    M   0        21  90
 7  39  24  32   3  33   0 0.04    M    M  5.5 13 140   M    M   8 12     17 150
 8  50  20  35   6  30   0 0.00    M    M  4.6  9 280   M    M   0 1      11 300
 9  45  25  35   6  30   0 0.00    M    M  9.5 22 120   M    M   1 18     24 120
10  55  39  47  18  18   0 0.00    M    M 14.5 23 160   M    M   5        31 160
11  51  12  32   3  33   0 0.37    M    M 17.9 35 320   M    M   8 1689   43 320
12  20   6  13 -16  52   0 0.00    M    M 12.4 21 320   M    M   3        25 320
13  21  13  17 -12  48   0 0.00    M    M  5.7 16 340   M    M  10        19 330
14  33  17  25  -4  40   0 0.17    M    M  6.6 16 210   M    M   8 1268   20 210
15  35   1  18 -11  47   0    T    M    M 17.1 29 300   M    M   4 18     37 310
16  13  -7   3 -26  62   0 0.00    M    M  7.0 17 310   M    M   1        21 310
17  26  -7  10 -19  55   0 0.00    M    M  4.6 14 210   M    M   0        17 210
================================================================================
SM  546  160       750   0  0.58    M    147.9          M       51
================================================================================
AV 32.1  9.4                               8.7 FASTST   M    M   3    MAX(MPH)
                                 MISC ---->  # 35 320               # 43  320
================================================================================
NOTES:
# LAST OF SEVERAL OCCURRENCES

COLUMN 17 PEAK WIND IN M.P.H.

PRELIMINARY LOCAL CLIMATOLOGICAL DATA (WS FORM: F-6) , PAGE 2

                                          STATION:  Lawrence KS
                                          MONTH:    JANUARY
                                          YEAR:     2018
                                          LATITUDE:   39  0 N
                                          LONGITUDE:  95 13 W

[TEMPERATURE DATA]      [PRECIPITATION DATA]       SYMBOLS USED IN COLUMN 16

AVERAGE MONTHLY: 20.8   TOTAL FOR MONTH:   0.58    1 = FOG OR MIST
DPTR FM NORMAL:  -8.2   DPTR FM NORMAL:    0.09    2 = FOG REDUCING VISIBILITY
HIGHEST:    55 ON 10    GRTST 24HR  0.37 ON 11-11      TO 1/4 MILE OR LESS
LOWEST:     -9 ON  1                               3 = THUNDER
                        SNOW, ICE PELLETS, HAIL    4 = ICE PELLETS
                        TOTAL MONTH:    M          5 = HAIL
                        GRTST 24HR    M  ON   M    6 = FREEZING RAIN OR DRIZZLE
                        GRTST DEPTH:  M  ON   M    7 = DUSTSTORM OR SANDSTORM:
                                                       VSBY 1/2 MILE OR LESS
                                                   8 = SMOKE OR HAZE
[NO. OF DAYS WITH]      [WEATHER - DAYS WITH]      9 = BLOWING SNOW
                                                   X = TORNADO
MAX 32 OR BELOW:   9    0.01 INCH OR MORE:   3
MAX 90 OR ABOVE:   0    0.10 INCH OR MORE:   2
MIN 32 OR BELOW:  16    0.50 INCH OR MORE:   0
MIN  0 OR BELOW:   4    1.00 INCH OR MORE:   0

[HDD (BASE 65) ]
TOTAL THIS MO.   750    CLEAR  (SCALE 0-3)  11
DPTR FM NORMAL   138    PTCLDY (SCALE 4-7)   4
TOTAL FM JUL 1  2645    CLOUDY (SCALE 8-10)  2
DPTR FM NORMAL   -10

[CDD (BASE 65) ]
TOTAL THIS MO.     0
DPTR FM NORMAL     0    [PRESSURE DATA]
TOTAL FM JAN 1     0    HIGHEST SLP M ON M
DPTR FM NORMAL     0    LOWEST  SLP 29.51 ON 10

[REMARKS]
