000
CXUS53 KTOP 240800
CF6LWC
PRELIMINARY LOCAL CLIMATOLOGICAL DATA (WS FORM: F-6)

                                          STATION:   Lawrence KS
                                          MONTH:     SEPTEMBER
                                          YEAR:      2017
                                          LATITUDE:   39  0 N
                                          LONGITUDE:  95 13 W

  TEMPERATURE IN F:       :PCPN:    SNOW:  WIND      :SUNSHINE: SKY     :PK WND
================================================================================
1   2   3   4   5  6A  6B    7    8   9   10  11  12  13   14  15   16   17  18
                                     12Z  AVG MX 2MIN
DY MAX MIN AVG DEP HDD CDD  WTR  SNW DPTH SPD SPD DIR MIN PSBL S-S WX    SPD DR
================================================================================

 1  80  60  70  -4   0   5 0.00    M    M  3.1  9  40   M    M   1 18     13  90
 2  85  59  72  -2   0   7    T    M    M  5.5 13 240   M    M   1 18     18 190
 3  88  61  75   2   0  10 0.00    M    M  4.2 12 140   M    M   1 12     14 140
 4  88  64  76   3   0  11 0.00    M    M  7.9 17 340   M    M   0        21 340
 5  78  47  63  -9   2   0 0.00    M    M  8.6 22 290   M    M   1        28 300
 6  75  43  59 -13   6   0 0.00    M    M  5.8 16 320   M    M   1 18     22 320
 7  81  44  63  -9   2   0 0.00    M    M  3.3  8 140   M    M   0 1      10 150
 8  88  52  70  -1   0   5 0.00    M    M  5.8 15 190   M    M   0 1      24 190
 9  86  52  69  -2   0   4 0.00    M    M  4.9 16 140   M    M   0 1      19 140
10  86  58  72   2   0   7 0.00    M    M  5.3 14 150   M    M   1        18 120
11  83  53  68  -2   0   3 0.00    M    M  2.9 10  50   M    M   0 1      14  70
12  80  53  67  -3   0   2 0.00    M    M  4.1 12 350   M    M   0 1      15 360
13  87  51  69   0   0   4 0.00    M    M  4.0 10 280   M    M   0 12     12 290
14  89  56  73   4   0   8 0.00    M    M  6.9 17 150   M    M   0        22 140
15  87  64  76   8   0  11 0.00    M    M 10.5 20 120   M    M   0        25 130
16  89  66  78  10   0  13 0.47    M    M  8.6 31 140   M    M   2 13     38 140
17  74  61  68   0   0   3 2.16    M    M  6.1 31 310   M    M   8 13     39 300
18  78  63  71   4   0   6 0.36    M    M  5.2 14 150   M    M   5 13     17 150
19  90  66  78  11   0  13 0.01    M    M 12.6 28 140   M    M   1 3      34 130
20  89  73  81  15   0  16 0.00    M    M  8.9 18 170   M    M   4        26 150
21  92  73  83  17   0  18 0.00    M    M 13.3 25 140   M    M   2 1      32 150
22  91  71  81  16   0  16 0.00    M    M 11.3 22 150   M    M   0        28 150
23  91  67  79  14   0  14 0.00    M    M  8.1 18 140   M    M   0        22 140
================================================================================
SM 1955 1357        10 176  3.00    M    156.9          M       28
================================================================================
AV 85.0 59.0                               6.8 FASTST   M    M   1    MAX(MPH)
                                 MISC ---->  # 31 140               # 39  300
================================================================================
NOTES:
# LAST OF SEVERAL OCCURRENCES

COLUMN 17 PEAK WIND IN M.P.H.

PRELIMINARY LOCAL CLIMATOLOGICAL DATA (WS FORM: F-6) , PAGE 2

                                          STATION:  Lawrence KS
                                          MONTH:    SEPTEMBER
                                          YEAR:     2017
                                          LATITUDE:   39  0 N
                                          LONGITUDE:  95 13 W

[TEMPERATURE DATA]      [PRECIPITATION DATA]       SYMBOLS USED IN COLUMN 16

AVERAGE MONTHLY: 72.0   TOTAL FOR MONTH:   3.00    1 = FOG OR MIST
DPTR FM NORMAL:   2.4   DPTR FM NORMAL:   -0.26    2 = FOG REDUCING VISIBILITY
HIGHEST:    92 ON 21    GRTST 24HR  2.16 ON 17-17      TO 1/4 MILE OR LESS
LOWEST:     43 ON  6                               3 = THUNDER
                        SNOW, ICE PELLETS, HAIL    4 = ICE PELLETS
                        TOTAL MONTH:    M          5 = HAIL
                        GRTST 24HR    M  ON   M    6 = FREEZING RAIN OR DRIZZLE
                        GRTST DEPTH:  M  ON   M    7 = DUSTSTORM OR SANDSTORM:
                                                       VSBY 1/2 MILE OR LESS
                                                   8 = SMOKE OR HAZE
[NO. OF DAYS WITH]      [WEATHER - DAYS WITH]      9 = BLOWING SNOW
                                                   X = TORNADO
MAX 32 OR BELOW:   0    0.01 INCH OR MORE:   4
MAX 90 OR ABOVE:   4    0.10 INCH OR MORE:   3
MIN 32 OR BELOW:   0    0.50 INCH OR MORE:   1
MIN  0 OR BELOW:   0    1.00 INCH OR MORE:   1

[HDD (BASE 65) ]
TOTAL THIS MO.    10    CLEAR  (SCALE 0-3)  20
DPTR FM NORMAL   -19    PTCLDY (SCALE 4-7)   3
TOTAL FM JUL 1    13    CLOUDY (SCALE 8-10)  0
DPTR FM NORMAL   -19

[CDD (BASE 65) ]
TOTAL THIS MO.   176
DPTR FM NORMAL    42    [PRESSURE DATA]
TOTAL FM JAN 1  1255    HIGHEST SLP M ON M
DPTR FM NORMAL   -70    LOWEST  SLP 29.62 ON 19

[REMARKS]
