000
CXUS53 KDMX 300920
CF6LWD
PRELIMINARY LOCAL CLIMATOLOGICAL DATA (WS FORM: F-6)

                                          STATION:   LAMONI IA
                                          MONTH:     MARCH
                                          YEAR:      2015
                                          LATITUDE:   40 37 N
                                          LONGITUDE:  93 56 W

  TEMPERATURE IN F:       :PCPN:    SNOW:  WIND      :SUNSHINE: SKY     :PK WND
================================================================================
1   2   3   4   5  6A  6B    7    8   9   10  11  12  13   14  15   16   17  18
                                     12Z  AVG MX 2MIN
DY MAX MIN AVG DEP HDD CDD  WTR  SNW DPTH SPD SPD DIR MIN PSBL S-S WX    SPD DR
================================================================================

 1  35  19  27  -6  38   0 0.01    M    M  5.2 13 290   M    M   6 1      16 290
 2  35  19  27  -7  38   0 0.00  0.0    M  7.7 17 150   M    M   3        22 140
 3  36  18  27  -7  38   0 0.04  0.0    M 14.8 23 330   M    M   9 16     28 310
 4  29  12  21 -14  44   0 0.00  0.0    M 12.6 25 350   M    M   3        31 320
 5  25   2  14 -21  51   0 0.00  0.0    M  6.9 14 350   M    M   0        20 350
 6  55  18  37   1  28   0 0.00  0.0    M 12.2 20 270   M    M   1        24 270
 7  57  36  47  11  18   0 0.00  0.0    M 11.5 20 310   M    M   0        24 310
 8  54  31  43   7  22   0 0.00  0.0    M  9.3 18  40   M    M   0        24 100
 9  58  29  44   7  21   0 0.00  0.0    M  4.9 10 140   M    M   0 1      14 100
10  68  35  52  14  13   0 0.00  0.0    M  5.3 12 220   M    M   0 18     15 240
11  68  37  53  15  12   0 0.00  0.0    M  8.8 14  50   M    M   0        26  40
12  70  40  55  17  10   0 0.00  0.0    M  8.7 17 150   M    M   0 18     24 160
13  75  41  58  19   7   0 0.00  0.0    M  8.1 21 350   M    M   0 18     26 350
14  66  37  52  13  13   0 0.00  0.0    M 10.3 18 360   M    M   0        23 360
15  72  37  55  15  10   0 0.00  0.0    M 14.8 28 220   M    M   0        34 220
16  83  44  64  24   1   0 0.00  0.0    M 17.2 29 230   M    M   0        37  20
17  51  32  42   1  23   0 0.00  0.0    M 15.3 30  20   M    M   1        40  20
18  49  32  41   0  24   0 0.00  0.0    0  7.3 14 140   M    M   3        19 140
19  42  33  38  -4  27   0 0.00  0.0    0  5.5 13 130   M    M   8        19 120
20  64  32  48   6  17   0 0.00  0.0    0  9.9 17 210   M    M   4 12     21 230
21  64  41  53  11  12   0 0.00  0.0    0  9.8 17  40   M    M   0        21  20
22  70  38  54  11  11   0 0.00  0.0    0  9.0 17 140   M    M   0        23 140
23  51  33  42  -1  23   0    T  0.0    0 12.4 22  20   M    M   4 8      27  40
24  38  32  35  -9  30   0 0.48  0.0    0 10.1 20 100   M    M  10 136    29 100
25  49  34  42  -2  23   0 0.01  0.0    0  9.8 17 350   M    M   8 12     22 340
26  51  27  39  -5  26   0    T    M    0 11.2 22 320   M    M   3 1      27 300
27  42  24  33 -12  32   0 0.00  0.0    0  5.8 15  30   M    M   4        20 360
28  49  32  41  -4  24   0 0.00  0.0    0  8.6 15 150   M    M   5        21 160
29  64  37  51   5  14   0 0.01  0.0    0 16.2 36 320   M    M   3        43 310
================================================================================
SM 1570  882       650   0  0.55     0.0 289.2          M       75
================================================================================
AV 54.1 30.4                              10.0 FASTST   M    M   3    MAX(MPH)
                                 MISC ---->  # 36 320               # 43  310
================================================================================
NOTES:
# LAST OF SEVERAL OCCURRENCES

COLUMN 17 PEAK WIND IN M.P.H.

PRELIMINARY LOCAL CLIMATOLOGICAL DATA (WS FORM: F-6) , PAGE 2

                                          STATION:  LAMONI IA
                                          MONTH:    MARCH
                                          YEAR:     2015
                                          LATITUDE:   40 37 N
                                          LONGITUDE:  93 56 W

[TEMPERATURE DATA]      [PRECIPITATION DATA]       SYMBOLS USED IN COLUMN 16

AVERAGE MONTHLY: 42.3   TOTAL FOR MONTH:   0.55    1 = FOG OR MIST
DPTR FM NORMAL:   2.6   DPTR FM NORMAL:   -1.53    2 = FOG REDUCING VISIBILITY
HIGHEST:    83 ON 16    GRTST 24HR  0.48 ON 24-24      TO 1/4 MILE OR LESS
LOWEST:      2 ON  5                               3 = THUNDER
                        SNOW, ICE PELLETS, HAIL    4 = ICE PELLETS
                        TOTAL MONTH:   0.0 INCH    5 = HAIL
                        GRTST 24HR     0.0         6 = FREEZING RAIN OR DRIZZLE
                        GRTST DEPTH:   0           7 = DUSTSTORM OR SANDSTORM:
                                                       VSBY 1/2 MILE OR LESS
                                                   8 = SMOKE OR HAZE
[NO. OF DAYS WITH]      [WEATHER - DAYS WITH]      9 = BLOWING SNOW
                                                   X = TORNADO
MAX 32 OR BELOW:   2    0.01 INCH OR MORE:   5
MAX 90 OR ABOVE:   0    0.10 INCH OR MORE:   1
MIN 32 OR BELOW:  15    0.50 INCH OR MORE:   0
MIN  0 OR BELOW:   0    1.00 INCH OR MORE:   0

[HDD (BASE 65) ]
TOTAL THIS MO.   650    CLEAR  (SCALE 0-3)  18
DPTR FM NORMAL   -85    PTCLDY (SCALE 4-7)   8
TOTAL FM JUL 1  5500    CLOUDY (SCALE 8-10)  3
DPTR FM NORMAL    48

[CDD (BASE 65) ]
TOTAL THIS MO.     0
DPTR FM NORMAL     0    [PRESSURE DATA]
TOTAL FM JAN 1     0    HIGHEST SLP  0.00 ON 14
DPTR FM NORMAL     0    LOWEST  SLP  0.00 ON 14

[REMARKS]
